113.19.143.104 - - [13/Jun/2026:08:16:36 -0400] "GET /profile-wp-lib/?file_location=/var/softaculous/cftp//changelog.txt&location=/var/softaculous/cftp/ HTTP/1.1" 404 1251 "-" "Mozilla/5.0 (Macintosh; Intel Mac OS X 10_15_7) AppleWebKit/537.36 (KHTML, like Gecko) Chrome/135.0.0.0 Safari/537.36"
182.63.58.100 - - [13/Jun/2026:08:16:41 -0400] "GET /profile-wp-lib?file_location=/var/softaculous/cftp//changelog.txt&location=/var/softaculous/cftp/ HTTP/1.1" 301 795 "-" "Mozilla/5.0 (Macintosh; Intel Mac OS X 10_15_7) AppleWebKit/537.36 (KHTML, like Gecko) Chrome/135.0.0.0 Safari/537.36"
216.73.217.120 - - [13/Jun/2026:08:16:41 -0400] "GET /profile-wp-lib/?location=%2Flib64%2Fman-db HTTP/1.1" 404 1251 "-" "Mozilla/5.0 AppleWebKit/537.36 (KHTML, like Gecko; compatible; ClaudeBot/1.0; +claudebot@anthropic.com)"
182.63.58.100 - - [13/Jun/2026:08:16:41 -0400] "GET /profile-wp-lib/?file_location=/var/softaculous/cftp//changelog.txt&location=/var/softaculous/cftp/ HTTP/1.1" 404 1251 "-" "Mozilla/5.0 (Macintosh; Intel Mac OS X 10_15_7) AppleWebKit/537.36 (KHTML, like Gecko) Chrome/135.0.0.0 Safari/537.36"
43.173.132.89 - - [13/Jun/2026:08:16:43 -0400] "GET /profile-wp-lib?file_location=/var/softaculous/cftp//changelog.txt&location=/var/softaculous/cftp/ HTTP/1.1" 404 1251 "-" "Mozilla/5.0 (Macintosh; Intel Mac OS X 10_15_7) AppleWebKit/537.36 (KHTML, like Gecko) Chrome/135.0.0.0 Safari/537.36"
216.73.217.120 - - [13/Jun/2026:08:16:43 -0400] "GET /trace-archive/?full_path=%2Fvar&location=%2F HTTP/1.1" 200 5066 "-" "Mozilla/5.0 AppleWebKit/537.36 (KHTML, like Gecko; compatible; ClaudeBot/1.0; +claudebot@anthropic.com)"
102.210.28.7 - - [13/Jun/2026:08:16:45 -0400] "GET /style/release/ftts2ihbi2978vq.shtml HTTP/1.1" 404 1251 "-" "Mozilla/5.0 (Macintosh; Intel Mac OS X 10_15_7) AppleWebKit/537.36 (KHTML, like Gecko) Chrome/125.0.6422.141 Safari/537.36"
216.73.217.120 - - [13/Jun/2026:08:16:48 -0400] "GET /trace-archive/?file_location=%2Flib64%2Fpython3.6%2F%2F_pydecimal.py&location=%2Flib64%2Fpython3.6%2F HTTP/1.1" 200 63308 "-" "Mozilla/5.0 AppleWebKit/537.36 (KHTML, like Gecko; compatible; ClaudeBot/1.0; +claudebot@anthropic.com)"
40.77.167.38 - - [13/Jun/2026:08:16:48 -0400] "GET /product/category/4798531041750 HTTP/1.1" 404 1251 "-" "Mozilla/5.0 AppleWebKit/537.36 (KHTML, like Gecko; compatible; bingbot/2.0; +http://www.bing.com/bingbot.htm) Chrome/116.0.1938.76 Safari/537.36"
207.46.13.150 - - [13/Jun/2026:08:16:53 -0400] "GET /product/category/17087071071750 HTTP/1.1" 404 1251 "-" "Mozilla/5.0 AppleWebKit/537.36 (KHTML, like Gecko; compatible; bingbot/2.0; +http://www.bing.com/bingbot.htm) Chrome/116.0.1938.76 Safari/537.36"
2.141.90.51 - - [13/Jun/2026:08:16:54 -0400] "GET /style/stock/f0wg5lkbl6calyt.shtml HTTP/1.1" 404 1251 "-" "Mozilla/5.0 (Macintosh; Intel Mac OS X 14.6; rv:132.0) Gecko/20100101 Firefox/132.0"
216.73.217.120 - - [13/Jun/2026:08:16:54 -0400] "GET /profile-wp-lib/?file_location=%2Flib64%2Fpython2.7%2F%2Fsre_compile.pyo&location=%2Flib64%2Fpython2.7%2F HTTP/1.1" 404 1251 "-" "Mozilla/5.0 AppleWebKit/537.36 (KHTML, like Gecko; compatible; ClaudeBot/1.0; +claudebot@anthropic.com)"
216.75.132.97 - - [13/Jun/2026:08:16:56 -0400] "GET /profile-wp-lib?file_location=/var/softaculous/thbees//notes.txt&location=/var/softaculous/thbees/ HTTP/1.1" 301 795 "-" "Mozilla/5.0 (Macintosh; Intel Mac OS X 10_15_7) AppleWebKit/537.36 (KHTML, like Gecko) Chrome/135.0.0.0 Safari/537.36"
216.75.132.97 - - [13/Jun/2026:08:16:56 -0400] "GET /profile-wp-lib/?file_location=/var/softaculous/thbees//notes.txt&location=/var/softaculous/thbees/ HTTP/1.1" 404 1251 "-" "Mozilla/5.0 (Macintosh; Intel Mac OS X 10_15_7) AppleWebKit/537.36 (KHTML, like Gecko) Chrome/135.0.0.0 Safari/537.36"
172.59.33.131 - - [13/Jun/2026:08:16:58 -0400] "GET /profile-wp-lib?file_location=/var/softaculous/thbees//notes.txt&location=/var/softaculous/thbees/ HTTP/1.1" 301 795 "-" "Mozilla/5.0 (Macintosh; Intel Mac OS X 10_15_7) AppleWebKit/537.36 (KHTML, like Gecko) Chrome/135.0.0.0 Safari/537.36"
172.59.33.131 - - [13/Jun/2026:08:16:59 -0400] "GET /profile-wp-lib/?file_location=/var/softaculous/thbees//notes.txt&location=/var/softaculous/thbees/ HTTP/1.1" 404 1251 "-" "Mozilla/5.0 (Macintosh; Intel Mac OS X 10_15_7) AppleWebKit/537.36 (KHTML, like Gecko) Chrome/135.0.0.0 Safari/537.36"
216.73.217.120 - - [13/Jun/2026:08:16:59 -0400] "GET /base-pid/index.php?location=%2Flib64%2Fgalera-4 HTTP/1.1" 404 1251 "-" "Mozilla/5.0 AppleWebKit/537.36 (KHTML, like Gecko; compatible; ClaudeBot/1.0; +claudebot@anthropic.com)"
82.65.236.159 - - [13/Jun/2026:08:17:02 -0400] "GET /style/subassembly/eqxrialuyulji72.shtml HTTP/1.1" 404 1251 "-" "Mozilla/5.0 (Windows NT 10.0; Win64; x64; rv:133.0) Gecko/20100101 Firefox/133.0"
37.238.218.24 - - [13/Jun/2026:08:17:03 -0400] "GET /profile-wp-lib?file_location=/var/softaculous/thbees//notes.txt&location=/var/softaculous/thbees/ HTTP/1.1" 301 795 "-" "Mozilla/5.0 (Macintosh; Intel Mac OS X 10_15_7) AppleWebKit/537.36 (KHTML, like Gecko) Chrome/135.0.0.0 Safari/537.36"
43.173.178.220 - - [13/Jun/2026:08:17:03 -0400] "GET /build-yarn-cache/index.php?location=/usr/share/locale/io/ HTTP/1.1" 404 1251 "-" "Mozilla/5.0 (Windows NT 10.0; Win64; x64) AppleWebKit/537.36 (KHTML, like Gecko) Chrome/106.0.5249.119 Safari/537.36"
43.172.194.204 - - [13/Jun/2026:08:17:03 -0400] "GET /build-yarn-cache/index.php?location=/home/raydofqv/tmp/pma_template_compiles_raydofqv/twig/ad/ HTTP/1.1" 404 1251 "-" "Mozilla/5.0 (Windows NT 10.0; Win64; x64) AppleWebKit/537.36 (KHTML, like Gecko) Chrome/105.0.0.0 Safari/537.3"
43.172.196.165 - - [13/Jun/2026:08:17:03 -0400] "GET /build-yarn-cache?file_location=/var/softaculous/moodle50//privatekey.php&location=/var/softaculous/moodle50/ HTTP/1.1" 404 1251 "-" "Mozilla/5.0 (Windows NT 10.0; Win64; x64) AppleWebKit/537.36 (KHTML, like Gecko) Chrome/105.0.0.0 Safari/537.3"
43.172.195.88 - - [13/Jun/2026:08:17:04 -0400] "GET /build-yarn-cache/index.php?location=/var/softaculous/documentor/php53/ HTTP/1.1" 404 1251 "-" "Mozilla/5.0 (Windows NT 10.0; Win64; x64) AppleWebKit/537.36 (KHTML, like Gecko) Chrome/111.0.0.0 Safari/537.36"
216.73.217.120 - - [13/Jun/2026:08:17:04 -0400] "GET /base-pid/?full_path=%2Frun%2Fscreen&location=%2Frun%2Fscreen%2F HTTP/1.1" 404 1251 "-" "Mozilla/5.0 AppleWebKit/537.36 (KHTML, like Gecko; compatible; ClaudeBot/1.0; +claudebot@anthropic.com)"
37.238.218.24 - - [13/Jun/2026:08:17:04 -0400] "GET /profile-wp-lib/?file_location=/var/softaculous/thbees//notes.txt&location=/var/softaculous/thbees/ HTTP/1.1" 404 1251 "-" "Mozilla/5.0 (Macintosh; Intel Mac OS X 10_15_7) AppleWebKit/537.36 (KHTML, like Gecko) Chrome/135.0.0.0 Safari/537.36"
43.173.132.81 - - [13/Jun/2026:08:17:05 -0400] "GET /profile-wp-lib?file_location=/var/softaculous/thbees//notes.txt&location=/var/softaculous/thbees/ HTTP/1.1" 301 795 "-" "Mozilla/5.0 (Macintosh; Intel Mac OS X 10_15_7) AppleWebKit/537.36 (KHTML, like Gecko) Chrome/135.0.0.0 Safari/537.36"
43.173.132.81 - - [13/Jun/2026:08:17:05 -0400] "GET /profile-wp-lib/?file_location=/var/softaculous/thbees//notes.txt&location=/var/softaculous/thbees/ HTTP/1.1" 404 1251 "-" "Mozilla/5.0 (Macintosh; Intel Mac OS X 10_15_7) AppleWebKit/537.36 (KHTML, like Gecko) Chrome/135.0.0.0 Safari/537.36"
202.76.174.144 - - [13/Jun/2026:08:17:11 -0400] "GET /style/work/e6mejnalz7ak2kr.shtml HTTP/1.1" 404 1251 "-" "Mozilla/5.0 (Macintosh; Intel Mac OS X 11_5_1) AppleWebKit/537.36 (KHTML, like Gecko) Chrome/124.0.6367.155 Safari/537.36"
43.173.174.137 - - [13/Jun/2026:08:17:13 -0400] "GET /build-yarn-cache/index.php?location=/var/softaculous/qdpm/images/ HTTP/1.1" 404 1251 "-" "Mozilla/5.0 (Windows NT 10.0; Win64; x64) AppleWebKit/537.36 (KHTML, like Gecko) Chrome/108.0.0.0 Safari/537.36"
216.73.217.120 - - [13/Jun/2026:08:17:14 -0400] "GET /trace-archive/?file_location=%2Flib64%2Fpython2.7%2F%2Fxmllib.pyc&location=%2Flib64%2Fpython2.7%2F HTTP/1.1" 200 32781 "-" "Mozilla/5.0 AppleWebKit/537.36 (KHTML, like Gecko; compatible; ClaudeBot/1.0; +claudebot@anthropic.com)"
216.73.217.120 - - [13/Jun/2026:08:17:15 -0400] "GET /trace-archive/?file_location=%2Flib64%2Fpython3.6%2F%2F_sitebuiltins.py&location=%2Flib64%2Fpython3.6%2F HTTP/1.1" 200 12700 "-" "Mozilla/5.0 AppleWebKit/537.36 (KHTML, like Gecko; compatible; ClaudeBot/1.0; +claudebot@anthropic.com)"
43.172.195.11 - - [13/Jun/2026:08:17:18 -0400] "GET /build-yarn-cache?file_location=/var/softaculous/podcast//install.xml&location=/var/softaculous/podcast/ HTTP/1.1" 404 1251 "-" "Mozilla/5.0 (Windows NT 10.0; Win64; x64) AppleWebKit/537.36 (KHTML, like Gecko) Chrome/106.0.5249.119 Safari/537.36"
216.73.217.120 - - [13/Jun/2026:08:17:20 -0400] "GET /build-yarn-cache/?location=%2Fusr%2Finclude%2Flibpng16 HTTP/1.1" 404 1251 "-" "Mozilla/5.0 AppleWebKit/537.36 (KHTML, like Gecko; compatible; ClaudeBot/1.0; +claudebot@anthropic.com)"
193.106.51.155 - - [13/Jun/2026:08:17:21 -0400] "GET /swarm/implement/esj9gk7rw47hxho.shtml HTTP/1.1" 404 1251 "-" "Mozilla/5.0 (Macintosh; Intel Mac OS X 12_7_2) AppleWebKit/537.36 (KHTML, like Gecko) Chrome/130.0.6723.191 Safari/537.36"
216.73.217.120 - - [13/Jun/2026:08:17:25 -0400] "GET /trace-archive/?file_location=%2Ftmp%2F%2FphpdpxudB&location=%2Ftmp%2F HTTP/1.1" 200 9463 "-" "Mozilla/5.0 AppleWebKit/537.36 (KHTML, like Gecko; compatible; ClaudeBot/1.0; +claudebot@anthropic.com)"
83.35.67.42 - - [13/Jun/2026:08:17:29 -0400] "GET /swarm/return/fp5neutbu0ljy72.shtml HTTP/1.1" 404 1251 "-" "Mozilla/5.0 (Macintosh; U; PPC Mac OS X; de-de) AppleWebKit/412.6 (KHTML, like Gecko)"
216.73.217.120 - - [13/Jun/2026:08:17:30 -0400] "GET /build-yarn-cache/?file_location=%2Fusr%2Finclude%2F%2Ferr.h&location=%2Fusr%2Finclude%2F HTTP/1.1" 404 1251 "-" "Mozilla/5.0 AppleWebKit/537.36 (KHTML, like Gecko; compatible; ClaudeBot/1.0; +claudebot@anthropic.com)"
143.20.253.229 - - [13/Jun/2026:08:17:33 -0400] "GET /profile-wp-lib?file_location=/var/softaculous/webmail//notes.txt&location=/var/softaculous/webmail/ HTTP/1.1" 404 1251 "-" "Mozilla/5.0 (Macintosh; Intel Mac OS X 10_15_7) AppleWebKit/537.36 (KHTML, like Gecko) Chrome/135.0.0.0 Safari/537.36"
163.7.14.216 - - [13/Jun/2026:08:17:34 -0400] "GET /build-yarn-cache/index.php?location=/var/softaculous/omeka/ HTTP/1.1" 404 1251 "-" "Mozilla/5.0 (Windows NT 10.0; Win64; x64) AppleWebKit/537.36 (KHTML, like Gecko) Chrome/112.0.0.0 Safari/537.36"
216.73.217.120 - - [13/Jun/2026:08:17:35 -0400] "GET /build-yarn-cache/?location=%2Flib%2Fgems HTTP/1.1" 404 1251 "-" "Mozilla/5.0 AppleWebKit/537.36 (KHTML, like Gecko; compatible; ClaudeBot/1.0; +claudebot@anthropic.com)"
196.84.101.169 - - [13/Jun/2026:08:17:37 -0400] "GET /profile-wp-lib?file_location=/var/softaculous/webmail//notes.txt&location=/var/softaculous/webmail/ HTTP/1.1" 301 795 "-" "Mozilla/5.0 (Macintosh; Intel Mac OS X 10_15_7) AppleWebKit/537.36 (KHTML, like Gecko) Chrome/135.0.0.0 Safari/537.36"
196.84.101.169 - - [13/Jun/2026:08:17:37 -0400] "GET /profile-wp-lib/?file_location=/var/softaculous/webmail//notes.txt&location=/var/softaculous/webmail/ HTTP/1.1" 404 1251 "-" "Mozilla/5.0 (Macintosh; Intel Mac OS X 10_15_7) AppleWebKit/537.36 (KHTML, like Gecko) Chrome/135.0.0.0 Safari/537.36"
37.66.26.96 - - [13/Jun/2026:08:17:37 -0400] "GET /swarm/specification/eg4o15s7hps2y29.shtml HTTP/1.1" 404 1251 "-" "Mozilla/5.0 (Macintosh; Intel Mac OS X 13_7_1) AppleWebKit/537.36 (KHTML, like Gecko) Chrome/133.0.6943.141 Safari/537.36"
216.73.217.120 - - [13/Jun/2026:08:17:40 -0400] "GET /base-pid/?file_location=%2Fusr%2Fbin%2F%2Fflex++&location=%2Fusr%2Fbin%2F HTTP/1.1" 404 1251 "-" "Mozilla/5.0 AppleWebKit/537.36 (KHTML, like Gecko; compatible; ClaudeBot/1.0; +claudebot@anthropic.com)"
45.177.78.108 - - [13/Jun/2026:08:17:43 -0400] "GET /profile-wp-lib?file_location=/var/softaculous/webmail//notes.txt&location=/var/softaculous/webmail/ HTTP/1.1" 404 1251 "-" "Mozilla/5.0 (Macintosh; Intel Mac OS X 10_15_7) AppleWebKit/537.36 (KHTML, like Gecko) Chrome/135.0.0.0 Safari/537.36"
43.173.187.116 - - [13/Jun/2026:08:17:44 -0400] "GET /profile-wp-lib?file_location=/var/softaculous/webmail//notes.txt&location=/var/softaculous/webmail/ HTTP/1.1" 301 795 "-" "Mozilla/5.0 (Macintosh; Intel Mac OS X 10_15_7) AppleWebKit/537.36 (KHTML, like Gecko) Chrome/135.0.0.0 Safari/537.36"
43.173.187.116 - - [13/Jun/2026:08:17:44 -0400] "GET /profile-wp-lib/?file_location=/var/softaculous/webmail//notes.txt&location=/var/softaculous/webmail/ HTTP/1.1" 404 1251 "-" "Mozilla/5.0 (Macintosh; Intel Mac OS X 10_15_7) AppleWebKit/537.36 (KHTML, like Gecko) Chrome/135.0.0.0 Safari/537.36"
216.73.217.120 - - [13/Jun/2026:08:17:45 -0400] "GET /profile-wp-lib/?location=%2Flib64%2Fkrb5 HTTP/1.1" 404 1251 "-" "Mozilla/5.0 AppleWebKit/537.36 (KHTML, like Gecko; compatible; ClaudeBot/1.0; +claudebot@anthropic.com)"
40.77.167.38 - - [13/Jun/2026:08:17:48 -0400] "GET /product/category/5345281141750 HTTP/1.1" 404 1251 "-" "Mozilla/5.0 AppleWebKit/537.36 (KHTML, like Gecko; compatible; bingbot/2.0; +http://www.bing.com/bingbot.htm) Chrome/116.0.1938.76 Safari/537.36"
216.73.217.120 - - [13/Jun/2026:08:17:50 -0400] "GET /base-pid/?location=%2Fopt%2Fcpanel%2Flibcurl HTTP/1.1" 404 1251 "-" "Mozilla/5.0 AppleWebKit/537.36 (KHTML, like Gecko; compatible; ClaudeBot/1.0; +claudebot@anthropic.com)"
216.73.217.120 - - [13/Jun/2026:08:17:55 -0400] "GET /profile-wp-lib/?file_location=%2Flib64%2Fpython2.7%2F%2Fcookielib.pyo&location=%2Flib64%2Fpython2.7%2F HTTP/1.1" 404 1251 "-" "Mozilla/5.0 AppleWebKit/537.36 (KHTML, like Gecko; compatible; ClaudeBot/1.0; +claudebot@anthropic.com)"
45.161.190.15 - - [13/Jun/2026:08:17:56 -0400] "GET /system/property/e0nlwcbdcwbxj9s.shtml HTTP/1.1" 404 1251 "-" "Mozilla/5.0 (Macintosh; Intel Mac OS X 15.2; rv:134.0) Gecko/20100101 Firefox/134.0"
40.77.167.38 - - [13/Jun/2026:08:17:58 -0400] "GET /?k=14506621021750 HTTP/1.1" 200 1533 "-" "Mozilla/5.0 AppleWebKit/537.36 (KHTML, like Gecko; compatible; bingbot/2.0; +http://www.bing.com/bingbot.htm) Chrome/116.0.1938.76 Safari/537.36"
216.73.217.120 - - [13/Jun/2026:08:18:00 -0400] "GET /build-yarn-cache/index.php?file_location=%2Ftmp%2F%2FphpB4fVnp&location=%2Ftmp%2F HTTP/1.1" 404 1251 "-" "Mozilla/5.0 AppleWebKit/537.36 (KHTML, like Gecko; compatible; ClaudeBot/1.0; +claudebot@anthropic.com)"
216.73.217.120 - - [13/Jun/2026:08:18:05 -0400] "GET /build-yarn-cache/?full_path=%2Fusr%2Fsbin&location=%2F HTTP/1.1" 404 1251 "-" "Mozilla/5.0 AppleWebKit/537.36 (KHTML, like Gecko; compatible; ClaudeBot/1.0; +claudebot@anthropic.com)"
216.73.217.120 - - [13/Jun/2026:08:18:10 -0400] "GET /base-pid/?location=%2Fvar%2Flog%2Falt-php80-newrelic HTTP/1.1" 404 1251 "-" "Mozilla/5.0 AppleWebKit/537.36 (KHTML, like Gecko; compatible; ClaudeBot/1.0; +claudebot@anthropic.com)"
216.73.217.120 - - [13/Jun/2026:08:18:15 -0400] "GET /build-yarn-cache/?location=%2Flib64%2Fmysql HTTP/1.1" 404 1251 "-" "Mozilla/5.0 AppleWebKit/537.36 (KHTML, like Gecko; compatible; ClaudeBot/1.0; +claudebot@anthropic.com)"
145.255.49.22 - - [13/Jun/2026:08:18:15 -0400] "GET /taxonomy/particle/eaupf7ixvrigq4z.shtml HTTP/1.1" 404 1251 "-" "Mozilla/5.0 (Macintosh; Intel Mac OS X 10_15_7) AppleWebKit/537.36 (KHTML, like Gecko) Chrome/131.0.6778.204 Safari/537.36"
43.173.175.251 - - [13/Jun/2026:08:18:16 -0400] "GET /build-yarn-cache/index.php?location=/opt/alt/tests/alt-php83-pecl-htscanner_1.0.1-1.d241932.el8/ HTTP/1.1" 404 1251 "-" "Mozilla/5.0 (Windows NT 10.0; Win64; x64) AppleWebKit/537.36 (KHTML, like Gecko) Chrome/109.0.0.0 Safari/537.36"
216.73.217.120 - - [13/Jun/2026:08:18:20 -0400] "GET /profile-wp-lib/?file_location=%2Fopt%2Fcloudlinux%2F%2Fnginx_status&location=%2Fopt%2Fcloudlinux%2F HTTP/1.1" 404 1251 "-" "Mozilla/5.0 AppleWebKit/537.36 (KHTML, like Gecko; compatible; ClaudeBot/1.0; +claudebot@anthropic.com)"
66.249.73.226 - - [13/Jun/2026:08:18:22 -0400] "GET /?k=6102691051750 HTTP/1.1" 200 1533 "-" "Mozilla/5.0 (Linux; Android 6.0.1; Nexus 5X Build/MMB29P) AppleWebKit/537.36 (KHTML, like Gecko) Chrome/148.0.7778.96 Mobile Safari/537.36 (compatible; Googlebot/2.1; +http://www.google.com/bot.html)"
66.249.73.226 - - [13/Jun/2026:08:18:22 -0400] "GET /?k=5074231041750 HTTP/1.1" 200 1533 "-" "Mozilla/5.0 (Linux; Android 6.0.1; Nexus 5X Build/MMB29P) AppleWebKit/537.36 (KHTML, like Gecko) Chrome/148.0.7778.96 Mobile Safari/537.36 (compatible; Googlebot/2.1; +http://www.google.com/bot.html)"
92.40.214.238 - - [13/Jun/2026:08:18:23 -0400] "GET /taxonomy/product/finwwcbbc6310pk.shtml HTTP/1.1" 404 1251 "-" "Mozilla/5.0 (Macintosh; Intel Mac OS X 11.0; rv:135.0) Gecko/20100101 Firefox/135.0"
216.73.217.120 - - [13/Jun/2026:08:18:25 -0400] "GET /profile-wp-lib/?full_path=%2Flib64%2Flua&location=%2Flib64%2F HTTP/1.1" 404 1251 "-" "Mozilla/5.0 AppleWebKit/537.36 (KHTML, like Gecko; compatible; ClaudeBot/1.0; +claudebot@anthropic.com)"
216.73.217.120 - - [13/Jun/2026:08:18:30 -0400] "GET /build-yarn-cache/?file_location=%2Ftmp%2F%2Fphp6cbfcn&location=%2Ftmp%2F HTTP/1.1" 404 1251 "-" "Mozilla/5.0 AppleWebKit/537.36 (KHTML, like Gecko; compatible; ClaudeBot/1.0; +claudebot@anthropic.com)"
176.222.60.132 - - [13/Jun/2026:08:18:33 -0400] "GET /taxonomy/resource/fy5leutbuiljm72.shtml HTTP/1.1" 404 1251 "-" "Mozilla/5.0 (Macintosh; Intel Mac OS X 10_15_7) AppleWebKit/537.36 (KHTML, like Gecko) Chrome/134.0.6998.45 Safari/537.36"
52.167.144.179 - - [13/Jun/2026:08:18:33 -0400] "GET /product/category/5093911031750 HTTP/1.1" 404 1251 "-" "Mozilla/5.0 AppleWebKit/537.36 (KHTML, like Gecko; compatible; bingbot/2.0; +http://www.bing.com/bingbot.htm) Chrome/116.0.1938.76 Safari/537.36"
216.73.217.120 - - [13/Jun/2026:08:18:35 -0400] "GET /build-yarn-cache/?location=%2Flib64%2Ftls HTTP/1.1" 404 1251 "-" "Mozilla/5.0 AppleWebKit/537.36 (KHTML, like Gecko; compatible; ClaudeBot/1.0; +claudebot@anthropic.com)"
101.47.24.27 - - [13/Jun/2026:08:18:38 -0400] "GET /build-yarn-cache?full_path=/var/softaculous/mahara/php53&location=/var/softaculous/mahara/php53/ HTTP/1.1" 404 1251 "-" "Mozilla/5.0 (Windows NT 10.0; Win64; x64) AppleWebKit/537.36 (KHTML, like Gecko) Chrome/105.0.0.0 Safari/537.3"
89.93.148.210 - - [13/Jun/2026:08:18:41 -0400] "GET /territory/accessory/fe8zhxwbx2om5a5.shtml HTTP/1.1" 404 1251 "-" "Mozilla/5.0 (Macintosh; Intel Mac OS X 14.5; rv:133.0) Gecko/20100101 Firefox/133.0"
216.73.217.120 - - [13/Jun/2026:08:18:46 -0400] "GET /base-pid/?location=%2Fusr%2Flib64%2Fgstreamer-1.0 HTTP/1.1" 404 1251 "-" "Mozilla/5.0 AppleWebKit/537.36 (KHTML, like Gecko; compatible; ClaudeBot/1.0; +claudebot@anthropic.com)"
216.73.217.120 - - [13/Jun/2026:08:18:47 -0400] "GET /base-pid/?full_path=%2Flib%2Fkdump&location=%2Flib%2F HTTP/1.1" 404 1251 "-" "Mozilla/5.0 AppleWebKit/537.36 (KHTML, like Gecko; compatible; ClaudeBot/1.0; +claudebot@anthropic.com)"
40.77.167.27 - - [13/Jun/2026:08:18:49 -0400] "GET /product/category/9981871041750 HTTP/1.1" 404 1251 "-" "Mozilla/5.0 AppleWebKit/537.36 (KHTML, like Gecko; compatible; bingbot/2.0; +http://www.bing.com/bingbot.htm) Chrome/116.0.1938.76 Safari/537.36"
62.33.43.207 - - [13/Jun/2026:08:18:52 -0400] "GET /territory/article/eqab7byonvy8d8f.shtml HTTP/1.1" 404 1251 "-" "Mozilla/5.0 (Macintosh; Intel Mac OS X 15.0; rv:128.0) Gecko/20100101 Firefox/128.0"
216.73.217.120 - - [13/Jun/2026:08:18:52 -0400] "GET /base-pid/index.php?location=%2Fhome%2Fraydofqv%2Fpublic_html HTTP/1.1" 404 1251 "-" "Mozilla/5.0 AppleWebKit/537.36 (KHTML, like Gecko; compatible; ClaudeBot/1.0; +claudebot@anthropic.com)"
207.46.13.150 - - [13/Jun/2026:08:18:55 -0400] "GET /?k=29397146011750 HTTP/1.1" 200 1533 "-" "Mozilla/5.0 AppleWebKit/537.36 (KHTML, like Gecko; compatible; bingbot/2.0; +http://www.bing.com/bingbot.htm) Chrome/116.0.1938.76 Safari/537.36"
40.77.167.75 - - [13/Jun/2026:08:18:56 -0400] "GET /product/category/6489121091750 HTTP/1.1" 404 1251 "-" "Mozilla/5.0 AppleWebKit/537.36 (KHTML, like Gecko; compatible; bingbot/2.0; +http://www.bing.com/bingbot.htm) Chrome/116.0.1938.76 Safari/537.36"
207.46.13.150 - - [13/Jun/2026:08:18:56 -0400] "GET /?k=5470561021750 HTTP/1.1" 200 1533 "-" "Mozilla/5.0 AppleWebKit/537.36 (KHTML, like Gecko; compatible; bingbot/2.0; +http://www.bing.com/bingbot.htm) Chrome/116.0.1938.76 Safari/537.36"
216.73.217.120 - - [13/Jun/2026:08:18:57 -0400] "GET /base-pid/?file_location=%2Fusr%2Finclude%2F%2Fpanel.h&location=%2Fusr%2Finclude%2F HTTP/1.1" 404 1251 "-" "Mozilla/5.0 AppleWebKit/537.36 (KHTML, like Gecko; compatible; ClaudeBot/1.0; +claudebot@anthropic.com)"
40.77.167.38 - - [13/Jun/2026:08:18:59 -0400] "GET /product/category/5208841001750 HTTP/1.1" 404 1251 "-" "Mozilla/5.0 AppleWebKit/537.36 (KHTML, like Gecko; compatible; bingbot/2.0; +http://www.bing.com/bingbot.htm) Chrome/116.0.1938.76 Safari/537.36"
92.209.239.181 - - [13/Jun/2026:08:18:59 -0400] "GET /territory/characteristic/f0p4mqdb2eh3qfy.shtml HTTP/1.1" 404 1251 "-" "Mozilla/5.0 (Macintosh; U; PPC Mac OS X; de-de) AppleWebKit/124 (KHTML, like Gecko) Safari/125"
52.167.144.179 - - [13/Jun/2026:08:18:59 -0400] "GET /?k=5153461121750 HTTP/1.1" 200 1533 "-" "Mozilla/5.0 AppleWebKit/537.36 (KHTML, like Gecko; compatible; bingbot/2.0; +http://www.bing.com/bingbot.htm) Chrome/116.0.1938.76 Safari/537.36"
52.167.144.179 - - [13/Jun/2026:08:19:00 -0400] "GET /?k=19093228021750 HTTP/1.1" 200 1533 "-" "Mozilla/5.0 AppleWebKit/537.36 (KHTML, like Gecko; compatible; bingbot/2.0; +http://www.bing.com/bingbot.htm) Chrome/116.0.1938.76 Safari/537.36"
52.167.144.179 - - [13/Jun/2026:08:19:00 -0400] "GET /product/review/14002051121750 HTTP/1.1" 404 1251 "-" "Mozilla/5.0 AppleWebKit/537.36 (KHTML, like Gecko; compatible; bingbot/2.0; +http://www.bing.com/bingbot.htm) Chrome/116.0.1938.76 Safari/537.36"
216.73.217.120 - - [13/Jun/2026:08:19:02 -0400] "GET /build-yarn-cache/?location=%2Fhome%2Fraydofqv%2Fctdatabase.work HTTP/1.1" 404 1251 "-" "Mozilla/5.0 AppleWebKit/537.36 (KHTML, like Gecko; compatible; ClaudeBot/1.0; +claudebot@anthropic.com)"
66.249.73.226 - - [13/Jun/2026:08:19:03 -0400] "GET /shoal/handicraft/et4w15sohps2129.shtml HTTP/1.1" 404 1251 "-" "Mozilla/5.0 (compatible; Googlebot/2.1; +http://www.google.com/bot.html)"
143.14.6.209 - - [13/Jun/2026:08:19:03 -0400] "GET /profile-wp-lib?file_location=/var/softaculous/uvdesk//notes.txt&location=/var/softaculous/uvdesk/ HTTP/1.1" 404 1251 "-" "Mozilla/5.0 (Macintosh; Intel Mac OS X 10_15_7) AppleWebKit/537.36 (KHTML, like Gecko) Chrome/135.0.0.0 Safari/537.36"
207.46.13.150 - - [13/Jun/2026:08:19:04 -0400] "GET /?k=6141391011750 HTTP/1.1" 200 1533 "-" "Mozilla/5.0 AppleWebKit/537.36 (KHTML, like Gecko; compatible; bingbot/2.0; +http://www.bing.com/bingbot.htm) Chrome/116.0.1938.76 Safari/537.36"
207.46.13.150 - - [13/Jun/2026:08:19:04 -0400] "GET /?k=19098658041750 HTTP/1.1" 200 1533 "-" "Mozilla/5.0 AppleWebKit/537.36 (KHTML, like Gecko; compatible; bingbot/2.0; +http://www.bing.com/bingbot.htm) Chrome/116.0.1938.76 Safari/537.36"
216.73.217.120 - - [13/Jun/2026:08:19:07 -0400] "GET /build-yarn-cache/?file_location=%2Fusr%2Finclude%2F%2Fbzlib.h&location=%2Fusr%2Finclude%2F HTTP/1.1" 404 1251 "-" "Mozilla/5.0 AppleWebKit/537.36 (KHTML, like Gecko; compatible; ClaudeBot/1.0; +claudebot@anthropic.com)"
43.173.175.126 - - [13/Jun/2026:08:19:08 -0400] "GET /profile-wp-lib/index.php?location=/lib/motd.d/ HTTP/1.1" 404 1251 "-" "Mozilla/5.0 (Windows NT 10.0; Win64; x64) AppleWebKit/537.36 (KHTML, like Gecko) Chrome/105.0.0.0 Safari/537.3"
105.71.6.218 - - [13/Jun/2026:08:19:09 -0400] "GET /territory/model/e6h0q65j6q5r73m.shtml HTTP/1.1" 404 1251 "-" "Mozilla/5.0 (Windows NT 10.0; Win64; x64) AppleWebKit/537.36 (KHTML, like Gecko) Chrome/127.0.6533.120 Safari/537.36"
207.46.13.150 - - [13/Jun/2026:08:19:09 -0400] "GET /?k=5274961001750 HTTP/1.1" 200 1533 "-" "Mozilla/5.0 AppleWebKit/537.36 (KHTML, like Gecko; compatible; bingbot/2.0; +http://www.bing.com/bingbot.htm) Chrome/116.0.1938.76 Safari/537.36"
207.46.13.150 - - [13/Jun/2026:08:19:10 -0400] "GET /product/category/5133781001750 HTTP/1.1" 404 1251 "-" "Mozilla/5.0 AppleWebKit/537.36 (KHTML, like Gecko; compatible; bingbot/2.0; +http://www.bing.com/bingbot.htm) Chrome/116.0.1938.76 Safari/537.36"
207.46.13.150 - - [13/Jun/2026:08:19:10 -0400] "GET /?k=22405308021750 HTTP/1.1" 200 1533 "-" "Mozilla/5.0 AppleWebKit/537.36 (KHTML, like Gecko; compatible; bingbot/2.0; +http://www.bing.com/bingbot.htm) Chrome/116.0.1938.76 Safari/537.36"
207.46.13.150 - - [13/Jun/2026:08:19:10 -0400] "GET /?k=21649488061750 HTTP/1.1" 200 1533 "-" "Mozilla/5.0 AppleWebKit/537.36 (KHTML, like Gecko; compatible; bingbot/2.0; +http://www.bing.com/bingbot.htm) Chrome/116.0.1938.76 Safari/537.36"
207.46.13.150 - - [13/Jun/2026:08:19:10 -0400] "GET /?k=20715356131750 HTTP/1.1" 200 1533 "-" "Mozilla/5.0 AppleWebKit/537.36 (KHTML, like Gecko; compatible; bingbot/2.0; +http://www.bing.com/bingbot.htm) Chrome/116.0.1938.76 Safari/537.36"
102.249.32.10 - - [13/Jun/2026:08:19:11 -0400] "GET /profile-wp-lib?file_location=/var/softaculous/uvdesk//notes.txt&location=/var/softaculous/uvdesk/ HTTP/1.1" 404 1251 "-" "Mozilla/5.0 (Macintosh; Intel Mac OS X 10_15_7) AppleWebKit/537.36 (KHTML, like Gecko) Chrome/135.0.0.0 Safari/537.36"
216.73.217.120 - - [13/Jun/2026:08:19:12 -0400] "GET /trace-archive/index.php?file_location=%2Fusr%2Fbin%2F%2Fghostscript&location=%2Fusr%2Fbin%2F HTTP/1.1" 200 25676 "-" "Mozilla/5.0 AppleWebKit/537.36 (KHTML, like Gecko; compatible; ClaudeBot/1.0; +claudebot@anthropic.com)"
14.179.153.103 - - [13/Jun/2026:08:19:15 -0400] "GET /profile-wp-lib?file_location=/var/softaculous/uvdesk//notes.txt&location=/var/softaculous/uvdesk/ HTTP/1.1" 301 795 "-" "Mozilla/5.0 (Macintosh; Intel Mac OS X 10_15_7) AppleWebKit/537.36 (KHTML, like Gecko) Chrome/135.0.0.0 Safari/537.36"
14.179.153.103 - - [13/Jun/2026:08:19:16 -0400] "GET /profile-wp-lib/?file_location=/var/softaculous/uvdesk//notes.txt&location=/var/softaculous/uvdesk/ HTTP/1.1" 404 1251 "-" "Mozilla/5.0 (Macintosh; Intel Mac OS X 10_15_7) AppleWebKit/537.36 (KHTML, like Gecko) Chrome/135.0.0.0 Safari/537.36"
52.167.144.179 - - [13/Jun/2026:08:19:17 -0400] "GET /product/category/6903721041750 HTTP/1.1" 404 1251 "-" "Mozilla/5.0 AppleWebKit/537.36 (KHTML, like Gecko; compatible; bingbot/2.0; +http://www.bing.com/bingbot.htm) Chrome/116.0.1938.76 Safari/537.36"
52.167.144.179 - - [13/Jun/2026:08:19:17 -0400] "GET /?k=5013031071750 HTTP/1.1" 200 1533 "-" "Mozilla/5.0 AppleWebKit/537.36 (KHTML, like Gecko; compatible; bingbot/2.0; +http://www.bing.com/bingbot.htm) Chrome/116.0.1938.76 Safari/537.36"
43.173.187.122 - - [13/Jun/2026:08:19:17 -0400] "GET /profile-wp-lib?file_location=/var/softaculous/uvdesk//notes.txt&location=/var/softaculous/uvdesk/ HTTP/1.1" 404 1251 "-" "Mozilla/5.0 (Macintosh; Intel Mac OS X 10_15_7) AppleWebKit/537.36 (KHTML, like Gecko) Chrome/135.0.0.0 Safari/537.36"
52.167.144.179 - - [13/Jun/2026:08:19:18 -0400] "GET /?k=5630641021750 HTTP/1.1" 200 1533 "-" "Mozilla/5.0 AppleWebKit/537.36 (KHTML, like Gecko; compatible; bingbot/2.0; +http://www.bing.com/bingbot.htm) Chrome/116.0.1938.76 Safari/537.36"
85.106.193.205 - - [13/Jun/2026:08:19:18 -0400] "GET /territory/publication/f3veswjb8qn9el4.shtml HTTP/1.1" 404 1251 "-" "Mozilla/5.0 (Macintosh; Intel Mac OS X 14_5_1) AppleWebKit/537.36 (KHTML, like Gecko) Chrome/125.0.6422.141 Safari/537.36"
43.173.174.98 - - [13/Jun/2026:08:19:20 -0400] "GET /build-yarn-cache/index.php?location=/home/raydofqv/public_html/wp-includes/php-ai-client/ HTTP/1.1" 404 1251 "-" "Mozilla/5.0 (Windows NT 10.0; Win64; x64) AppleWebKit/537.36 (KHTML, like Gecko) Chrome/107.0.0.0 Safari/537.36"
216.73.217.120 - - [13/Jun/2026:08:19:20 -0400] "GET /base-pid/?location=%2Fopt%2Fcpanel%2Flibtidy HTTP/1.1" 404 1251 "-" "Mozilla/5.0 AppleWebKit/537.36 (KHTML, like Gecko; compatible; ClaudeBot/1.0; +claudebot@anthropic.com)"
216.73.217.120 - - [13/Jun/2026:08:19:22 -0400] "GET /profile-wp-lib/?file_location=%2Fusr%2Fbin%2F%2Fuapi&location=%2Fusr%2Fbin%2F HTTP/1.1" 404 1251 "-" "Mozilla/5.0 AppleWebKit/537.36 (KHTML, like Gecko; compatible; ClaudeBot/1.0; +claudebot@anthropic.com)"
82.125.227.217 - - [13/Jun/2026:08:19:26 -0400] "GET /tier/bundle/fwgpdh4btm8u16p.shtml HTTP/1.1" 404 1251 "-" "Mozilla/5.0 (Macintosh; Intel Mac OS X 15_3_1) AppleWebKit/537.36 (KHTML, like Gecko) Chrome/129.0.6668.29 Safari/537.36"
52.167.144.179 - - [13/Jun/2026:08:19:26 -0400] "GET /?k=2317321041750 HTTP/1.1" 200 1533 "-" "Mozilla/5.0 AppleWebKit/537.36 (KHTML, like Gecko; compatible; bingbot/2.0; +http://www.bing.com/bingbot.htm) Chrome/116.0.1938.76 Safari/537.36"
207.46.13.150 - - [13/Jun/2026:08:19:27 -0400] "GET /product/category/22611854051750 HTTP/1.1" 404 1251 "-" "Mozilla/5.0 AppleWebKit/537.36 (KHTML, like Gecko; compatible; bingbot/2.0; +http://www.bing.com/bingbot.htm) Chrome/116.0.1938.76 Safari/537.36"
207.46.13.150 - - [13/Jun/2026:08:19:27 -0400] "GET /product/category/5515351121750 HTTP/1.1" 404 1251 "-" "Mozilla/5.0 AppleWebKit/537.36 (KHTML, like Gecko; compatible; bingbot/2.0; +http://www.bing.com/bingbot.htm) Chrome/116.0.1938.76 Safari/537.36"
207.46.13.150 - - [13/Jun/2026:08:19:27 -0400] "GET /?k=20665526011750 HTTP/1.1" 200 1533 "-" "Mozilla/5.0 AppleWebKit/537.36 (KHTML, like Gecko; compatible; bingbot/2.0; +http://www.bing.com/bingbot.htm) Chrome/116.0.1938.76 Safari/537.36"
207.46.13.150 - - [13/Jun/2026:08:19:27 -0400] "GET /?k=7250701071750 HTTP/1.1" 200 1533 "-" "Mozilla/5.0 AppleWebKit/537.36 (KHTML, like Gecko; compatible; bingbot/2.0; +http://www.bing.com/bingbot.htm) Chrome/116.0.1938.76 Safari/537.36"
216.73.217.120 - - [13/Jun/2026:08:19:27 -0400] "GET /profile-wp-lib/?full_path=%2Flib%2FNetworkManager&location=%2Flib%2F HTTP/1.1" 404 1251 "-" "Mozilla/5.0 AppleWebKit/537.36 (KHTML, like Gecko; compatible; ClaudeBot/1.0; +claudebot@anthropic.com)"
40.77.167.131 - - [13/Jun/2026:08:19:29 -0400] "GET /?k=26300384001750 HTTP/1.1" 200 1533 "-" "Mozilla/5.0 AppleWebKit/537.36 (KHTML, like Gecko; compatible; bingbot/2.0; +http://www.bing.com/bingbot.htm) Chrome/116.0.1938.76 Safari/537.36"
40.77.167.131 - - [13/Jun/2026:08:19:31 -0400] "GET /product/category/6471271011750 HTTP/1.1" 404 1251 "-" "Mozilla/5.0 AppleWebKit/537.36 (KHTML, like Gecko; compatible; bingbot/2.0; +http://www.bing.com/bingbot.htm) Chrome/116.0.1938.76 Safari/537.36"
40.77.167.131 - - [13/Jun/2026:08:19:32 -0400] "GET /product/category/5199781061750 HTTP/1.1" 404 1251 "-" "Mozilla/5.0 AppleWebKit/537.36 (KHTML, like Gecko; compatible; bingbot/2.0; +http://www.bing.com/bingbot.htm) Chrome/116.0.1938.76 Safari/537.36"
40.77.167.131 - - [13/Jun/2026:08:19:32 -0400] "GET /product/category/5361991011750 HTTP/1.1" 404 1251 "-" "Mozilla/5.0 AppleWebKit/537.36 (KHTML, like Gecko; compatible; bingbot/2.0; +http://www.bing.com/bingbot.htm) Chrome/116.0.1938.76 Safari/537.36"
40.77.167.131 - - [13/Jun/2026:08:19:32 -0400] "GET /product/category/6045331011750 HTTP/1.1" 404 1251 "-" "Mozilla/5.0 AppleWebKit/537.36 (KHTML, like Gecko; compatible; bingbot/2.0; +http://www.bing.com/bingbot.htm) Chrome/116.0.1938.76 Safari/537.36"
40.77.167.131 - - [13/Jun/2026:08:19:32 -0400] "GET /product/category/23740844041750 HTTP/1.1" 404 1251 "-" "Mozilla/5.0 AppleWebKit/537.36 (KHTML, like Gecko; compatible; bingbot/2.0; +http://www.bing.com/bingbot.htm) Chrome/116.0.1938.76 Safari/537.36"
216.73.217.120 - - [13/Jun/2026:08:19:32 -0400] "GET /build-yarn-cache/?file_location=%2Fusr%2Finclude%2F%2Fterm.h&location=%2Fusr%2Finclude%2F HTTP/1.1" 404 1251 "-" "Mozilla/5.0 AppleWebKit/537.36 (KHTML, like Gecko; compatible; ClaudeBot/1.0; +claudebot@anthropic.com)"
52.167.144.179 - - [13/Jun/2026:08:19:36 -0400] "GET /?k=30763786091750 HTTP/1.1" 200 1533 "-" "Mozilla/5.0 AppleWebKit/537.36 (KHTML, like Gecko; compatible; bingbot/2.0; +http://www.bing.com/bingbot.htm) Chrome/116.0.1938.76 Safari/537.36"
81.98.145.246 - - [13/Jun/2026:08:19:36 -0400] "GET /tier/outcome/ea5teutxuetfdra.shtml HTTP/1.1" 404 1251 "-" "Mozilla/5.0 (Macintosh; Intel Mac OS X 15_3_0) AppleWebKit/537.36 (KHTML, like Gecko) Chrome/133.0.6943.141 Safari/537.36"
52.167.144.179 - - [13/Jun/2026:08:19:36 -0400] "GET /?k=6023281021750 HTTP/1.1" 200 1533 "-" "Mozilla/5.0 AppleWebKit/537.36 (KHTML, like Gecko; compatible; bingbot/2.0; +http://www.bing.com/bingbot.htm) Chrome/116.0.1938.76 Safari/537.36"
52.167.144.179 - - [13/Jun/2026:08:19:36 -0400] "GET /?k=23792414051750 HTTP/1.1" 200 1533 "-" "Mozilla/5.0 AppleWebKit/537.36 (KHTML, like Gecko; compatible; bingbot/2.0; +http://www.bing.com/bingbot.htm) Chrome/116.0.1938.76 Safari/537.36"
52.167.144.179 - - [13/Jun/2026:08:19:36 -0400] "GET /?k=453181031750 HTTP/1.1" 200 1533 "-" "Mozilla/5.0 AppleWebKit/537.36 (KHTML, like Gecko; compatible; bingbot/2.0; +http://www.bing.com/bingbot.htm) Chrome/116.0.1938.76 Safari/537.36"
216.73.217.120 - - [13/Jun/2026:08:19:37 -0400] "GET /trace-archive/index.php?file_location=%2Fusr%2Fbin%2F%2Fsqlite3&location=%2Fusr%2Fbin%2F HTTP/1.1" 200 667423 "-" "Mozilla/5.0 AppleWebKit/537.36 (KHTML, like Gecko; compatible; ClaudeBot/1.0; +claudebot@anthropic.com)"
40.77.167.131 - - [13/Jun/2026:08:19:42 -0400] "GET /product/category/5206231031750 HTTP/1.1" 404 1251 "-" "Mozilla/5.0 AppleWebKit/537.36 (KHTML, like Gecko; compatible; bingbot/2.0; +http://www.bing.com/bingbot.htm) Chrome/116.0.1938.76 Safari/537.36"
40.77.167.131 - - [13/Jun/2026:08:19:42 -0400] "GET /?k=19166698061750 HTTP/1.1" 200 1533 "-" "Mozilla/5.0 AppleWebKit/537.36 (KHTML, like Gecko; compatible; bingbot/2.0; +http://www.bing.com/bingbot.htm) Chrome/116.0.1938.76 Safari/537.36"
40.77.167.131 - - [13/Jun/2026:08:19:42 -0400] "GET /?k=18923608041750 HTTP/1.1" 200 1533 "-" "Mozilla/5.0 AppleWebKit/537.36 (KHTML, like Gecko; compatible; bingbot/2.0; +http://www.bing.com/bingbot.htm) Chrome/116.0.1938.76 Safari/537.36"
40.77.167.131 - - [13/Jun/2026:08:19:42 -0400] "GET /?k=3578071021750 HTTP/1.1" 200 1533 "-" "Mozilla/5.0 AppleWebKit/537.36 (KHTML, like Gecko; compatible; bingbot/2.0; +http://www.bing.com/bingbot.htm) Chrome/116.0.1938.76 Safari/537.36"
40.77.167.131 - - [13/Jun/2026:08:19:42 -0400] "GET /?k=11147881001750 HTTP/1.1" 200 1533 "-" "Mozilla/5.0 AppleWebKit/537.36 (KHTML, like Gecko; compatible; bingbot/2.0; +http://www.bing.com/bingbot.htm) Chrome/116.0.1938.76 Safari/537.36"
216.73.217.120 - - [13/Jun/2026:08:19:42 -0400] "GET /build-yarn-cache/?full_path=%2Frun&location=%2Frun%2F HTTP/1.1" 404 1251 "-" "Mozilla/5.0 AppleWebKit/537.36 (KHTML, like Gecko; compatible; ClaudeBot/1.0; +claudebot@anthropic.com)"
178.73.110.212 - - [13/Jun/2026:08:19:45 -0400] "GET /tier/publication/eq81hxw2xhwi1ud.shtml HTTP/1.1" 404 1251 "-" "Mozilla/5.0 (Macintosh; Intel Mac OS X 14.2; rv:127.0) Gecko/20100101 Firefox/127.0"
207.46.13.150 - - [13/Jun/2026:08:19:45 -0400] "GET /product/category/46239956051750 HTTP/1.1" 404 1251 "-" "Mozilla/5.0 AppleWebKit/537.36 (KHTML, like Gecko; compatible; bingbot/2.0; +http://www.bing.com/bingbot.htm) Chrome/116.0.1938.76 Safari/537.36"
52.167.144.179 - - [13/Jun/2026:08:19:46 -0400] "GET /?k=26270804111750 HTTP/1.1" 200 1533 "-" "Mozilla/5.0 AppleWebKit/537.36 (KHTML, like Gecko; compatible; bingbot/2.0; +http://www.bing.com/bingbot.htm) Chrome/116.0.1938.76 Safari/537.36"
207.46.13.150 - - [13/Jun/2026:08:19:47 -0400] "GET /?k=22172748031750 HTTP/1.1" 200 1533 "-" "Mozilla/5.0 AppleWebKit/537.36 (KHTML, like Gecko; compatible; bingbot/2.0; +http://www.bing.com/bingbot.htm) Chrome/116.0.1938.76 Safari/537.36"
216.73.217.120 - - [13/Jun/2026:08:19:47 -0400] "GET /profile-wp-lib/?full_path=%2Flib%2Fmodules-load.d&location=%2Flib%2F HTTP/1.1" 404 1251 "-" "Mozilla/5.0 AppleWebKit/537.36 (KHTML, like Gecko; compatible; ClaudeBot/1.0; +claudebot@anthropic.com)"
216.75.132.236 - - [13/Jun/2026:08:19:49 -0400] "GET /profile-wp-lib?file_location=/var/softaculous/joomla310//notes.txt&location=/var/softaculous/joomla310/ HTTP/1.1" 301 795 "-" "Mozilla/5.0 (Macintosh; Intel Mac OS X 10_15_7) AppleWebKit/537.36 (KHTML, like Gecko) Chrome/135.0.0.0 Safari/537.36"
216.75.132.236 - - [13/Jun/2026:08:19:49 -0400] "GET /profile-wp-lib/?file_location=/var/softaculous/joomla310//notes.txt&location=/var/softaculous/joomla310/ HTTP/1.1" 404 1251 "-" "Mozilla/5.0 (Macintosh; Intel Mac OS X 10_15_7) AppleWebKit/537.36 (KHTML, like Gecko) Chrome/135.0.0.0 Safari/537.36"
180.191.84.33 - - [13/Jun/2026:08:19:52 -0400] "GET /profile-wp-lib?file_location=/var/softaculous/joomla310//notes.txt&location=/var/softaculous/joomla310/ HTTP/1.1" 301 795 "-" "Mozilla/5.0 (Macintosh; Intel Mac OS X 10_15_7) AppleWebKit/537.36 (KHTML, like Gecko) Chrome/135.0.0.0 Safari/537.36"
40.77.167.131 - - [13/Jun/2026:08:19:52 -0400] "GET /?k=5080681051750 HTTP/1.1" 200 1533 "-" "Mozilla/5.0 AppleWebKit/537.36 (KHTML, like Gecko; compatible; bingbot/2.0; +http://www.bing.com/bingbot.htm) Chrome/116.0.1938.76 Safari/537.36"
40.77.167.131 - - [13/Jun/2026:08:19:52 -0400] "GET /?k=7506811071750 HTTP/1.1" 200 1533 "-" "Mozilla/5.0 AppleWebKit/537.36 (KHTML, like Gecko; compatible; bingbot/2.0; +http://www.bing.com/bingbot.htm) Chrome/116.0.1938.76 Safari/537.36"
40.77.167.131 - - [13/Jun/2026:08:19:52 -0400] "GET /?k=49192668101750 HTTP/1.1" 200 1533 "-" "Mozilla/5.0 AppleWebKit/537.36 (KHTML, like Gecko; compatible; bingbot/2.0; +http://www.bing.com/bingbot.htm) Chrome/116.0.1938.76 Safari/537.36"
40.77.167.131 - - [13/Jun/2026:08:19:52 -0400] "GET /?k=1987891051750 HTTP/1.1" 200 1533 "-" "Mozilla/5.0 AppleWebKit/537.36 (KHTML, like Gecko; compatible; bingbot/2.0; +http://www.bing.com/bingbot.htm) Chrome/116.0.1938.76 Safari/537.36"
40.77.167.131 - - [13/Jun/2026:08:19:52 -0400] "GET /?k=19030078061750 HTTP/1.1" 200 1533 "-" "Mozilla/5.0 AppleWebKit/537.36 (KHTML, like Gecko; compatible; bingbot/2.0; +http://www.bing.com/bingbot.htm) Chrome/116.0.1938.76 Safari/537.36"
180.191.84.33 - - [13/Jun/2026:08:19:52 -0400] "GET /profile-wp-lib/?file_location=/var/softaculous/joomla310//notes.txt&location=/var/softaculous/joomla310/ HTTP/1.1" 404 1251 "-" "Mozilla/5.0 (Macintosh; Intel Mac OS X 10_15_7) AppleWebKit/537.36 (KHTML, like Gecko) Chrome/135.0.0.0 Safari/537.36"
38.17.191.74 - - [13/Jun/2026:08:19:55 -0400] "GET /profile-wp-lib?file_location=/var/softaculous/joomla310//notes.txt&location=/var/softaculous/joomla310/ HTTP/1.1" 404 1251 "-" "Mozilla/5.0 (Macintosh; Intel Mac OS X 10_15_7) AppleWebKit/537.36 (KHTML, like Gecko) Chrome/135.0.0.0 Safari/537.36"
116.90.119.244 - - [13/Jun/2026:08:19:55 -0400] "GET /tier/publication/eua27byjnvy8o8f.shtml HTTP/1.1" 404 1251 "-" "Mozilla/5.0 (Macintosh; Intel Mac OS X 14.7; rv:127.0) Gecko/20100101 Firefox/127.0"
43.173.187.87 - - [13/Jun/2026:08:19:56 -0400] "GET /profile-wp-lib?file_location=/var/softaculous/joomla310//notes.txt&location=/var/softaculous/joomla310/ HTTP/1.1" 301 795 "-" "Mozilla/5.0 (Macintosh; Intel Mac OS X 10_15_7) AppleWebKit/537.36 (KHTML, like Gecko) Chrome/135.0.0.0 Safari/537.36"
43.173.187.87 - - [13/Jun/2026:08:19:56 -0400] "GET /profile-wp-lib/?file_location=/var/softaculous/joomla310//notes.txt&location=/var/softaculous/joomla310/ HTTP/1.1" 404 1251 "-" "Mozilla/5.0 (Macintosh; Intel Mac OS X 10_15_7) AppleWebKit/537.36 (KHTML, like Gecko) Chrome/135.0.0.0 Safari/537.36"
52.167.144.179 - - [13/Jun/2026:08:19:56 -0400] "GET /product/review/5969551031750 HTTP/1.1" 404 1251 "-" "Mozilla/5.0 AppleWebKit/537.36 (KHTML, like Gecko; compatible; bingbot/2.0; +http://www.bing.com/bingbot.htm) Chrome/116.0.1938.76 Safari/537.36"
52.167.144.179 - - [13/Jun/2026:08:19:57 -0400] "GET /?k=6441901131750 HTTP/1.1" 200 1533 "-" "Mozilla/5.0 AppleWebKit/537.36 (KHTML, like Gecko; compatible; bingbot/2.0; +http://www.bing.com/bingbot.htm) Chrome/116.0.1938.76 Safari/537.36"
52.167.144.179 - - [13/Jun/2026:08:19:57 -0400] "GET /?k=23144534141750 HTTP/1.1" 200 1533 "-" "Mozilla/5.0 AppleWebKit/537.36 (KHTML, like Gecko; compatible; bingbot/2.0; +http://www.bing.com/bingbot.htm) Chrome/116.0.1938.76 Safari/537.36"
52.167.144.179 - - [13/Jun/2026:08:19:57 -0400] "GET /?k=22663874011750 HTTP/1.1" 200 1533 "-" "Mozilla/5.0 AppleWebKit/537.36 (KHTML, like Gecko; compatible; bingbot/2.0; +http://www.bing.com/bingbot.htm) Chrome/116.0.1938.76 Safari/537.36"
52.167.144.179 - - [13/Jun/2026:08:19:57 -0400] "GET /?k=19534858071750 HTTP/1.1" 200 1533 "-" "Mozilla/5.0 AppleWebKit/537.36 (KHTML, like Gecko; compatible; bingbot/2.0; +http://www.bing.com/bingbot.htm) Chrome/116.0.1938.76 Safari/537.36"
216.73.217.120 - - [13/Jun/2026:08:19:57 -0400] "GET /base-pid/?file_location=%2Fusr%2Fbin%2F%2Frvim&location=%2Fusr%2Fbin%2F HTTP/1.1" 404 1251 "-" "Mozilla/5.0 AppleWebKit/537.36 (KHTML, like Gecko; compatible; ClaudeBot/1.0; +claudebot@anthropic.com)"
40.77.167.131 - - [13/Jun/2026:08:20:00 -0400] "GET /product/category/6127021041750 HTTP/1.1" 404 1251 "-" "Mozilla/5.0 AppleWebKit/537.36 (KHTML, like Gecko; compatible; bingbot/2.0; +http://www.bing.com/bingbot.htm) Chrome/116.0.1938.76 Safari/537.36"
40.77.167.131 - - [13/Jun/2026:08:20:02 -0400] "GET /?k=11327281001750 HTTP/1.1" 200 1533 "-" "Mozilla/5.0 AppleWebKit/537.36 (KHTML, like Gecko; compatible; bingbot/2.0; +http://www.bing.com/bingbot.htm) Chrome/116.0.1938.76 Safari/537.36"
40.77.167.131 - - [13/Jun/2026:08:20:02 -0400] "GET /?k=26210504021750 HTTP/1.1" 200 1533 "-" "Mozilla/5.0 AppleWebKit/537.36 (KHTML, like Gecko; compatible; bingbot/2.0; +http://www.bing.com/bingbot.htm) Chrome/116.0.1938.76 Safari/537.36"
216.73.217.120 - - [13/Jun/2026:08:20:02 -0400] "GET /build-yarn-cache/?file_location=%2Fusr%2Finclude%2F%2Ffstab.h&location=%2Fusr%2Finclude%2F HTTP/1.1" 404 1251 "-" "Mozilla/5.0 AppleWebKit/537.36 (KHTML, like Gecko; compatible; ClaudeBot/1.0; +claudebot@anthropic.com)"
87.217.34.192 - - [13/Jun/2026:08:20:03 -0400] "GET /trait/fabrication/ept52ih8i2h36fy.shtml HTTP/1.1" 404 1251 "-" "Mozilla/5.0 (Macintosh; Intel Mac OS X 15_1_0) AppleWebKit/537.36 (KHTML, like Gecko) Chrome/129.0.6668.100 Safari/537.36"
52.167.144.179 - - [13/Jun/2026:08:20:07 -0400] "GET /?k=14119561041750 HTTP/1.1" 200 1533 "-" "Mozilla/5.0 AppleWebKit/537.36 (KHTML, like Gecko; compatible; bingbot/2.0; +http://www.bing.com/bingbot.htm) Chrome/116.0.1938.76 Safari/537.36"
207.46.13.150 - - [13/Jun/2026:08:20:07 -0400] "GET /?k=28336985021750 HTTP/1.1" 200 1533 "-" "Mozilla/5.0 AppleWebKit/537.36 (KHTML, like Gecko; compatible; bingbot/2.0; +http://www.bing.com/bingbot.htm) Chrome/116.0.1938.76 Safari/537.36"
207.46.13.150 - - [13/Jun/2026:08:20:07 -0400] "GET /?k=19024318041750 HTTP/1.1" 200 1533 "-" "Mozilla/5.0 AppleWebKit/537.36 (KHTML, like Gecko; compatible; bingbot/2.0; +http://www.bing.com/bingbot.htm) Chrome/116.0.1938.76 Safari/537.36"
207.46.13.150 - - [13/Jun/2026:08:20:07 -0400] "GET /?k=18042061021750 HTTP/1.1" 200 1533 "-" "Mozilla/5.0 AppleWebKit/537.36 (KHTML, like Gecko; compatible; bingbot/2.0; +http://www.bing.com/bingbot.htm) Chrome/116.0.1938.76 Safari/537.36"
216.73.217.120 - - [13/Jun/2026:08:20:07 -0400] "GET /profile-wp-lib/?file_location=%2Flib64%2Fpython2.7%2F%2F_LWPCookieJar.pyo&location=%2Flib64%2Fpython2.7%2F HTTP/1.1" 404 1251 "-" "Mozilla/5.0 AppleWebKit/537.36 (KHTML, like Gecko; compatible; ClaudeBot/1.0; +claudebot@anthropic.com)"
207.46.13.150 - - [13/Jun/2026:08:20:07 -0400] "GET /?k=11218501051750 HTTP/1.1" 200 1533 "-" "Mozilla/5.0 AppleWebKit/537.36 (KHTML, like Gecko; compatible; bingbot/2.0; +http://www.bing.com/bingbot.htm) Chrome/116.0.1938.76 Safari/537.36"
207.46.13.150 - - [13/Jun/2026:08:20:07 -0400] "GET /?k=7629751051750 HTTP/1.1" 200 1533 "-" "Mozilla/5.0 AppleWebKit/537.36 (KHTML, like Gecko; compatible; bingbot/2.0; +http://www.bing.com/bingbot.htm) Chrome/116.0.1938.76 Safari/537.36"
146.174.170.185 - - [13/Jun/2026:08:20:10 -0400] "GET /trait/possession/ed5weutbuetf9ra.shtml HTTP/1.1" 404 1251 "-" "Mozilla/5.0 (Macintosh; Intel Mac OS X 10_15_7) AppleWebKit/537.36 (KHTML, like Gecko) Chrome/134.0.6998.45 Safari/537.36"
40.77.167.131 - - [13/Jun/2026:08:20:12 -0400] "GET /?k=27442092041750 HTTP/1.1" 200 1533 "-" "Mozilla/5.0 AppleWebKit/537.36 (KHTML, like Gecko; compatible; bingbot/2.0; +http://www.bing.com/bingbot.htm) Chrome/116.0.1938.76 Safari/537.36"
40.77.167.131 - - [13/Jun/2026:08:20:12 -0400] "GET /?k=6560641061750 HTTP/1.1" 200 1533 "-" "Mozilla/5.0 AppleWebKit/537.36 (KHTML, like Gecko; compatible; bingbot/2.0; +http://www.bing.com/bingbot.htm) Chrome/116.0.1938.76 Safari/537.36"
216.73.217.120 - - [13/Jun/2026:08:20:12 -0400] "GET /base-pid/?file_location=%2Fusr%2Fbin%2F%2Fbatch&location=%2Fusr%2Fbin%2F HTTP/1.1" 404 1251 "-" "Mozilla/5.0 AppleWebKit/537.36 (KHTML, like Gecko; compatible; ClaudeBot/1.0; +claudebot@anthropic.com)"
52.167.144.203 - - [13/Jun/2026:08:20:17 -0400] "GET /product/category/46127638011750 HTTP/1.1" 404 1251 "-" "Mozilla/5.0 AppleWebKit/537.36 (KHTML, like Gecko; compatible; bingbot/2.0; +http://www.bing.com/bingbot.htm) Chrome/116.0.1938.76 Safari/537.36"
52.167.144.203 - - [13/Jun/2026:08:20:17 -0400] "GET /?k=6703561051750 HTTP/1.1" 200 1533 "-" "Mozilla/5.0 AppleWebKit/537.36 (KHTML, like Gecko; compatible; bingbot/2.0; +http://www.bing.com/bingbot.htm) Chrome/116.0.1938.76 Safari/537.36"
52.167.144.203 - - [13/Jun/2026:08:20:17 -0400] "GET /?k=22353318011750 HTTP/1.1" 200 1533 "-" "Mozilla/5.0 AppleWebKit/537.36 (KHTML, like Gecko; compatible; bingbot/2.0; +http://www.bing.com/bingbot.htm) Chrome/116.0.1938.76 Safari/537.36"
52.167.144.203 - - [13/Jun/2026:08:20:17 -0400] "GET /?k=5413561011750 HTTP/1.1" 200 1533 "-" "Mozilla/5.0 AppleWebKit/537.36 (KHTML, like Gecko; compatible; bingbot/2.0; +http://www.bing.com/bingbot.htm) Chrome/116.0.1938.76 Safari/537.36"
52.167.144.203 - - [13/Jun/2026:08:20:17 -0400] "GET /?k=5856031091750 HTTP/1.1" 200 1533 "-" "Mozilla/5.0 AppleWebKit/537.36 (KHTML, like Gecko; compatible; bingbot/2.0; +http://www.bing.com/bingbot.htm) Chrome/116.0.1938.76 Safari/537.36"
216.73.217.120 - - [13/Jun/2026:08:20:17 -0400] "GET /build-yarn-cache/?file_location=%2Fusr%2Finclude%2F%2Ftermios.h&location=%2Fusr%2Finclude%2F HTTP/1.1" 404 1251 "-" "Mozilla/5.0 AppleWebKit/537.36 (KHTML, like Gecko; compatible; ClaudeBot/1.0; +claudebot@anthropic.com)"
202.76.162.45 - - [13/Jun/2026:08:20:20 -0400] "GET /trait/sample/e124brqkrbqcfo7.shtml HTTP/1.1" 404 1251 "-" "Mozilla/5.0 (Macintosh; Intel Mac OS X 13.1; rv:132.0) Gecko/20100101 Firefox/132.0"
20.125.163.80 - - [13/Jun/2026:08:20:20 -0400] "GET /?k=5703781061750 HTTP/1.1" 200 1533 "-" "Mozilla/5.0 AppleWebKit/537.36 (KHTML, like Gecko; compatible; bingbot/2.0; +http://www.bing.com/bingbot.htm) Chrome/116.0.1938.76 Safari/537.36"
216.73.217.120 - - [13/Jun/2026:08:20:22 -0400] "GET /base-pid/?location=%2Fopt%2Falt%2Flibicu57 HTTP/1.1" 404 1251 "-" "Mozilla/5.0 AppleWebKit/537.36 (KHTML, like Gecko; compatible; ClaudeBot/1.0; +claudebot@anthropic.com)"
207.46.13.150 - - [13/Jun/2026:08:20:25 -0400] "GET /?k=19281748051750 HTTP/1.1" 200 1533 "-" "Mozilla/5.0 AppleWebKit/537.36 (KHTML, like Gecko; compatible; bingbot/2.0; +http://www.bing.com/bingbot.htm) Chrome/116.0.1938.76 Safari/537.36"
207.46.13.150 - - [13/Jun/2026:08:20:25 -0400] "GET /?k=20120936031750 HTTP/1.1" 200 1533 "-" "Mozilla/5.0 AppleWebKit/537.36 (KHTML, like Gecko; compatible; bingbot/2.0; +http://www.bing.com/bingbot.htm) Chrome/116.0.1938.76 Safari/537.36"
207.46.13.150 - - [13/Jun/2026:08:20:26 -0400] "GET /?k=20591726011750 HTTP/1.1" 200 1533 "-" "Mozilla/5.0 AppleWebKit/537.36 (KHTML, like Gecko; compatible; bingbot/2.0; +http://www.bing.com/bingbot.htm) Chrome/116.0.1938.76 Safari/537.36"
207.46.13.150 - - [13/Jun/2026:08:20:26 -0400] "GET /?k=13921471121750 HTTP/1.1" 200 1533 "-" "Mozilla/5.0 AppleWebKit/537.36 (KHTML, like Gecko; compatible; bingbot/2.0; +http://www.bing.com/bingbot.htm) Chrome/116.0.1938.76 Safari/537.36"
207.46.13.150 - - [13/Jun/2026:08:20:26 -0400] "GET /?k=2897191051750 HTTP/1.1" 200 1533 "-" "Mozilla/5.0 AppleWebKit/537.36 (KHTML, like Gecko; compatible; bingbot/2.0; +http://www.bing.com/bingbot.htm) Chrome/116.0.1938.76 Safari/537.36"
207.46.13.150 - - [13/Jun/2026:08:20:26 -0400] "GET /?k=24016934021750 HTTP/1.1" 200 1533 "-" "Mozilla/5.0 AppleWebKit/537.36 (KHTML, like Gecko; compatible; bingbot/2.0; +http://www.bing.com/bingbot.htm) Chrome/116.0.1938.76 Safari/537.36"
207.46.13.150 - - [13/Jun/2026:08:20:26 -0400] "GET /?k=26004764021750 HTTP/1.1" 200 1533 "-" "Mozilla/5.0 AppleWebKit/537.36 (KHTML, like Gecko; compatible; bingbot/2.0; +http://www.bing.com/bingbot.htm) Chrome/116.0.1938.76 Safari/537.36"
207.46.13.150 - - [13/Jun/2026:08:20:26 -0400] "GET /?k=21908538031750 HTTP/1.1" 200 1533 "-" "Mozilla/5.0 AppleWebKit/537.36 (KHTML, like Gecko; compatible; bingbot/2.0; +http://www.bing.com/bingbot.htm) Chrome/116.0.1938.76 Safari/537.36"
216.73.217.120 - - [13/Jun/2026:08:20:31 -0400] "GET /base-pid/index.php?file_location=%2Fusr%2Fbin%2F%2Fflex&location=%2Fusr%2Fbin%2F HTTP/1.1" 404 1251 "-" "Mozilla/5.0 AppleWebKit/537.36 (KHTML, like Gecko; compatible; ClaudeBot/1.0; +claudebot@anthropic.com)"
52.167.144.203 - - [13/Jun/2026:08:20:33 -0400] "GET /?k=20887556121750 HTTP/1.1" 200 1533 "-" "Mozilla/5.0 AppleWebKit/537.36 (KHTML, like Gecko; compatible; bingbot/2.0; +http://www.bing.com/bingbot.htm) Chrome/116.0.1938.76 Safari/537.36"
52.167.144.203 - - [13/Jun/2026:08:20:33 -0400] "GET /?k=11377141041750 HTTP/1.1" 200 1533 "-" "Mozilla/5.0 AppleWebKit/537.36 (KHTML, like Gecko; compatible; bingbot/2.0; +http://www.bing.com/bingbot.htm) Chrome/116.0.1938.76 Safari/537.36"
216.73.217.120 - - [13/Jun/2026:08:20:33 -0400] "GET /base-pid/?location=%2Fhome%2Fraydofqv%2Fctcom.com.tw%2Fblocks%2Fembed HTTP/1.1" 404 1251 "-" "Mozilla/5.0 AppleWebKit/537.36 (KHTML, like Gecko; compatible; ClaudeBot/1.0; +claudebot@anthropic.com)"
52.167.144.203 - - [13/Jun/2026:08:20:33 -0400] "GET /?k=30594050031750 HTTP/1.1" 200 1533 "-" "Mozilla/5.0 AppleWebKit/537.36 (KHTML, like Gecko; compatible; bingbot/2.0; +http://www.bing.com/bingbot.htm) Chrome/116.0.1938.76 Safari/537.36"
