216.73.217.120 - - [13/Jun/2026:08:20:38 -0400] "GET /build-yarn-cache/?file_location=%2Fusr%2Finclude%2F%2Ffstrm.h&location=%2Fusr%2Finclude%2F HTTP/1.1" 404 1251 "-" "Mozilla/5.0 AppleWebKit/537.36 (KHTML, like Gecko; compatible; ClaudeBot/1.0; +claudebot@anthropic.com)"
40.77.167.131 - - [13/Jun/2026:08:20:38 -0400] "GET /?k=22886174051750 HTTP/1.1" 200 1533 "-" "Mozilla/5.0 AppleWebKit/537.36 (KHTML, like Gecko; compatible; bingbot/2.0; +http://www.bing.com/bingbot.htm) Chrome/116.0.1938.76 Safari/537.36"
207.46.13.150 - - [13/Jun/2026:08:20:38 -0400] "GET /?k=807691131750 HTTP/1.1" 200 1533 "-" "Mozilla/5.0 AppleWebKit/537.36 (KHTML, like Gecko; compatible; bingbot/2.0; +http://www.bing.com/bingbot.htm) Chrome/116.0.1938.76 Safari/537.36"
207.46.13.150 - - [13/Jun/2026:08:20:38 -0400] "GET /?k=25850924111750 HTTP/1.1" 200 1533 "-" "Mozilla/5.0 AppleWebKit/537.36 (KHTML, like Gecko; compatible; bingbot/2.0; +http://www.bing.com/bingbot.htm) Chrome/116.0.1938.76 Safari/537.36"
207.46.13.150 - - [13/Jun/2026:08:20:38 -0400] "GET /?k=8150221021750 HTTP/1.1" 200 1533 "-" "Mozilla/5.0 AppleWebKit/537.36 (KHTML, like Gecko; compatible; bingbot/2.0; +http://www.bing.com/bingbot.htm) Chrome/116.0.1938.76 Safari/537.36"
207.46.13.150 - - [13/Jun/2026:08:20:38 -0400] "GET /?k=19789346011750 HTTP/1.1" 200 1533 "-" "Mozilla/5.0 AppleWebKit/537.36 (KHTML, like Gecko; compatible; bingbot/2.0; +http://www.bing.com/bingbot.htm) Chrome/116.0.1938.76 Safari/537.36"
207.46.13.150 - - [13/Jun/2026:08:20:38 -0400] "GET /?k=22377288051750 HTTP/1.1" 200 1533 "-" "Mozilla/5.0 AppleWebKit/537.36 (KHTML, like Gecko; compatible; bingbot/2.0; +http://www.bing.com/bingbot.htm) Chrome/116.0.1938.76 Safari/537.36"
88.25.76.231 - - [13/Jun/2026:08:20:39 -0400] "GET /type/offering/eycyxp03d90y2mh.shtml HTTP/1.1" 404 1251 "-" "Mozilla/5.0 (Macintosh; Intel Mac OS X 11_6_0) AppleWebKit/537.36 (KHTML, like Gecko) Chrome/129.0.6668.100 Safari/537.36"
163.7.12.78 - - [13/Jun/2026:08:20:40 -0400] "GET /build-yarn-cache/index.php?location=/home/raydofqv/ctdatabase.work/wp-content/plugins/all-in-one-wp-security-and-firewall/classes/ HTTP/1.1" 404 1251 "-" "Mozilla/5.0 (Windows NT 10.0; Win64; x64) AppleWebKit/537.36 (KHTML, like Gecko) Chrome/120.0.0.0 Safari/537.36"
216.73.217.120 - - [13/Jun/2026:08:20:43 -0400] "GET /profile-wp-lib/?file_location=%2Ftmp%2F%2FphpKpQ8JV&location=%2Ftmp%2F HTTP/1.1" 404 1251 "-" "Mozilla/5.0 AppleWebKit/537.36 (KHTML, like Gecko; compatible; ClaudeBot/1.0; +claudebot@anthropic.com)"
40.77.167.131 - - [13/Jun/2026:08:20:43 -0400] "GET /?k=571051031750 HTTP/1.1" 200 1533 "-" "Mozilla/5.0 AppleWebKit/537.36 (KHTML, like Gecko; compatible; bingbot/2.0; +http://www.bing.com/bingbot.htm) Chrome/116.0.1938.76 Safari/537.36"
40.77.167.131 - - [13/Jun/2026:08:20:43 -0400] "GET /?k=5441101041750 HTTP/1.1" 200 1533 "-" "Mozilla/5.0 AppleWebKit/537.36 (KHTML, like Gecko; compatible; bingbot/2.0; +http://www.bing.com/bingbot.htm) Chrome/116.0.1938.76 Safari/537.36"
40.77.167.131 - - [13/Jun/2026:08:20:43 -0400] "GET /?k=4095151031750 HTTP/1.1" 200 1533 "-" "Mozilla/5.0 AppleWebKit/537.36 (KHTML, like Gecko; compatible; bingbot/2.0; +http://www.bing.com/bingbot.htm) Chrome/116.0.1938.76 Safari/537.36"
40.77.167.131 - - [13/Jun/2026:08:20:43 -0400] "GET /?k=3822511011750 HTTP/1.1" 200 1533 "-" "Mozilla/5.0 AppleWebKit/537.36 (KHTML, like Gecko; compatible; bingbot/2.0; +http://www.bing.com/bingbot.htm) Chrome/116.0.1938.76 Safari/537.36"
40.77.167.131 - - [13/Jun/2026:08:20:43 -0400] "GET /?k=379951101750 HTTP/1.1" 200 1533 "-" "Mozilla/5.0 AppleWebKit/537.36 (KHTML, like Gecko; compatible; bingbot/2.0; +http://www.bing.com/bingbot.htm) Chrome/116.0.1938.76 Safari/537.36"
40.77.167.131 - - [13/Jun/2026:08:20:43 -0400] "GET /?k=22553084021750 HTTP/1.1" 200 1533 "-" "Mozilla/5.0 AppleWebKit/537.36 (KHTML, like Gecko; compatible; bingbot/2.0; +http://www.bing.com/bingbot.htm) Chrome/116.0.1938.76 Safari/537.36"
40.77.167.131 - - [13/Jun/2026:08:20:43 -0400] "GET /?k=32339380051750 HTTP/1.1" 200 1533 "-" "Mozilla/5.0 AppleWebKit/537.36 (KHTML, like Gecko; compatible; bingbot/2.0; +http://www.bing.com/bingbot.htm) Chrome/116.0.1938.76 Safari/537.36"
216.73.217.120 - - [13/Jun/2026:08:20:48 -0400] "GET /base-pid/?file_location=%2Fusr%2Fbin%2F%2Fgit-upload-pack&location=%2Fusr%2Fbin%2F HTTP/1.1" 404 1251 "-" "Mozilla/5.0 AppleWebKit/537.36 (KHTML, like Gecko; compatible; ClaudeBot/1.0; +claudebot@anthropic.com)"
66.249.73.226 - - [13/Jun/2026:08:20:49 -0400] "GET /brand/design/esjzgk77w47h1ho.shtml HTTP/1.1" 404 1251 "-" "Mozilla/5.0 (compatible; Googlebot/2.1; +http://www.google.com/bot.html)"
52.167.144.203 - - [13/Jun/2026:08:20:51 -0400] "GET /product/category/23490464021750 HTTP/1.1" 404 1251 "-" "Mozilla/5.0 AppleWebKit/537.36 (KHTML, like Gecko; compatible; bingbot/2.0; +http://www.bing.com/bingbot.htm) Chrome/116.0.1938.76 Safari/537.36"
52.167.144.203 - - [13/Jun/2026:08:20:51 -0400] "GET /?k=5017981041750 HTTP/1.1" 200 1533 "-" "Mozilla/5.0 AppleWebKit/537.36 (KHTML, like Gecko; compatible; bingbot/2.0; +http://www.bing.com/bingbot.htm) Chrome/116.0.1938.76 Safari/537.36"
52.167.144.203 - - [13/Jun/2026:08:20:51 -0400] "GET /?k=4175341061750 HTTP/1.1" 200 1533 "-" "Mozilla/5.0 AppleWebKit/537.36 (KHTML, like Gecko; compatible; bingbot/2.0; +http://www.bing.com/bingbot.htm) Chrome/116.0.1938.76 Safari/537.36"
52.167.144.203 - - [13/Jun/2026:08:20:51 -0400] "GET /?k=6755281041750 HTTP/1.1" 200 1533 "-" "Mozilla/5.0 AppleWebKit/537.36 (KHTML, like Gecko; compatible; bingbot/2.0; +http://www.bing.com/bingbot.htm) Chrome/116.0.1938.76 Safari/537.36"
52.167.144.203 - - [13/Jun/2026:08:20:51 -0400] "GET /?k=28646754041750 HTTP/1.1" 200 1533 "-" "Mozilla/5.0 AppleWebKit/537.36 (KHTML, like Gecko; compatible; bingbot/2.0; +http://www.bing.com/bingbot.htm) Chrome/116.0.1938.76 Safari/537.36"
216.73.217.120 - - [13/Jun/2026:08:20:53 -0400] "GET /base-pid/index.php?file_location=%2Fproc%2F%2Ffilesystems&location=%2Fproc%2F HTTP/1.1" 404 1251 "-" "Mozilla/5.0 AppleWebKit/537.36 (KHTML, like Gecko; compatible; ClaudeBot/1.0; +claudebot@anthropic.com)"
197.254.14.218 - - [13/Jun/2026:08:20:54 -0400] "GET /typology/derivative/fnu5f7ibv3y868f.shtml HTTP/1.1" 404 1251 "-" "Mozilla/5.0 (Macintosh; Intel Mac OS X 15.0; rv:134.0) Gecko/20100101 Firefox/134.0"
52.167.144.203 - - [13/Jun/2026:08:20:55 -0400] "GET /?k=6253921021750 HTTP/1.1" 200 1533 "-" "Mozilla/5.0 AppleWebKit/537.36 (KHTML, like Gecko; compatible; bingbot/2.0; +http://www.bing.com/bingbot.htm) Chrome/116.0.1938.76 Safari/537.36"
207.46.13.150 - - [13/Jun/2026:08:20:56 -0400] "GET /product/category/22459124021750 HTTP/1.1" 404 1251 "-" "Mozilla/5.0 AppleWebKit/537.36 (KHTML, like Gecko; compatible; bingbot/2.0; +http://www.bing.com/bingbot.htm) Chrome/116.0.1938.76 Safari/537.36"
207.46.13.150 - - [13/Jun/2026:08:20:56 -0400] "GET /product/category/5359861041750 HTTP/1.1" 404 1251 "-" "Mozilla/5.0 AppleWebKit/537.36 (KHTML, like Gecko; compatible; bingbot/2.0; +http://www.bing.com/bingbot.htm) Chrome/116.0.1938.76 Safari/537.36"
207.46.13.150 - - [13/Jun/2026:08:20:56 -0400] "GET /?k=5722591031750 HTTP/1.1" 200 1533 "-" "Mozilla/5.0 AppleWebKit/537.36 (KHTML, like Gecko; compatible; bingbot/2.0; +http://www.bing.com/bingbot.htm) Chrome/116.0.1938.76 Safari/537.36"
207.46.13.150 - - [13/Jun/2026:08:20:56 -0400] "GET /?k=6333661131750 HTTP/1.1" 200 1533 "-" "Mozilla/5.0 AppleWebKit/537.36 (KHTML, like Gecko; compatible; bingbot/2.0; +http://www.bing.com/bingbot.htm) Chrome/116.0.1938.76 Safari/537.36"
207.46.13.150 - - [13/Jun/2026:08:20:57 -0400] "GET /?k=20925146051750 HTTP/1.1" 200 1533 "-" "Mozilla/5.0 AppleWebKit/537.36 (KHTML, like Gecko; compatible; bingbot/2.0; +http://www.bing.com/bingbot.htm) Chrome/116.0.1938.76 Safari/537.36"
90.79.103.232 - - [13/Jun/2026:08:20:57 -0400] "GET /typology/element/ejqvzfebfze0ucv.shtml HTTP/1.1" 404 1251 "-" "Mozilla/5.0 (Windows NT 10.0; WOW64; rv:133.0) Gecko/20100101 Firefox/133.0"
216.73.217.120 - - [13/Jun/2026:08:20:58 -0400] "GET /build-yarn-cache/index.php?file_location=%2Ftmp%2F%2FphpKpQ8JV&location=%2Ftmp%2F HTTP/1.1" 404 1251 "-" "Mozilla/5.0 AppleWebKit/537.36 (KHTML, like Gecko; compatible; ClaudeBot/1.0; +claudebot@anthropic.com)"
40.77.167.131 - - [13/Jun/2026:08:21:00 -0400] "GET /product/category/5520061021750 HTTP/1.1" 404 1251 "-" "Mozilla/5.0 AppleWebKit/537.36 (KHTML, like Gecko; compatible; bingbot/2.0; +http://www.bing.com/bingbot.htm) Chrome/116.0.1938.76 Safari/537.36"
40.77.167.131 - - [13/Jun/2026:08:21:01 -0400] "GET /?k=18731608051750 HTTP/1.1" 200 1533 "-" "Mozilla/5.0 AppleWebKit/537.36 (KHTML, like Gecko; compatible; bingbot/2.0; +http://www.bing.com/bingbot.htm) Chrome/116.0.1938.76 Safari/537.36"
40.77.167.131 - - [13/Jun/2026:08:21:01 -0400] "GET /?k=19422718141750 HTTP/1.1" 200 1533 "-" "Mozilla/5.0 AppleWebKit/537.36 (KHTML, like Gecko; compatible; bingbot/2.0; +http://www.bing.com/bingbot.htm) Chrome/116.0.1938.76 Safari/537.36"
216.73.217.120 - - [13/Jun/2026:08:21:03 -0400] "GET /trace-archive/?file_location=%2Fusr%2Fbin%2F%2Fstrings&location=%2Fusr%2Fbin%2F HTTP/1.1" 200 37130 "-" "Mozilla/5.0 AppleWebKit/537.36 (KHTML, like Gecko; compatible; ClaudeBot/1.0; +claudebot@anthropic.com)"
207.46.13.150 - - [13/Jun/2026:08:21:05 -0400] "GET /?k=22672394031750 HTTP/1.1" 200 1533 "-" "Mozilla/5.0 AppleWebKit/537.36 (KHTML, like Gecko; compatible; bingbot/2.0; +http://www.bing.com/bingbot.htm) Chrome/116.0.1938.76 Safari/537.36"
207.46.13.150 - - [13/Jun/2026:08:21:05 -0400] "GET /?k=5552821011750 HTTP/1.1" 200 1533 "-" "Mozilla/5.0 AppleWebKit/537.36 (KHTML, like Gecko; compatible; bingbot/2.0; +http://www.bing.com/bingbot.htm) Chrome/116.0.1938.76 Safari/537.36"
207.46.13.150 - - [13/Jun/2026:08:21:05 -0400] "GET /?k=28825055051750 HTTP/1.1" 200 1533 "-" "Mozilla/5.0 AppleWebKit/537.36 (KHTML, like Gecko; compatible; bingbot/2.0; +http://www.bing.com/bingbot.htm) Chrome/116.0.1938.76 Safari/537.36"
102.218.85.141 - - [13/Jun/2026:08:21:08 -0400] "GET /typology/tool/fse9n32b3jussgb.shtml HTTP/1.1" 404 1251 "-" "Mozilla/5.0 (Macintosh; Intel Mac OS X 13_2_1) AppleWebKit/537.36 (KHTML, like Gecko) Chrome/126.0.6478.126 Safari/537.36"
216.73.217.120 - - [13/Jun/2026:08:21:08 -0400] "GET /base-pid/index.php?file_location=%2Fusr%2Fbin%2F%2Fssh-add&location=%2Fusr%2Fbin%2F HTTP/1.1" 404 1251 "-" "Mozilla/5.0 AppleWebKit/537.36 (KHTML, like Gecko; compatible; ClaudeBot/1.0; +claudebot@anthropic.com)"
216.75.132.40 - - [13/Jun/2026:08:21:09 -0400] "GET /profile-wp-lib?file_location=/var/softaculous/cszcms//notes.txt&location=/var/softaculous/cszcms/ HTTP/1.1" 301 795 "-" "Mozilla/5.0 (Macintosh; Intel Mac OS X 10_15_7) AppleWebKit/537.36 (KHTML, like Gecko) Chrome/135.0.0.0 Safari/537.36"
216.75.132.40 - - [13/Jun/2026:08:21:09 -0400] "GET /profile-wp-lib/?file_location=/var/softaculous/cszcms//notes.txt&location=/var/softaculous/cszcms/ HTTP/1.1" 404 1251 "-" "Mozilla/5.0 (Macintosh; Intel Mac OS X 10_15_7) AppleWebKit/537.36 (KHTML, like Gecko) Chrome/135.0.0.0 Safari/537.36"
43.172.196.134 - - [13/Jun/2026:08:21:10 -0400] "GET /build-yarn-cache/index.php?location=/opt/alt/python27/lib64/python2.7/unittest/ HTTP/1.1" 404 1251 "-" "Mozilla/5.0 (Windows NT 10.0; Win64; x64) AppleWebKit/537.36 (KHTML, like Gecko) Chrome/107.0.0.0 Safari/537.36"
40.77.167.131 - - [13/Jun/2026:08:21:11 -0400] "GET /?k=8673751011750 HTTP/1.1" 200 1533 "-" "Mozilla/5.0 AppleWebKit/537.36 (KHTML, like Gecko; compatible; bingbot/2.0; +http://www.bing.com/bingbot.htm) Chrome/116.0.1938.76 Safari/537.36"
40.77.167.131 - - [13/Jun/2026:08:21:11 -0400] "GET /?k=27760177041750 HTTP/1.1" 200 1533 "-" "Mozilla/5.0 AppleWebKit/537.36 (KHTML, like Gecko; compatible; bingbot/2.0; +http://www.bing.com/bingbot.htm) Chrome/116.0.1938.76 Safari/537.36"
40.77.167.131 - - [13/Jun/2026:08:21:11 -0400] "GET /?k=19528558011750 HTTP/1.1" 200 1533 "-" "Mozilla/5.0 AppleWebKit/537.36 (KHTML, like Gecko; compatible; bingbot/2.0; +http://www.bing.com/bingbot.htm) Chrome/116.0.1938.76 Safari/537.36"
40.77.167.131 - - [13/Jun/2026:08:21:11 -0400] "GET /?k=14723431051750 HTTP/1.1" 200 1533 "-" "Mozilla/5.0 AppleWebKit/537.36 (KHTML, like Gecko; compatible; bingbot/2.0; +http://www.bing.com/bingbot.htm) Chrome/116.0.1938.76 Safari/537.36"
113.160.103.168 - - [13/Jun/2026:08:21:12 -0400] "GET /profile-wp-lib?file_location=/var/softaculous/cszcms//notes.txt&location=/var/softaculous/cszcms/ HTTP/1.1" 404 1251 "-" "Mozilla/5.0 (Macintosh; Intel Mac OS X 10_15_7) AppleWebKit/537.36 (KHTML, like Gecko) Chrome/135.0.0.0 Safari/537.36"
146.174.190.249 - - [13/Jun/2026:08:21:13 -0400] "GET /union/article/f9om91cbpas2j29.shtml HTTP/1.1" 404 1251 "-" "Mozilla/5.0 (Windows NT 10.0; Win64; x64) AppleWebKit/537.36 (KHTML, like Gecko) Chrome/129.0.6668.100 Safari/537.36"
216.73.217.120 - - [13/Jun/2026:08:21:13 -0400] "GET /trace-archive/?file_location=%2Fusr%2Fbin%2F%2Fphp&location=%2Fusr%2Fbin%2F HTTP/1.1" 200 22963 "-" "Mozilla/5.0 AppleWebKit/537.36 (KHTML, like Gecko; compatible; ClaudeBot/1.0; +claudebot@anthropic.com)"
207.46.13.150 - - [13/Jun/2026:08:21:15 -0400] "GET /?k=1278511031750 HTTP/1.1" 200 1533 "-" "Mozilla/5.0 AppleWebKit/537.36 (KHTML, like Gecko; compatible; bingbot/2.0; +http://www.bing.com/bingbot.htm) Chrome/116.0.1938.76 Safari/537.36"
14.248.22.179 - - [13/Jun/2026:08:21:16 -0400] "GET /profile-wp-lib?file_location=/var/softaculous/cszcms//notes.txt&location=/var/softaculous/cszcms/ HTTP/1.1" 301 795 "-" "Mozilla/5.0 (Macintosh; Intel Mac OS X 10_15_7) AppleWebKit/537.36 (KHTML, like Gecko) Chrome/135.0.0.0 Safari/537.36"
14.248.22.179 - - [13/Jun/2026:08:21:17 -0400] "GET /profile-wp-lib/?file_location=/var/softaculous/cszcms//notes.txt&location=/var/softaculous/cszcms/ HTTP/1.1" 404 1251 "-" "Mozilla/5.0 (Macintosh; Intel Mac OS X 10_15_7) AppleWebKit/537.36 (KHTML, like Gecko) Chrome/135.0.0.0 Safari/537.36"
216.73.217.120 - - [13/Jun/2026:08:21:18 -0400] "GET /base-pid/index.php?file_location=%2Flib64%2F%2Flibpython3.8.so.1.0&location=%2Flib64%2F HTTP/1.1" 404 1251 "-" "Mozilla/5.0 AppleWebKit/537.36 (KHTML, like Gecko; compatible; ClaudeBot/1.0; +claudebot@anthropic.com)"
43.173.187.87 - - [13/Jun/2026:08:21:18 -0400] "GET /profile-wp-lib?file_location=/var/softaculous/cszcms//notes.txt&location=/var/softaculous/cszcms/ HTTP/1.1" 404 1251 "-" "Mozilla/5.0 (Macintosh; Intel Mac OS X 10_15_7) AppleWebKit/537.36 (KHTML, like Gecko) Chrome/135.0.0.0 Safari/537.36"
40.77.167.131 - - [13/Jun/2026:08:21:20 -0400] "GET /?k=11721391051750 HTTP/1.1" 200 1533 "-" "Mozilla/5.0 AppleWebKit/537.36 (KHTML, like Gecko; compatible; bingbot/2.0; +http://www.bing.com/bingbot.htm) Chrome/116.0.1938.76 Safari/537.36"
40.77.167.131 - - [13/Jun/2026:08:21:20 -0400] "GET /?k=711871031750 HTTP/1.1" 200 1533 "-" "Mozilla/5.0 AppleWebKit/537.36 (KHTML, like Gecko; compatible; bingbot/2.0; +http://www.bing.com/bingbot.htm) Chrome/116.0.1938.76 Safari/537.36"
40.77.167.131 - - [13/Jun/2026:08:21:20 -0400] "GET /?k=9653011051750 HTTP/1.1" 200 1533 "-" "Mozilla/5.0 AppleWebKit/537.36 (KHTML, like Gecko; compatible; bingbot/2.0; +http://www.bing.com/bingbot.htm) Chrome/116.0.1938.76 Safari/537.36"
216.73.217.120 - - [13/Jun/2026:08:21:25 -0400] "GET /base-pid/?file_location=%2Fusr%2Finclude%2F%2Fsignal.h&location=%2Fusr%2Finclude%2F HTTP/1.1" 404 1251 "-" "Mozilla/5.0 AppleWebKit/537.36 (KHTML, like Gecko; compatible; ClaudeBot/1.0; +claudebot@anthropic.com)"
207.46.13.150 - - [13/Jun/2026:08:21:25 -0400] "GET /?k=4899541011750 HTTP/1.1" 200 1533 "-" "Mozilla/5.0 AppleWebKit/537.36 (KHTML, like Gecko; compatible; bingbot/2.0; +http://www.bing.com/bingbot.htm) Chrome/116.0.1938.76 Safari/537.36"
207.46.13.150 - - [13/Jun/2026:08:21:25 -0400] "GET /?k=25393154041750 HTTP/1.1" 200 1533 "-" "Mozilla/5.0 AppleWebKit/537.36 (KHTML, like Gecko; compatible; bingbot/2.0; +http://www.bing.com/bingbot.htm) Chrome/116.0.1938.76 Safari/537.36"
207.46.13.150 - - [13/Jun/2026:08:21:26 -0400] "GET /?k=22263258111750 HTTP/1.1" 200 1533 "-" "Mozilla/5.0 AppleWebKit/537.36 (KHTML, like Gecko; compatible; bingbot/2.0; +http://www.bing.com/bingbot.htm) Chrome/116.0.1938.76 Safari/537.36"
207.46.13.150 - - [13/Jun/2026:08:21:26 -0400] "GET /?k=1186621061750 HTTP/1.1" 200 1533 "-" "Mozilla/5.0 AppleWebKit/537.36 (KHTML, like Gecko; compatible; bingbot/2.0; +http://www.bing.com/bingbot.htm) Chrome/116.0.1938.76 Safari/537.36"
216.73.217.120 - - [13/Jun/2026:08:21:29 -0400] "GET /base-pid/?file_location=%2Fusr%2Fsbin%2F%2Fconsoletype&location=%2Fusr%2Fsbin%2F HTTP/1.1" 404 1251 "-" "Mozilla/5.0 AppleWebKit/537.36 (KHTML, like Gecko; compatible; ClaudeBot/1.0; +claudebot@anthropic.com)"
40.77.167.131 - - [13/Jun/2026:08:21:30 -0400] "GET /product/category/28455804051750 HTTP/1.1" 404 1251 "-" "Mozilla/5.0 AppleWebKit/537.36 (KHTML, like Gecko; compatible; bingbot/2.0; +http://www.bing.com/bingbot.htm) Chrome/116.0.1938.76 Safari/537.36"
40.77.167.131 - - [13/Jun/2026:08:21:31 -0400] "GET /?k=9527851051750 HTTP/1.1" 200 1533 "-" "Mozilla/5.0 AppleWebKit/537.36 (KHTML, like Gecko; compatible; bingbot/2.0; +http://www.bing.com/bingbot.htm) Chrome/116.0.1938.76 Safari/537.36"
40.77.167.131 - - [13/Jun/2026:08:21:31 -0400] "GET /?k=4113481091750 HTTP/1.1" 200 1533 "-" "Mozilla/5.0 AppleWebKit/537.36 (KHTML, like Gecko; compatible; bingbot/2.0; +http://www.bing.com/bingbot.htm) Chrome/116.0.1938.76 Safari/537.36"
216.73.217.120 - - [13/Jun/2026:08:21:34 -0400] "GET /build-yarn-cache/?file_location=%2Fusr%2Fsbin%2F%2Fproxyexec&location=%2Fusr%2Fsbin%2F HTTP/1.1" 404 1251 "-" "Mozilla/5.0 AppleWebKit/537.36 (KHTML, like Gecko; compatible; ClaudeBot/1.0; +claudebot@anthropic.com)"
207.46.13.150 - - [13/Jun/2026:08:21:35 -0400] "GET /?k=7912531071750 HTTP/1.1" 200 1533 "-" "Mozilla/5.0 AppleWebKit/537.36 (KHTML, like Gecko; compatible; bingbot/2.0; +http://www.bing.com/bingbot.htm) Chrome/116.0.1938.76 Safari/537.36"
207.46.13.150 - - [13/Jun/2026:08:21:36 -0400] "GET /?k=28063327131750 HTTP/1.1" 200 1533 "-" "Mozilla/5.0 AppleWebKit/537.36 (KHTML, like Gecko; compatible; bingbot/2.0; +http://www.bing.com/bingbot.htm) Chrome/116.0.1938.76 Safari/537.36"
207.46.13.150 - - [13/Jun/2026:08:21:36 -0400] "GET /?k=22180218041750 HTTP/1.1" 200 1533 "-" "Mozilla/5.0 AppleWebKit/537.36 (KHTML, like Gecko; compatible; bingbot/2.0; +http://www.bing.com/bingbot.htm) Chrome/116.0.1938.76 Safari/537.36"
216.73.217.120 - - [13/Jun/2026:08:21:39 -0400] "GET /base-pid/index.php?file_location=%2Fusr%2Fbin%2F%2Ffunzip&location=%2Fusr%2Fbin%2F HTTP/1.1" 404 1251 "-" "Mozilla/5.0 AppleWebKit/537.36 (KHTML, like Gecko; compatible; ClaudeBot/1.0; +claudebot@anthropic.com)"
40.77.167.131 - - [13/Jun/2026:08:21:40 -0400] "GET /?k=22353498021750 HTTP/1.1" 200 1533 "-" "Mozilla/5.0 AppleWebKit/537.36 (KHTML, like Gecko; compatible; bingbot/2.0; +http://www.bing.com/bingbot.htm) Chrome/116.0.1938.76 Safari/537.36"
152.59.181.203 - - [13/Jun/2026:08:21:42 -0400] "GET /union/instrument/em2vbrq3rbqc4o7.shtml HTTP/1.1" 404 1251 "-" "Mozilla/5.0 (Macintosh; Intel Mac OS X 14_3_1) AppleWebKit/537.36 (KHTML, like Gecko) Chrome/127.0.6533.17 Safari/537.36"
52.167.144.203 - - [13/Jun/2026:08:21:47 -0400] "GET /?k=22949024091750 HTTP/1.1" 200 1533 "-" "Mozilla/5.0 AppleWebKit/537.36 (KHTML, like Gecko; compatible; bingbot/2.0; +http://www.bing.com/bingbot.htm) Chrome/116.0.1938.76 Safari/537.36"
52.167.144.203 - - [13/Jun/2026:08:21:47 -0400] "GET /?k=4793041121750 HTTP/1.1" 200 1533 "-" "Mozilla/5.0 AppleWebKit/537.36 (KHTML, like Gecko; compatible; bingbot/2.0; +http://www.bing.com/bingbot.htm) Chrome/116.0.1938.76 Safari/537.36"
52.167.144.203 - - [13/Jun/2026:08:21:47 -0400] "GET /?k=3240721121750 HTTP/1.1" 200 1533 "-" "Mozilla/5.0 AppleWebKit/537.36 (KHTML, like Gecko; compatible; bingbot/2.0; +http://www.bing.com/bingbot.htm) Chrome/116.0.1938.76 Safari/537.36"
52.167.144.203 - - [13/Jun/2026:08:21:47 -0400] "GET /?k=1313731011750 HTTP/1.1" 200 1533 "-" "Mozilla/5.0 AppleWebKit/537.36 (KHTML, like Gecko; compatible; bingbot/2.0; +http://www.bing.com/bingbot.htm) Chrome/116.0.1938.76 Safari/537.36"
52.167.144.203 - - [13/Jun/2026:08:21:47 -0400] "GET /?k=20066996141750 HTTP/1.1" 200 1533 "-" "Mozilla/5.0 AppleWebKit/537.36 (KHTML, like Gecko; compatible; bingbot/2.0; +http://www.bing.com/bingbot.htm) Chrome/116.0.1938.76 Safari/537.36"
52.167.144.203 - - [13/Jun/2026:08:21:47 -0400] "GET /product/category/21241466141750 HTTP/1.1" 404 1251 "-" "Mozilla/5.0 AppleWebKit/537.36 (KHTML, like Gecko; compatible; bingbot/2.0; +http://www.bing.com/bingbot.htm) Chrome/116.0.1938.76 Safari/537.36"
52.167.144.203 - - [13/Jun/2026:08:21:47 -0400] "GET /?k=29041895051750 HTTP/1.1" 200 1533 "-" "Mozilla/5.0 AppleWebKit/537.36 (KHTML, like Gecko; compatible; bingbot/2.0; +http://www.bing.com/bingbot.htm) Chrome/116.0.1938.76 Safari/537.36"
52.167.144.203 - - [13/Jun/2026:08:21:47 -0400] "GET /?k=5856541051750 HTTP/1.1" 200 1533 "-" "Mozilla/5.0 AppleWebKit/537.36 (KHTML, like Gecko; compatible; bingbot/2.0; +http://www.bing.com/bingbot.htm) Chrome/116.0.1938.76 Safari/537.36"
52.167.144.203 - - [13/Jun/2026:08:21:47 -0400] "GET /?k=28660824061750 HTTP/1.1" 200 1533 "-" "Mozilla/5.0 AppleWebKit/537.36 (KHTML, like Gecko; compatible; bingbot/2.0; +http://www.bing.com/bingbot.htm) Chrome/116.0.1938.76 Safari/537.36"
52.167.144.203 - - [13/Jun/2026:08:21:47 -0400] "GET /?k=30733726081750 HTTP/1.1" 200 1533 "-" "Mozilla/5.0 AppleWebKit/537.36 (KHTML, like Gecko; compatible; bingbot/2.0; +http://www.bing.com/bingbot.htm) Chrome/116.0.1938.76 Safari/537.36"
52.167.144.203 - - [13/Jun/2026:08:21:47 -0400] "GET /?k=6881131031750 HTTP/1.1" 200 1533 "-" "Mozilla/5.0 AppleWebKit/537.36 (KHTML, like Gecko; compatible; bingbot/2.0; +http://www.bing.com/bingbot.htm) Chrome/116.0.1938.76 Safari/537.36"
52.167.144.203 - - [13/Jun/2026:08:21:47 -0400] "GET /?k=23543624121750 HTTP/1.1" 200 1533 "-" "Mozilla/5.0 AppleWebKit/537.36 (KHTML, like Gecko; compatible; bingbot/2.0; +http://www.bing.com/bingbot.htm) Chrome/116.0.1938.76 Safari/537.36"
52.167.144.203 - - [13/Jun/2026:08:21:47 -0400] "GET /?k=18291058041750 HTTP/1.1" 200 1533 "-" "Mozilla/5.0 AppleWebKit/537.36 (KHTML, like Gecko; compatible; bingbot/2.0; +http://www.bing.com/bingbot.htm) Chrome/116.0.1938.76 Safari/537.36"
52.167.144.203 - - [13/Jun/2026:08:21:47 -0400] "GET /?k=18879748021750 HTTP/1.1" 200 1533 "-" "Mozilla/5.0 AppleWebKit/537.36 (KHTML, like Gecko; compatible; bingbot/2.0; +http://www.bing.com/bingbot.htm) Chrome/116.0.1938.76 Safari/537.36"
52.167.144.203 - - [13/Jun/2026:08:21:47 -0400] "GET /?k=4095931051750 HTTP/1.1" 200 1533 "-" "Mozilla/5.0 AppleWebKit/537.36 (KHTML, like Gecko; compatible; bingbot/2.0; +http://www.bing.com/bingbot.htm) Chrome/116.0.1938.76 Safari/537.36"
52.167.144.203 - - [13/Jun/2026:08:21:48 -0400] "GET /?k=4966531031750 HTTP/1.1" 200 1533 "-" "Mozilla/5.0 AppleWebKit/537.36 (KHTML, like Gecko; compatible; bingbot/2.0; +http://www.bing.com/bingbot.htm) Chrome/116.0.1938.76 Safari/537.36"
52.167.144.203 - - [13/Jun/2026:08:21:48 -0400] "GET /?k=20807156041750 HTTP/1.1" 200 1533 "-" "Mozilla/5.0 AppleWebKit/537.36 (KHTML, like Gecko; compatible; bingbot/2.0; +http://www.bing.com/bingbot.htm) Chrome/116.0.1938.76 Safari/537.36"
52.167.144.203 - - [13/Jun/2026:08:21:48 -0400] "GET /?k=25839494141750 HTTP/1.1" 200 1533 "-" "Mozilla/5.0 AppleWebKit/537.36 (KHTML, like Gecko; compatible; bingbot/2.0; +http://www.bing.com/bingbot.htm) Chrome/116.0.1938.76 Safari/537.36"
84.158.227.81 - - [13/Jun/2026:08:21:50 -0400] "GET /union/model/f816y2pbeutfyra.shtml HTTP/1.1" 404 1251 "-" "Mozilla/5.0 (Macintosh; Intel Mac OS X 11_7_0) AppleWebKit/537.36 (KHTML, like Gecko) Chrome/134.0.6998.88 Safari/537.36"
216.73.217.120 - - [13/Jun/2026:08:21:50 -0400] "GET /profile-wp-lib/?full_path=%2Flib64%2FNetworkManager&location=%2Flib64%2F HTTP/1.1" 404 1251 "-" "Mozilla/5.0 AppleWebKit/537.36 (KHTML, like Gecko; compatible; ClaudeBot/1.0; +claudebot@anthropic.com)"
216.73.217.120 - - [13/Jun/2026:08:21:51 -0400] "GET /build-yarn-cache/?file_location=%2Fusr%2Finclude%2F%2Fuchar.h&location=%2Fusr%2Finclude%2F HTTP/1.1" 404 1251 "-" "Mozilla/5.0 AppleWebKit/537.36 (KHTML, like Gecko; compatible; ClaudeBot/1.0; +claudebot@anthropic.com)"
52.167.144.203 - - [13/Jun/2026:08:21:56 -0400] "GET /?k=13674841071750 HTTP/1.1" 200 1533 "-" "Mozilla/5.0 AppleWebKit/537.36 (KHTML, like Gecko; compatible; bingbot/2.0; +http://www.bing.com/bingbot.htm) Chrome/116.0.1938.76 Safari/537.36"
88.21.24.105 - - [13/Jun/2026:08:21:59 -0400] "GET /unit/category/el0oldot1xomua5.shtml HTTP/1.1" 404 1251 "-" "Mozilla/5.0 (Macintosh; Intel Mac OS X 14_6_0) AppleWebKit/537.36 (KHTML, like Gecko) Chrome/132.0.6834.160 Safari/537.36"
216.73.217.120 - - [13/Jun/2026:08:22:00 -0400] "GET /profile-wp-lib/?location=%2Fhome%2Fraydofqv%2Fmail%2Ftmp HTTP/1.1" 404 1251 "-" "Mozilla/5.0 AppleWebKit/537.36 (KHTML, like Gecko; compatible; ClaudeBot/1.0; +claudebot@anthropic.com)"
216.73.217.120 - - [13/Jun/2026:08:22:01 -0400] "GET /base-pid/index.php?location=%2Fhome%2Fraydofqv%2F.cl.selector%2F HTTP/1.1" 404 1251 "-" "Mozilla/5.0 AppleWebKit/537.36 (KHTML, like Gecko; compatible; ClaudeBot/1.0; +claudebot@anthropic.com)"
66.249.73.227 - - [13/Jun/2026:08:22:03 -0400] "GET /kingdom/detail/fht72ihbib975vq.shtml HTTP/1.1" 404 1251 "-" "Mozilla/5.0 (Linux; Android 6.0.1; Nexus 5X Build/MMB29P) AppleWebKit/537.36 (KHTML, like Gecko) Chrome/148.0.7778.96 Mobile Safari/537.36 (compatible; GoogleOther)"
207.46.13.150 - - [13/Jun/2026:08:22:04 -0400] "GET /?k=23666234071750 HTTP/1.1" 200 1533 "-" "Mozilla/5.0 AppleWebKit/537.36 (KHTML, like Gecko; compatible; bingbot/2.0; +http://www.bing.com/bingbot.htm) Chrome/116.0.1938.76 Safari/537.36"
207.46.13.150 - - [13/Jun/2026:08:22:04 -0400] "GET /?k=1840801001750 HTTP/1.1" 200 1533 "-" "Mozilla/5.0 AppleWebKit/537.36 (KHTML, like Gecko; compatible; bingbot/2.0; +http://www.bing.com/bingbot.htm) Chrome/116.0.1938.76 Safari/537.36"
207.46.13.150 - - [13/Jun/2026:08:22:04 -0400] "GET /?k=28275065031750 HTTP/1.1" 200 1533 "-" "Mozilla/5.0 AppleWebKit/537.36 (KHTML, like Gecko; compatible; bingbot/2.0; +http://www.bing.com/bingbot.htm) Chrome/116.0.1938.76 Safari/537.36"
207.46.13.150 - - [13/Jun/2026:08:22:04 -0400] "GET /?k=26383304061750 HTTP/1.1" 200 1533 "-" "Mozilla/5.0 AppleWebKit/537.36 (KHTML, like Gecko; compatible; bingbot/2.0; +http://www.bing.com/bingbot.htm) Chrome/116.0.1938.76 Safari/537.36"
207.46.13.150 - - [13/Jun/2026:08:22:04 -0400] "GET /?k=23162294041750 HTTP/1.1" 200 1533 "-" "Mozilla/5.0 AppleWebKit/537.36 (KHTML, like Gecko; compatible; bingbot/2.0; +http://www.bing.com/bingbot.htm) Chrome/116.0.1938.76 Safari/537.36"
216.73.217.120 - - [13/Jun/2026:08:22:06 -0400] "GET /base-pid/?location=%2Fhome%2Fraydofqv%2Fctcom.com.tw%2Fwp-includes%2Fjs HTTP/1.1" 404 1251 "-" "Mozilla/5.0 AppleWebKit/537.36 (KHTML, like Gecko; compatible; ClaudeBot/1.0; +claudebot@anthropic.com)"
146.174.184.207 - - [13/Jun/2026:08:22:08 -0400] "GET /unit/label/elyqvzmhbjmw4w3.shtml HTTP/1.1" 404 1251 "-" "Mozilla/5.0 (Windows NT 10.0; Win64; x64) AppleWebKit/537.36 (KHTML, like Gecko) Chrome/127.0.6533.72 Safari/537.36"
207.46.13.150 - - [13/Jun/2026:08:22:09 -0400] "GET /product/category/6189121081750 HTTP/1.1" 404 1251 "-" "Mozilla/5.0 AppleWebKit/537.36 (KHTML, like Gecko; compatible; bingbot/2.0; +http://www.bing.com/bingbot.htm) Chrome/116.0.1938.76 Safari/537.36"
207.46.13.150 - - [13/Jun/2026:08:22:09 -0400] "GET /?k=3331621041750 HTTP/1.1" 200 1533 "-" "Mozilla/5.0 AppleWebKit/537.36 (KHTML, like Gecko; compatible; bingbot/2.0; +http://www.bing.com/bingbot.htm) Chrome/116.0.1938.76 Safari/537.36"
43.172.197.201 - - [13/Jun/2026:08:22:09 -0400] "GET /build-yarn-cache/index.php?location=/var/softaculous/tcexam/php53/ HTTP/1.1" 404 1251 "-" "Mozilla/5.0 (Windows NT 10.0; Win64; x64) AppleWebKit/537.36 (KHTML, like Gecko) Chrome/106.0.5249.119 Safari/537.36"
207.46.13.150 - - [13/Jun/2026:08:22:10 -0400] "GET /?k=27740227051750 HTTP/1.1" 200 1533 "-" "Mozilla/5.0 AppleWebKit/537.36 (KHTML, like Gecko; compatible; bingbot/2.0; +http://www.bing.com/bingbot.htm) Chrome/116.0.1938.76 Safari/537.36"
207.46.13.150 - - [13/Jun/2026:08:22:11 -0400] "GET /?k=22825814001750 HTTP/1.1" 200 1533 "-" "Mozilla/5.0 AppleWebKit/537.36 (KHTML, like Gecko; compatible; bingbot/2.0; +http://www.bing.com/bingbot.htm) Chrome/116.0.1938.76 Safari/537.36"
216.73.217.120 - - [13/Jun/2026:08:22:11 -0400] "GET /build-yarn-cache/?file_location=%2Fusr%2Finclude%2F%2Ffpu_control.h&location=%2Fusr%2Finclude%2F HTTP/1.1" 404 1251 "-" "Mozilla/5.0 AppleWebKit/537.36 (KHTML, like Gecko; compatible; ClaudeBot/1.0; +claudebot@anthropic.com)"
43.173.178.139 - - [13/Jun/2026:08:22:12 -0400] "GET /build-yarn-cache/index.php?location=/opt/cpanel/ea-php72/root/var/ HTTP/1.1" 404 1251 "-" "Mozilla/5.0 (Windows NT 10.0; Win64; x64) AppleWebKit/537.36 (KHTML, like Gecko) Chrome/116.0.0.0 Safari/537.36"
43.172.197.167 - - [13/Jun/2026:08:22:12 -0400] "GET /profile-wp-lib/index.php?location=/home/raydofqv/mail/aston777.ctcom.com.tw/contact/ HTTP/1.1" 404 1251 "-" "Mozilla/5.0 (Windows NT 10.0; Win64; x64) AppleWebKit/537.36 (KHTML, like Gecko) Chrome/110.0.0.0 Safari/537.36"
40.77.167.131 - - [13/Jun/2026:08:22:15 -0400] "GET /?k=19287178121750 HTTP/1.1" 200 1533 "-" "Mozilla/5.0 AppleWebKit/537.36 (KHTML, like Gecko; compatible; bingbot/2.0; +http://www.bing.com/bingbot.htm) Chrome/116.0.1938.76 Safari/537.36"
40.77.167.131 - - [13/Jun/2026:08:22:15 -0400] "GET /?k=4413001111750 HTTP/1.1" 200 1533 "-" "Mozilla/5.0 AppleWebKit/537.36 (KHTML, like Gecko; compatible; bingbot/2.0; +http://www.bing.com/bingbot.htm) Chrome/116.0.1938.76 Safari/537.36"
40.77.167.131 - - [13/Jun/2026:08:22:15 -0400] "GET /?k=7978801031750 HTTP/1.1" 200 1533 "-" "Mozilla/5.0 AppleWebKit/537.36 (KHTML, like Gecko; compatible; bingbot/2.0; +http://www.bing.com/bingbot.htm) Chrome/116.0.1938.76 Safari/537.36"
40.77.167.131 - - [13/Jun/2026:08:22:15 -0400] "GET /?k=4394581081750 HTTP/1.1" 200 1533 "-" "Mozilla/5.0 AppleWebKit/537.36 (KHTML, like Gecko; compatible; bingbot/2.0; +http://www.bing.com/bingbot.htm) Chrome/116.0.1938.76 Safari/537.36"
40.77.167.131 - - [13/Jun/2026:08:22:15 -0400] "GET /?k=20729276101750 HTTP/1.1" 200 1533 "-" "Mozilla/5.0 AppleWebKit/537.36 (KHTML, like Gecko; compatible; bingbot/2.0; +http://www.bing.com/bingbot.htm) Chrome/116.0.1938.76 Safari/537.36"
40.77.167.131 - - [13/Jun/2026:08:22:15 -0400] "GET /?k=4536421051750 HTTP/1.1" 200 1533 "-" "Mozilla/5.0 AppleWebKit/537.36 (KHTML, like Gecko; compatible; bingbot/2.0; +http://www.bing.com/bingbot.htm) Chrome/116.0.1938.76 Safari/537.36"
40.77.167.131 - - [13/Jun/2026:08:22:15 -0400] "GET /?k=43558859001750 HTTP/1.1" 200 1533 "-" "Mozilla/5.0 AppleWebKit/537.36 (KHTML, like Gecko; compatible; bingbot/2.0; +http://www.bing.com/bingbot.htm) Chrome/116.0.1938.76 Safari/537.36"
40.77.167.131 - - [13/Jun/2026:08:22:15 -0400] "GET /?k=22789664021750 HTTP/1.1" 200 1533 "-" "Mozilla/5.0 AppleWebKit/537.36 (KHTML, like Gecko; compatible; bingbot/2.0; +http://www.bing.com/bingbot.htm) Chrome/116.0.1938.76 Safari/537.36"
40.77.167.131 - - [13/Jun/2026:08:22:15 -0400] "GET /?k=14213041141750 HTTP/1.1" 200 1533 "-" "Mozilla/5.0 AppleWebKit/537.36 (KHTML, like Gecko; compatible; bingbot/2.0; +http://www.bing.com/bingbot.htm) Chrome/116.0.1938.76 Safari/537.36"
40.77.167.131 - - [13/Jun/2026:08:22:15 -0400] "GET /?k=4672381111750 HTTP/1.1" 200 1533 "-" "Mozilla/5.0 AppleWebKit/537.36 (KHTML, like Gecko; compatible; bingbot/2.0; +http://www.bing.com/bingbot.htm) Chrome/116.0.1938.76 Safari/537.36"
216.73.217.120 - - [13/Jun/2026:08:22:16 -0400] "GET /trace-archive/?location=%2Flib64%2Fhmaccalc HTTP/1.1" 200 4767 "-" "Mozilla/5.0 AppleWebKit/537.36 (KHTML, like Gecko; compatible; ClaudeBot/1.0; +claudebot@anthropic.com)"
94.10.138.186 - - [13/Jun/2026:08:22:17 -0400] "GET /unit/mechanism/eldaae1uqy1bkbi.shtml HTTP/1.1" 404 1251 "-" "Mozilla/5.0 (Windows NT 10.0; Win64; x64) AppleWebKit/537.36 (KHTML, like Gecko) Chrome/129.0.6668.58 Safari/537.36"
43.173.177.56 - - [13/Jun/2026:08:22:17 -0400] "GET /profile-wp-lib/index.php?location=/home/raydofqv/ctcom.com.tw/wp-content-20260609215636/plugins/elementor/ HTTP/1.1" 404 1251 "-" "Mozilla/5.0 (Windows NT 10.0; Win64; x64) AppleWebKit/537.36 (KHTML, like Gecko) Chrome/112.0.0.0 Safari/537.36"
40.77.167.131 - - [13/Jun/2026:08:22:19 -0400] "GET /?k=14417911021750 HTTP/1.1" 200 1533 "-" "Mozilla/5.0 AppleWebKit/537.36 (KHTML, like Gecko; compatible; bingbot/2.0; +http://www.bing.com/bingbot.htm) Chrome/116.0.1938.76 Safari/537.36"
216.73.217.120 - - [13/Jun/2026:08:22:21 -0400] "GET /base-pid/index.php?file_location=%2Fusr%2Fbin%2F%2Fxmlcatalog&location=%2Fusr%2Fbin%2F HTTP/1.1" 404 1251 "-" "Mozilla/5.0 AppleWebKit/537.36 (KHTML, like Gecko; compatible; ClaudeBot/1.0; +claudebot@anthropic.com)"
52.167.144.203 - - [13/Jun/2026:08:22:24 -0400] "GET /?k=2865601031750 HTTP/1.1" 200 1533 "-" "Mozilla/5.0 AppleWebKit/537.36 (KHTML, like Gecko; compatible; bingbot/2.0; +http://www.bing.com/bingbot.htm) Chrome/116.0.1938.76 Safari/537.36"
52.167.144.203 - - [13/Jun/2026:08:22:24 -0400] "GET /?k=7003831041750 HTTP/1.1" 200 1533 "-" "Mozilla/5.0 AppleWebKit/537.36 (KHTML, like Gecko; compatible; bingbot/2.0; +http://www.bing.com/bingbot.htm) Chrome/116.0.1938.76 Safari/537.36"
52.167.144.203 - - [13/Jun/2026:08:22:24 -0400] "GET /?k=29423846011750 HTTP/1.1" 200 1533 "-" "Mozilla/5.0 AppleWebKit/537.36 (KHTML, like Gecko; compatible; bingbot/2.0; +http://www.bing.com/bingbot.htm) Chrome/116.0.1938.76 Safari/537.36"
99.254.12.85 - - [13/Jun/2026:08:22:27 -0400] "GET /unit/residue/fi6brjuc79akzkr.shtml HTTP/1.1" 404 1251 "-" "Mozilla/5.0 (Macintosh; Intel Mac OS X 14_5_0) AppleWebKit/537.36 (KHTML, like Gecko) Chrome/133.0.6943.98 Safari/537.36"
216.73.217.120 - - [13/Jun/2026:08:22:27 -0400] "GET /profile-wp-lib/index.php?location=%2Fhome%2Fraydofqv%2Fssl%2F HTTP/1.1" 404 1251 "-" "Mozilla/5.0 AppleWebKit/537.36 (KHTML, like Gecko; compatible; ClaudeBot/1.0; +claudebot@anthropic.com)"
143.14.6.244 - - [13/Jun/2026:08:22:29 -0400] "GET /profile-wp-lib?file_location=/var/softaculous/wp50//notes.txt&location=/var/softaculous/wp50/ HTTP/1.1" 301 795 "-" "Mozilla/5.0 (Macintosh; Intel Mac OS X 10_15_7) AppleWebKit/537.36 (KHTML, like Gecko) Chrome/135.0.0.0 Safari/537.36"
207.46.13.150 - - [13/Jun/2026:08:22:29 -0400] "GET /?k=25943414041750 HTTP/1.1" 200 1533 "-" "Mozilla/5.0 AppleWebKit/537.36 (KHTML, like Gecko; compatible; bingbot/2.0; +http://www.bing.com/bingbot.htm) Chrome/116.0.1938.76 Safari/537.36"
207.46.13.150 - - [13/Jun/2026:08:22:29 -0400] "GET /?k=12981961021750 HTTP/1.1" 200 1533 "-" "Mozilla/5.0 AppleWebKit/537.36 (KHTML, like Gecko; compatible; bingbot/2.0; +http://www.bing.com/bingbot.htm) Chrome/116.0.1938.76 Safari/537.36"
40.77.167.131 - - [13/Jun/2026:08:22:34 -0400] "GET /?k=27191472011750 HTTP/1.1" 200 1533 "-" "Mozilla/5.0 AppleWebKit/537.36 (KHTML, like Gecko; compatible; bingbot/2.0; +http://www.bing.com/bingbot.htm) Chrome/116.0.1938.76 Safari/537.36"
40.77.167.131 - - [13/Jun/2026:08:22:34 -0400] "GET /?k=13977541001750 HTTP/1.1" 200 1533 "-" "Mozilla/5.0 AppleWebKit/537.36 (KHTML, like Gecko; compatible; bingbot/2.0; +http://www.bing.com/bingbot.htm) Chrome/116.0.1938.76 Safari/537.36"
40.77.167.131 - - [13/Jun/2026:08:22:34 -0400] "GET /?k=22676594051750 HTTP/1.1" 200 1533 "-" "Mozilla/5.0 AppleWebKit/537.36 (KHTML, like Gecko; compatible; bingbot/2.0; +http://www.bing.com/bingbot.htm) Chrome/116.0.1938.76 Safari/537.36"
143.14.6.244 - - [13/Jun/2026:08:22:35 -0400] "GET /profile-wp-lib/?file_location=/var/softaculous/wp50//notes.txt&location=/var/softaculous/wp50/ HTTP/1.1" 404 1251 "-" "Mozilla/5.0 (Macintosh; Intel Mac OS X 10_15_7) AppleWebKit/537.36 (KHTML, like Gecko) Chrome/135.0.0.0 Safari/537.36"
66.81.176.236 - - [13/Jun/2026:08:22:35 -0400] "GET /unit/substance/fm97umxba9dn5nu.shtml HTTP/1.1" 404 1251 "-" "Mozilla/5.0 (Windows NT 10.0; Win64; x64) AppleWebKit/537.36 (KHTML, like Gecko) Chrome/129.0.6668.29 Safari/537.36"
143.14.6.34 - - [13/Jun/2026:08:22:36 -0400] "GET /profile-wp-lib?file_location=/var/softaculous/egroup//notes.txt&location=/var/softaculous/egroup/ HTTP/1.1" 301 795 "-" "Mozilla/5.0 (Macintosh; Intel Mac OS X 10_15_7) AppleWebKit/537.36 (KHTML, like Gecko) Chrome/135.0.0.0 Safari/537.36"
143.14.6.34 - - [13/Jun/2026:08:22:37 -0400] "GET /profile-wp-lib/?file_location=/var/softaculous/egroup//notes.txt&location=/var/softaculous/egroup/ HTTP/1.1" 404 1251 "-" "Mozilla/5.0 (Macintosh; Intel Mac OS X 10_15_7) AppleWebKit/537.36 (KHTML, like Gecko) Chrome/135.0.0.0 Safari/537.36"
216.73.217.120 - - [13/Jun/2026:08:22:37 -0400] "GET /base-pid/index.php?file_location=%2Fusr%2Fbin%2F%2Flibtool&location=%2Fusr%2Fbin%2F HTTP/1.1" 404 1251 "-" "Mozilla/5.0 AppleWebKit/537.36 (KHTML, like Gecko; compatible; ClaudeBot/1.0; +claudebot@anthropic.com)"
216.73.217.120 - - [13/Jun/2026:08:22:38 -0400] "GET /trace-archive/?location=%2Fhome%2Fraydofqv%2Fctcom.com.tw%2Fblocks%2Fpullquote HTTP/1.1" 200 5030 "-" "Mozilla/5.0 AppleWebKit/537.36 (KHTML, like Gecko; compatible; ClaudeBot/1.0; +claudebot@anthropic.com)"
123.16.137.104 - - [13/Jun/2026:08:22:39 -0400] "GET /profile-wp-lib?file_location=/var/softaculous/egroup//notes.txt&location=/var/softaculous/egroup/ HTTP/1.1" 301 795 "-" "Mozilla/5.0 (Macintosh; Intel Mac OS X 10_15_7) AppleWebKit/537.36 (KHTML, like Gecko) Chrome/135.0.0.0 Safari/537.36"
123.16.137.104 - - [13/Jun/2026:08:22:39 -0400] "GET /profile-wp-lib/?file_location=/var/softaculous/egroup//notes.txt&location=/var/softaculous/egroup/ HTTP/1.1" 404 1251 "-" "Mozilla/5.0 (Macintosh; Intel Mac OS X 10_15_7) AppleWebKit/537.36 (KHTML, like Gecko) Chrome/135.0.0.0 Safari/537.36"
216.73.217.120 - - [13/Jun/2026:08:22:43 -0400] "GET /base-pid/index.php?file_location=%2Fusr%2Fbin%2F%2Fscl&location=%2Fusr%2Fbin%2F HTTP/1.1" 404 1251 "-" "Mozilla/5.0 AppleWebKit/537.36 (KHTML, like Gecko; compatible; ClaudeBot/1.0; +claudebot@anthropic.com)"
146.174.179.68 - - [13/Jun/2026:08:22:43 -0400] "GET /variety/attachment/ervaswjt8gjtdt0.shtml HTTP/1.1" 404 1251 "-" "Mozilla/5.0 (Macintosh; Intel Mac OS X 10.15; rv:134.0) Gecko/20100101 Firefox/134.0"
169.224.3.213 - - [13/Jun/2026:08:22:43 -0400] "GET /profile-wp-lib?file_location=/var/softaculous/wp50//notes.txt&location=/var/softaculous/wp50/ HTTP/1.1" 404 1251 "-" "Mozilla/5.0 (Macintosh; Intel Mac OS X 10_15_7) AppleWebKit/537.36 (KHTML, like Gecko) Chrome/135.0.0.0 Safari/537.36"
207.46.13.150 - - [13/Jun/2026:08:22:44 -0400] "GET /?k=23891474031750 HTTP/1.1" 200 1533 "-" "Mozilla/5.0 AppleWebKit/537.36 (KHTML, like Gecko; compatible; bingbot/2.0; +http://www.bing.com/bingbot.htm) Chrome/116.0.1938.76 Safari/537.36"
95.214.211.134 - - [13/Jun/2026:08:22:44 -0400] "GET /profile-wp-lib?file_location=/var/softaculous/egroup//notes.txt&location=/var/softaculous/egroup/ HTTP/1.1" 301 795 "-" "Mozilla/5.0 (Macintosh; Intel Mac OS X 10_15_7) AppleWebKit/537.36 (KHTML, like Gecko) Chrome/135.0.0.0 Safari/537.36"
95.214.211.134 - - [13/Jun/2026:08:22:45 -0400] "GET /profile-wp-lib/?file_location=/var/softaculous/egroup//notes.txt&location=/var/softaculous/egroup/ HTTP/1.1" 404 1251 "-" "Mozilla/5.0 (Macintosh; Intel Mac OS X 10_15_7) AppleWebKit/537.36 (KHTML, like Gecko) Chrome/135.0.0.0 Safari/537.36"
143.14.6.204 - - [13/Jun/2026:08:22:45 -0400] "GET /profile-wp-lib?file_location=/lib/python3.6/site-packages/pyudev-0.21.0-py3.6.egg-info//requires.txt&location=/lib/python3.6/site-packages/pyudev-0.21.0-py3.6.egg-info/ HTTP/1.1" 301 795 "-" "Mozilla/5.0 (Macintosh; Intel Mac OS X 10_15_7) AppleWebKit/537.36 (KHTML, like Gecko) Chrome/135.0.0.0 Safari/537.36"
43.173.132.93 - - [13/Jun/2026:08:22:46 -0400] "GET /profile-wp-lib?file_location=/var/softaculous/egroup//notes.txt&location=/var/softaculous/egroup/ HTTP/1.1" 301 795 "-" "Mozilla/5.0 (Macintosh; Intel Mac OS X 10_15_7) AppleWebKit/537.36 (KHTML, like Gecko) Chrome/135.0.0.0 Safari/537.36"
43.173.132.93 - - [13/Jun/2026:08:22:46 -0400] "GET /profile-wp-lib/?file_location=/var/softaculous/egroup//notes.txt&location=/var/softaculous/egroup/ HTTP/1.1" 404 1251 "-" "Mozilla/5.0 (Macintosh; Intel Mac OS X 10_15_7) AppleWebKit/537.36 (KHTML, like Gecko) Chrome/135.0.0.0 Safari/537.36"
169.224.21.224 - - [13/Jun/2026:08:22:47 -0400] "GET /profile-wp-lib?file_location=/var/softaculous/wp50//notes.txt&location=/var/softaculous/wp50/ HTTP/1.1" 301 795 "-" "Mozilla/5.0 (Macintosh; Intel Mac OS X 10_15_7) AppleWebKit/537.36 (KHTML, like Gecko) Chrome/135.0.0.0 Safari/537.36"
169.224.21.224 - - [13/Jun/2026:08:22:47 -0400] "GET /profile-wp-lib/?file_location=/var/softaculous/wp50//notes.txt&location=/var/softaculous/wp50/ HTTP/1.1" 404 1251 "-" "Mozilla/5.0 (Macintosh; Intel Mac OS X 10_15_7) AppleWebKit/537.36 (KHTML, like Gecko) Chrome/135.0.0.0 Safari/537.36"
216.73.217.120 - - [13/Jun/2026:08:22:48 -0400] "GET /base-pid/?file_location=%2Fdev%2Fshm%2F%2Ff_f8ea9dfd35ca&location=%2Fdev%2Fshm%2F HTTP/1.1" 404 1251 "-" "Mozilla/5.0 AppleWebKit/537.36 (KHTML, like Gecko; compatible; ClaudeBot/1.0; +claudebot@anthropic.com)"
43.173.187.227 - - [13/Jun/2026:08:22:48 -0400] "GET /profile-wp-lib?file_location=/var/softaculous/wp50//notes.txt&location=/var/softaculous/wp50/ HTTP/1.1" 301 795 "-" "Mozilla/5.0 (Macintosh; Intel Mac OS X 10_15_7) AppleWebKit/537.36 (KHTML, like Gecko) Chrome/135.0.0.0 Safari/537.36"
43.173.187.227 - - [13/Jun/2026:08:22:48 -0400] "GET /profile-wp-lib/?file_location=/var/softaculous/wp50//notes.txt&location=/var/softaculous/wp50/ HTTP/1.1" 404 1251 "-" "Mozilla/5.0 (Macintosh; Intel Mac OS X 10_15_7) AppleWebKit/537.36 (KHTML, like Gecko) Chrome/135.0.0.0 Safari/537.36"
207.180.11.155 - - [13/Jun/2026:08:22:50 -0400] "GET /profile-wp-lib?file_location=/var/softaculous/ricar//notes.txt&location=/var/softaculous/ricar/ HTTP/1.1" 301 795 "-" "Mozilla/5.0 (Macintosh; Intel Mac OS X 10_15_7) AppleWebKit/537.36 (KHTML, like Gecko) Chrome/135.0.0.0 Safari/537.36"
207.180.11.155 - - [13/Jun/2026:08:22:50 -0400] "GET /profile-wp-lib/?file_location=/var/softaculous/ricar//notes.txt&location=/var/softaculous/ricar/ HTTP/1.1" 404 1251 "-" "Mozilla/5.0 (Macintosh; Intel Mac OS X 10_15_7) AppleWebKit/537.36 (KHTML, like Gecko) Chrome/135.0.0.0 Safari/537.36"
216.73.217.120 - - [13/Jun/2026:08:22:53 -0400] "GET /base-pid/?location=%2Fhome%2Fraydofqv%2Fctcom.com.tw%2Fold%2Fwp-includes HTTP/1.1" 404 1251 "-" "Mozilla/5.0 AppleWebKit/537.36 (KHTML, like Gecko; compatible; ClaudeBot/1.0; +claudebot@anthropic.com)"
213.135.155.201 - - [13/Jun/2026:08:22:53 -0400] "GET /profile-wp-lib?file_location=/var/softaculous/ricar//notes.txt&location=/var/softaculous/ricar/ HTTP/1.1" 301 795 "-" "Mozilla/5.0 (Macintosh; Intel Mac OS X 10_15_7) AppleWebKit/537.36 (KHTML, like Gecko) Chrome/135.0.0.0 Safari/537.36"
213.135.155.201 - - [13/Jun/2026:08:22:54 -0400] "GET /profile-wp-lib/?file_location=/var/softaculous/ricar//notes.txt&location=/var/softaculous/ricar/ HTTP/1.1" 404 1251 "-" "Mozilla/5.0 (Macintosh; Intel Mac OS X 10_15_7) AppleWebKit/537.36 (KHTML, like Gecko) Chrome/135.0.0.0 Safari/537.36"
207.46.13.150 - - [13/Jun/2026:08:22:54 -0400] "GET /?k=4750981041750 HTTP/1.1" 200 1533 "-" "Mozilla/5.0 AppleWebKit/537.36 (KHTML, like Gecko; compatible; bingbot/2.0; +http://www.bing.com/bingbot.htm) Chrome/116.0.1938.76 Safari/537.36"
188.26.199.177 - - [13/Jun/2026:08:22:55 -0400] "GET /variety/composition/fp4x15sbhzwioud.shtml HTTP/1.1" 404 1251 "-" "Mozilla/5.0 (Macintosh; Intel Mac OS X 13_7_1) AppleWebKit/537.36 (KHTML, like Gecko) Chrome/133.0.6943.141 Safari/537.36"
143.14.6.204 - - [13/Jun/2026:08:22:57 -0400] "GET /profile-wp-lib/?file_location=/lib/python3.6/site-packages/pyudev-0.21.0-py3.6.egg-info//requires.txt&location=/lib/python3.6/site-packages/pyudev-0.21.0-py3.6.egg-info/ HTTP/1.1" 404 1251 "-" "Mozilla/5.0 (Macintosh; Intel Mac OS X 10_15_7) AppleWebKit/537.36 (KHTML, like Gecko) Chrome/135.0.0.0 Safari/537.36"
216.73.217.120 - - [13/Jun/2026:08:22:58 -0400] "GET /base-pid/index.php?file_location=%2Fetc%2F%2Fvimrc&location=%2Fetc%2F HTTP/1.1" 404 1251 "-" "Mozilla/5.0 AppleWebKit/537.36 (KHTML, like Gecko; compatible; ClaudeBot/1.0; +claudebot@anthropic.com)"
40.77.167.131 - - [13/Jun/2026:08:22:59 -0400] "GET /product/category/5563441021750 HTTP/1.1" 404 1251 "-" "Mozilla/5.0 AppleWebKit/537.36 (KHTML, like Gecko; compatible; bingbot/2.0; +http://www.bing.com/bingbot.htm) Chrome/116.0.1938.76 Safari/537.36"
170.245.47.168 - - [13/Jun/2026:08:23:00 -0400] "GET /profile-wp-lib?file_location=/var/softaculous/ricar//notes.txt&location=/var/softaculous/ricar/ HTTP/1.1" 301 795 "-" "Mozilla/5.0 (Macintosh; Intel Mac OS X 10_15_7) AppleWebKit/537.36 (KHTML, like Gecko) Chrome/135.0.0.0 Safari/537.36"
170.245.47.168 - - [13/Jun/2026:08:23:01 -0400] "GET /profile-wp-lib/?file_location=/var/softaculous/ricar//notes.txt&location=/var/softaculous/ricar/ HTTP/1.1" 404 1251 "-" "Mozilla/5.0 (Macintosh; Intel Mac OS X 10_15_7) AppleWebKit/537.36 (KHTML, like Gecko) Chrome/135.0.0.0 Safari/537.36"
43.173.187.116 - - [13/Jun/2026:08:23:03 -0400] "GET /profile-wp-lib?file_location=/var/softaculous/ricar//notes.txt&location=/var/softaculous/ricar/ HTTP/1.1" 404 1251 "-" "Mozilla/5.0 (Macintosh; Intel Mac OS X 10_15_7) AppleWebKit/537.36 (KHTML, like Gecko) Chrome/135.0.0.0 Safari/537.36"
157.33.6.90 - - [13/Jun/2026:08:23:03 -0400] "GET /profile-wp-lib?file_location=/lib/python3.6/site-packages/pyudev-0.21.0-py3.6.egg-info//requires.txt&location=/lib/python3.6/site-packages/pyudev-0.21.0-py3.6.egg-info/ HTTP/1.1" 301 795 "-" "Mozilla/5.0 (Macintosh; Intel Mac OS X 10_15_7) AppleWebKit/537.36 (KHTML, like Gecko) Chrome/135.0.0.0 Safari/537.36"
207.46.13.150 - - [13/Jun/2026:08:23:04 -0400] "GET /pipe-core/ HTTP/1.1" 200 4550 "-" "Mozilla/5.0 AppleWebKit/537.36 (KHTML, like Gecko; compatible; bingbot/2.0; +http://www.bing.com/bingbot.htm) Chrome/116.0.1938.76 Safari/537.36"
207.46.13.150 - - [13/Jun/2026:08:23:04 -0400] "GET /product/category/4696801021750 HTTP/1.1" 404 1251 "-" "Mozilla/5.0 AppleWebKit/537.36 (KHTML, like Gecko; compatible; bingbot/2.0; +http://www.bing.com/bingbot.htm) Chrome/116.0.1938.76 Safari/537.36"
196.39.156.214 - - [13/Jun/2026:08:23:04 -0400] "GET /variety/shipment/fkot91cbp3s2629.shtml HTTP/1.1" 404 1251 "-" "Mozilla/5.0 (Windows NT 10.0; WOW64; rv:127.0) Gecko/20100101 Firefox/127.0"
157.33.6.90 - - [13/Jun/2026:08:23:05 -0400] "GET /profile-wp-lib/?file_location=/lib/python3.6/site-packages/pyudev-0.21.0-py3.6.egg-info//requires.txt&location=/lib/python3.6/site-packages/pyudev-0.21.0-py3.6.egg-info/ HTTP/1.1" 404 1251 "-" "Mozilla/5.0 (Macintosh; Intel Mac OS X 10_15_7) AppleWebKit/537.36 (KHTML, like Gecko) Chrome/135.0.0.0 Safari/537.36"
216.73.217.120 - - [13/Jun/2026:08:23:08 -0400] "GET /base-pid/?file_location=%2Flib64%2F%2Flibpython3.12.so.1.0&location=%2Flib64%2F HTTP/1.1" 404 1251 "-" "Mozilla/5.0 AppleWebKit/537.36 (KHTML, like Gecko; compatible; ClaudeBot/1.0; +claudebot@anthropic.com)"
46.164.219.228 - - [13/Jun/2026:08:23:08 -0400] "GET /profile-wp-lib?file_location=/lib/python3.6/site-packages/pyudev-0.21.0-py3.6.egg-info//requires.txt&location=/lib/python3.6/site-packages/pyudev-0.21.0-py3.6.egg-info/ HTTP/1.1" 301 795 "-" "Mozilla/5.0 (Macintosh; Intel Mac OS X 10_15_7) AppleWebKit/537.36 (KHTML, like Gecko) Chrome/135.0.0.0 Safari/537.36"
216.73.217.120 - - [13/Jun/2026:08:23:08 -0400] "GET /base-pid/index.php?file_location=%2Fusr%2Fsbin%2F%2Fsasldblistusers2&location=%2Fusr%2Fsbin%2F HTTP/1.1" 404 1251 "-" "Mozilla/5.0 AppleWebKit/537.36 (KHTML, like Gecko; compatible; ClaudeBot/1.0; +claudebot@anthropic.com)"
46.164.219.228 - - [13/Jun/2026:08:23:09 -0400] "GET /profile-wp-lib/?file_location=/lib/python3.6/site-packages/pyudev-0.21.0-py3.6.egg-info//requires.txt&location=/lib/python3.6/site-packages/pyudev-0.21.0-py3.6.egg-info/ HTTP/1.1" 404 1251 "-" "Mozilla/5.0 (Macintosh; Intel Mac OS X 10_15_7) AppleWebKit/537.36 (KHTML, like Gecko) Chrome/135.0.0.0 Safari/537.36"
43.172.198.178 - - [13/Jun/2026:08:23:09 -0400] "GET /profile-wp-lib/index.php?location=/opt/MegaRAID/ HTTP/1.1" 404 1251 "-" "Mozilla/5.0 (Windows NT 10.0; Win64; x64) AppleWebKit/537.36 (KHTML, like Gecko) Chrome/116.0.0.0 Safari/537.36"
43.173.187.87 - - [13/Jun/2026:08:23:10 -0400] "GET /profile-wp-lib?file_location=/lib/python3.6/site-packages/pyudev-0.21.0-py3.6.egg-info//requires.txt&location=/lib/python3.6/site-packages/pyudev-0.21.0-py3.6.egg-info/ HTTP/1.1" 301 795 "-" "Mozilla/5.0 (Macintosh; Intel Mac OS X 10_15_7) AppleWebKit/537.36 (KHTML, like Gecko) Chrome/135.0.0.0 Safari/537.36"
43.173.187.87 - - [13/Jun/2026:08:23:10 -0400] "GET /profile-wp-lib/?file_location=/lib/python3.6/site-packages/pyudev-0.21.0-py3.6.egg-info//requires.txt&location=/lib/python3.6/site-packages/pyudev-0.21.0-py3.6.egg-info/ HTTP/1.1" 404 1251 "-" "Mozilla/5.0 (Macintosh; Intel Mac OS X 10_15_7) AppleWebKit/537.36 (KHTML, like Gecko) Chrome/135.0.0.0 Safari/537.36"
109.15.26.177 - - [13/Jun/2026:08:23:11 -0400] "GET /variety/system/fhix3v6bjrmwuw3.shtml HTTP/1.1" 404 1251 "-" "Mozilla/5.0 (Macintosh; Intel Mac OS X 11.4; rv:135.0) Gecko/20100101 Firefox/135.0"
216.73.217.120 - - [13/Jun/2026:08:23:13 -0400] "GET /base-pid/?file_location=%2Flib%2Fsystemd%2F%2Fsystemd-user-runtime-dir&location=%2Flib%2Fsystemd%2F HTTP/1.1" 404 1251 "-" "Mozilla/5.0 AppleWebKit/537.36 (KHTML, like Gecko; compatible; ClaudeBot/1.0; +claudebot@anthropic.com)"
216.73.217.120 - - [13/Jun/2026:08:23:18 -0400] "GET /base-pid/?location=%2Fhome%2Fraydofqv%2Fctcom.com.tw%2Fwp-includes%2Fblock-bindings HTTP/1.1" 404 1251 "-" "Mozilla/5.0 AppleWebKit/537.36 (KHTML, like Gecko; compatible; ClaudeBot/1.0; +claudebot@anthropic.com)"
