216.73.217.120 - - [13/Jun/2026:08:26:07 -0400] "GET /build-yarn-cache/index.php?location=%2Fhome%2Fraydofqv%2Fctcom.com.tw%2Fwp-includes%2F HTTP/1.1" 404 1251 "-" "Mozilla/5.0 AppleWebKit/537.36 (KHTML, like Gecko; compatible; ClaudeBot/1.0; +claudebot@anthropic.com)"
216.73.217.120 - - [13/Jun/2026:08:26:07 -0400] "GET /profile-wp-lib/index.php?location=%2Fhome%2Fraydofqv%2F.cl.selector%2F HTTP/1.1" 404 1251 "-" "Mozilla/5.0 AppleWebKit/537.36 (KHTML, like Gecko; compatible; ClaudeBot/1.0; +claudebot@anthropic.com)"
216.73.217.120 - - [13/Jun/2026:08:26:07 -0400] "GET /base-pid/?full_path=%2Fhome%2Fraydofqv&location=%2F HTTP/1.1" 404 1251 "-" "Mozilla/5.0 AppleWebKit/537.36 (KHTML, like Gecko; compatible; ClaudeBot/1.0; +claudebot@anthropic.com)"
216.73.217.120 - - [13/Jun/2026:08:26:07 -0400] "GET /base-pid/?full_path=%2Flib%2Ffirmware&location=%2Flib%2Ffirmware%2F HTTP/1.1" 404 1251 "-" "Mozilla/5.0 AppleWebKit/537.36 (KHTML, like Gecko; compatible; ClaudeBot/1.0; +claudebot@anthropic.com)"
216.73.217.120 - - [13/Jun/2026:08:26:07 -0400] "GET /build-yarn-cache/?file_location=%2Fusr%2Finclude%2F%2Fieee754.h&location=%2Fusr%2Finclude%2F HTTP/1.1" 404 1251 "-" "Mozilla/5.0 AppleWebKit/537.36 (KHTML, like Gecko; compatible; ClaudeBot/1.0; +claudebot@anthropic.com)"
216.73.217.120 - - [13/Jun/2026:08:26:07 -0400] "GET /base-pid/?file_location=%2Fusr%2Fbin%2F%2Fprezip-bin&location=%2Fusr%2Fbin%2F HTTP/1.1" 404 1251 "-" "Mozilla/5.0 AppleWebKit/537.36 (KHTML, like Gecko; compatible; ClaudeBot/1.0; +claudebot@anthropic.com)"
216.73.217.120 - - [13/Jun/2026:08:26:07 -0400] "GET /profile-wp-lib/?file_location=%2Fusr%2Fbin%2F%2Franlib&location=%2Fusr%2Fbin%2F HTTP/1.1" 404 1251 "-" "Mozilla/5.0 AppleWebKit/537.36 (KHTML, like Gecko; compatible; ClaudeBot/1.0; +claudebot@anthropic.com)"
216.73.217.120 - - [13/Jun/2026:08:26:07 -0400] "GET /trace-archive/?file_location=%2Fusr%2Fbin%2F%2Ffc-cache&location=%2Fusr%2Fbin%2F HTTP/1.1" 200 20190 "-" "Mozilla/5.0 AppleWebKit/537.36 (KHTML, like Gecko; compatible; ClaudeBot/1.0; +claudebot@anthropic.com)"
216.73.217.120 - - [13/Jun/2026:08:26:07 -0400] "GET /trace-archive/?file_location=%2Fusr%2Fbin%2F%2Fpg_dump&location=%2Fusr%2Fbin%2F HTTP/1.1" 200 170301 "-" "Mozilla/5.0 AppleWebKit/537.36 (KHTML, like Gecko; compatible; ClaudeBot/1.0; +claudebot@anthropic.com)"
216.73.217.120 - - [13/Jun/2026:08:26:07 -0400] "GET /base-pid/?file_location=%2Fdev%2Fshm%2F%2F.flag&location=%2Fdev%2Fshm%2F HTTP/1.1" 404 1251 "-" "Mozilla/5.0 AppleWebKit/537.36 (KHTML, like Gecko; compatible; ClaudeBot/1.0; +claudebot@anthropic.com)"
216.73.217.120 - - [13/Jun/2026:08:26:08 -0400] "GET /profile-wp-lib/?location=%2Fhome%2Fraydofqv%2Fraydget.vip%2Fwp-admin HTTP/1.1" 404 1251 "-" "Mozilla/5.0 AppleWebKit/537.36 (KHTML, like Gecko; compatible; ClaudeBot/1.0; +claudebot@anthropic.com)"
216.73.217.120 - - [13/Jun/2026:08:26:08 -0400] "GET /trace-archive/index.php?file_location=%2Fusr%2Fbin%2F%2Fdate&location=%2Fusr%2Fbin%2F HTTP/1.1" 200 67265 "-" "Mozilla/5.0 AppleWebKit/537.36 (KHTML, like Gecko; compatible; ClaudeBot/1.0; +claudebot@anthropic.com)"
216.73.217.120 - - [13/Jun/2026:08:26:08 -0400] "GET /build-yarn-cache/?file_location=%2Fusr%2Finclude%2F%2Fldap_cdefs.h&location=%2Fusr%2Finclude%2F HTTP/1.1" 404 1251 "-" "Mozilla/5.0 AppleWebKit/537.36 (KHTML, like Gecko; compatible; ClaudeBot/1.0; +claudebot@anthropic.com)"
216.73.217.120 - - [13/Jun/2026:08:26:08 -0400] "GET /base-pid/index.php?full_path=%2Fhome%2Fraydofqv%2Fctcom.com.tw&location=%2F HTTP/1.1" 404 1251 "-" "Mozilla/5.0 AppleWebKit/537.36 (KHTML, like Gecko; compatible; ClaudeBot/1.0; +claudebot@anthropic.com)"
216.73.217.120 - - [13/Jun/2026:08:26:08 -0400] "GET /profile-wp-lib/?location=%2Fhome%2Fraydofqv%2Fctcom.com.tw%2Fblocks%2Fseparator HTTP/1.1" 404 1251 "-" "Mozilla/5.0 AppleWebKit/537.36 (KHTML, like Gecko; compatible; ClaudeBot/1.0; +claudebot@anthropic.com)"
216.73.217.120 - - [13/Jun/2026:08:26:08 -0400] "GET /trace-archive/?file_location=%2Fproc%2F%2Fkey-users&location=%2Fproc%2F HTTP/1.1" 200 6841 "-" "Mozilla/5.0 AppleWebKit/537.36 (KHTML, like Gecko; compatible; ClaudeBot/1.0; +claudebot@anthropic.com)"
216.73.217.120 - - [13/Jun/2026:08:26:08 -0400] "GET /profile-wp-lib/?location=%2Fhome%2Fraydofqv%2Fctcom.com.tw%2Fold%2Fwp-admin HTTP/1.1" 404 1251 "-" "Mozilla/5.0 AppleWebKit/537.36 (KHTML, like Gecko; compatible; ClaudeBot/1.0; +claudebot@anthropic.com)"
216.73.217.120 - - [13/Jun/2026:08:26:08 -0400] "GET /base-pid/?file_location=%2Fhome%2Fraydofqv%2Fctcom.com.tw%2Fhtml-api%2F%2Fclass-wp-html-active-formatting-elements.php&location=%2Fhome%2Fraydofqv%2Fctcom.com.tw%2Fhtml-api%2F HTTP/1.1" 404 1251 "-" "Mozilla/5.0 AppleWebKit/537.36 (KHTML, like Gecko; compatible; ClaudeBot/1.0; +claudebot@anthropic.com)"
216.73.217.120 - - [13/Jun/2026:08:26:08 -0400] "GET /base-pid/?file_location=%2Flib64%2Fpgsql%2F%2Feuc_cn_and_mic.so&location=%2Flib64%2Fpgsql%2F HTTP/1.1" 404 1251 "-" "Mozilla/5.0 AppleWebKit/537.36 (KHTML, like Gecko; compatible; ClaudeBot/1.0; +claudebot@anthropic.com)"
216.73.217.120 - - [13/Jun/2026:08:26:08 -0400] "GET /base-pid/index.php?file_location=%2Fusr%2Fbin%2F%2Fpod2man&location=%2Fusr%2Fbin%2F HTTP/1.1" 404 1251 "-" "Mozilla/5.0 AppleWebKit/537.36 (KHTML, like Gecko; compatible; ClaudeBot/1.0; +claudebot@anthropic.com)"
207.46.13.150 - - [13/Jun/2026:08:26:09 -0400] "GET /product/category/23479964061750 HTTP/1.1" 404 1251 "-" "Mozilla/5.0 AppleWebKit/537.36 (KHTML, like Gecko; compatible; bingbot/2.0; +http://www.bing.com/bingbot.htm) Chrome/116.0.1938.76 Safari/537.36"
216.73.217.120 - - [13/Jun/2026:08:26:08 -0400] "GET /trace-archive/index.php?location=%2Fhome%2Fraydofqv%2Fwtfifa.com HTTP/1.1" 200 5031 "-" "Mozilla/5.0 AppleWebKit/537.36 (KHTML, like Gecko; compatible; ClaudeBot/1.0; +claudebot@anthropic.com)"
207.46.13.150 - - [13/Jun/2026:08:26:09 -0400] "GET /?k=20890586051750 HTTP/1.1" 200 1533 "-" "Mozilla/5.0 AppleWebKit/537.36 (KHTML, like Gecko; compatible; bingbot/2.0; +http://www.bing.com/bingbot.htm) Chrome/116.0.1938.76 Safari/537.36"
216.73.217.120 - - [13/Jun/2026:08:26:09 -0400] "GET /profile-wp-lib/?location=%2Fhome%2Fraydofqv%2Fctcom.com.tw%2Fwp-admin%2Fold HTTP/1.1" 404 1251 "-" "Mozilla/5.0 AppleWebKit/537.36 (KHTML, like Gecko; compatible; ClaudeBot/1.0; +claudebot@anthropic.com)"
207.46.13.150 - - [13/Jun/2026:08:26:09 -0400] "GET /?k=5126131071750 HTTP/1.1" 200 1533 "-" "Mozilla/5.0 AppleWebKit/537.36 (KHTML, like Gecko; compatible; bingbot/2.0; +http://www.bing.com/bingbot.htm) Chrome/116.0.1938.76 Safari/537.36"
216.73.217.120 - - [13/Jun/2026:08:26:09 -0400] "GET /base-pid/index.php?file_location=%2Flib64%2F%2Flibxmlrpc_xmlparse.so.3&location=%2Flib64%2F HTTP/1.1" 404 1251 "-" "Mozilla/5.0 AppleWebKit/537.36 (KHTML, like Gecko; compatible; ClaudeBot/1.0; +claudebot@anthropic.com)"
207.46.13.150 - - [13/Jun/2026:08:26:09 -0400] "GET /?k=47817144101750 HTTP/1.1" 200 1533 "-" "Mozilla/5.0 AppleWebKit/537.36 (KHTML, like Gecko; compatible; bingbot/2.0; +http://www.bing.com/bingbot.htm) Chrome/116.0.1938.76 Safari/537.36"
207.46.13.150 - - [13/Jun/2026:08:26:09 -0400] "GET /?k=22561424021750 HTTP/1.1" 200 1533 "-" "Mozilla/5.0 AppleWebKit/537.36 (KHTML, like Gecko; compatible; bingbot/2.0; +http://www.bing.com/bingbot.htm) Chrome/116.0.1938.76 Safari/537.36"
216.73.217.120 - - [13/Jun/2026:08:26:09 -0400] "GET /trace-archive/index.php?file_location=%2Fusr%2Fbin%2F%2Fchmod&location=%2Fusr%2Fbin%2F HTTP/1.1" 200 50283 "-" "Mozilla/5.0 AppleWebKit/537.36 (KHTML, like Gecko; compatible; ClaudeBot/1.0; +claudebot@anthropic.com)"
216.73.217.120 - - [13/Jun/2026:08:26:09 -0400] "GET /base-pid/?file_location=%2Fhome%2Fraydofqv%2Fctcom.com.tw%2Fhtml-api%2F%2Fclass-wp-html-open-elements.php&location=%2Fhome%2Fraydofqv%2Fctcom.com.tw%2Fhtml-api%2F HTTP/1.1" 404 1251 "-" "Mozilla/5.0 AppleWebKit/537.36 (KHTML, like Gecko; compatible; ClaudeBot/1.0; +claudebot@anthropic.com)"
216.73.217.120 - - [13/Jun/2026:08:26:09 -0400] "GET /base-pid/index.php?file_location=%2Fusr%2Fbin%2F%2Fbzmore&location=%2Fusr%2Fbin%2F HTTP/1.1" 404 1251 "-" "Mozilla/5.0 AppleWebKit/537.36 (KHTML, like Gecko; compatible; ClaudeBot/1.0; +claudebot@anthropic.com)"
216.73.217.120 - - [13/Jun/2026:08:26:09 -0400] "GET /base-pid/?file_location=%2Fusr%2Fbin%2F%2Fgrep&location=%2Fusr%2Fbin%2F HTTP/1.1" 404 1251 "-" "Mozilla/5.0 AppleWebKit/537.36 (KHTML, like Gecko; compatible; ClaudeBot/1.0; +claudebot@anthropic.com)"
216.73.217.120 - - [13/Jun/2026:08:26:09 -0400] "GET /trace-archive/index.php?file_location=%2Fusr%2Fbin%2F%2Fpkill&location=%2Fusr%2Fbin%2F HTTP/1.1" 200 33333 "-" "Mozilla/5.0 AppleWebKit/537.36 (KHTML, like Gecko; compatible; ClaudeBot/1.0; +claudebot@anthropic.com)"
216.73.217.120 - - [13/Jun/2026:08:26:09 -0400] "GET /base-pid/?location=%2Fhome%2Fraydofqv%2Fwtfifa.com%2Fwp-back HTTP/1.1" 404 1251 "-" "Mozilla/5.0 AppleWebKit/537.36 (KHTML, like Gecko; compatible; ClaudeBot/1.0; +claudebot@anthropic.com)"
216.73.217.120 - - [13/Jun/2026:08:26:09 -0400] "GET /base-pid/?file_location=%2Fusr%2Fbin%2F%2Fhead&location=%2Fusr%2Fbin%2F HTTP/1.1" 404 1251 "-" "Mozilla/5.0 AppleWebKit/537.36 (KHTML, like Gecko; compatible; ClaudeBot/1.0; +claudebot@anthropic.com)"
216.73.217.120 - - [13/Jun/2026:08:26:09 -0400] "GET /build-yarn-cache/?file_location=%2Fusr%2Fbin%2F%2Ftimeout&location=%2Fusr%2Fbin%2F HTTP/1.1" 404 1251 "-" "Mozilla/5.0 AppleWebKit/537.36 (KHTML, like Gecko; compatible; ClaudeBot/1.0; +claudebot@anthropic.com)"
216.73.217.120 - - [13/Jun/2026:08:26:10 -0400] "GET /base-pid/?location=%2Flib%2Ffirmware%2Fueagle-atm HTTP/1.1" 404 1251 "-" "Mozilla/5.0 AppleWebKit/537.36 (KHTML, like Gecko; compatible; ClaudeBot/1.0; +claudebot@anthropic.com)"
216.73.217.120 - - [13/Jun/2026:08:26:10 -0400] "GET /base-pid/index.php?file_location=%2Fusr%2Fbin%2F%2Fscp&location=%2Fusr%2Fbin%2F HTTP/1.1" 404 1251 "-" "Mozilla/5.0 AppleWebKit/537.36 (KHTML, like Gecko; compatible; ClaudeBot/1.0; +claudebot@anthropic.com)"
45.228.241.74 - - [13/Jun/2026:08:26:13 -0400] "GET /ambit/proceeds/f7m4jnabz9e0ocv.shtml HTTP/1.1" 404 1251 "-" "Mozilla/5.0 (Macintosh; Intel Mac OS X 15_4_0) AppleWebKit/537.36 (KHTML, like Gecko) Chrome/125.0.6422.141 Safari/537.36"
40.77.167.131 - - [13/Jun/2026:08:26:14 -0400] "GET /?k=16623541041750 HTTP/1.1" 200 1533 "-" "Mozilla/5.0 AppleWebKit/537.36 (KHTML, like Gecko; compatible; bingbot/2.0; +http://www.bing.com/bingbot.htm) Chrome/116.0.1938.76 Safari/537.36"
216.73.217.120 - - [13/Jun/2026:08:26:14 -0400] "GET /build-yarn-cache/?location=%2Fhome%2Fraydofqv%2Fwp-back HTTP/1.1" 404 1251 "-" "Mozilla/5.0 AppleWebKit/537.36 (KHTML, like Gecko; compatible; ClaudeBot/1.0; +claudebot@anthropic.com)"
216.73.217.120 - - [13/Jun/2026:08:26:14 -0400] "GET /profile-wp-lib/?file_location=%2Fhome%2Fraydofqv%2Fctcom.com.tw%2Fhtml-api%2F%2Fclass-wp-html-processor.php&location=%2Fhome%2Fraydofqv%2Fctcom.com.tw%2Fhtml-api%2F HTTP/1.1" 404 1251 "-" "Mozilla/5.0 AppleWebKit/537.36 (KHTML, like Gecko; compatible; ClaudeBot/1.0; +claudebot@anthropic.com)"
216.73.217.120 - - [13/Jun/2026:08:26:14 -0400] "GET /base-pid/index.php?location=%2Fhome%2Fraydofqv%2Fwww.raydgetstore.com%2F HTTP/1.1" 404 1251 "-" "Mozilla/5.0 AppleWebKit/537.36 (KHTML, like Gecko; compatible; ClaudeBot/1.0; +claudebot@anthropic.com)"
216.73.217.120 - - [13/Jun/2026:08:26:14 -0400] "GET /base-pid/?location=%2Fhome%2Fraydofqv%2Fctcom.com.tw%2Fblocks%2Fpost-terms HTTP/1.1" 404 1251 "-" "Mozilla/5.0 AppleWebKit/537.36 (KHTML, like Gecko; compatible; ClaudeBot/1.0; +claudebot@anthropic.com)"
216.73.217.120 - - [13/Jun/2026:08:26:14 -0400] "GET /profile-wp-lib/?file_location=%2Fdev%2Fshm%2F%2F.object&location=%2Fdev%2Fshm%2F HTTP/1.1" 404 1251 "-" "Mozilla/5.0 AppleWebKit/537.36 (KHTML, like Gecko; compatible; ClaudeBot/1.0; +claudebot@anthropic.com)"
216.73.217.120 - - [13/Jun/2026:08:26:14 -0400] "GET /base-pid/?location=%2Fhome%2Fraydofqv%2Fctcom.com.tw%2Fblocks%2Fverse HTTP/1.1" 404 1251 "-" "Mozilla/5.0 AppleWebKit/537.36 (KHTML, like Gecko; compatible; ClaudeBot/1.0; +claudebot@anthropic.com)"
40.77.167.131 - - [13/Jun/2026:08:26:14 -0400] "GET /?k=18767848011750 HTTP/1.1" 200 1533 "-" "Mozilla/5.0 AppleWebKit/537.36 (KHTML, like Gecko; compatible; bingbot/2.0; +http://www.bing.com/bingbot.htm) Chrome/116.0.1938.76 Safari/537.36"
216.73.217.120 - - [13/Jun/2026:08:26:14 -0400] "GET /trace-archive/index.php?file_location=%2Fproc%2F%2Fdevices&location=%2Fproc%2F HTTP/1.1" 200 6739 "-" "Mozilla/5.0 AppleWebKit/537.36 (KHTML, like Gecko; compatible; ClaudeBot/1.0; +claudebot@anthropic.com)"
43.173.175.250 - - [13/Jun/2026:08:26:14 -0400] "GET /build-yarn-cache?file_location=/var/softaculous/drupal10//fileindex.php&location=/var/softaculous/drupal10/ HTTP/1.1" 404 1251 "-" "Mozilla/5.0 (Windows NT 10.0; Win64; x64) AppleWebKit/537.36 (KHTML, like Gecko) Chrome/116.0.0.0 Safari/537.36"
216.73.217.120 - - [13/Jun/2026:08:26:14 -0400] "GET /trace-archive/?file_location=%2Fusr%2Fbin%2F%2Fkill&location=%2Fusr%2Fbin%2F HTTP/1.1" 200 34832 "-" "Mozilla/5.0 AppleWebKit/537.36 (KHTML, like Gecko; compatible; ClaudeBot/1.0; +claudebot@anthropic.com)"
216.73.217.120 - - [13/Jun/2026:08:26:14 -0400] "GET /trace-archive/index.php?file_location=%2Fusr%2Fbin%2F%2Flesskey&location=%2Fusr%2Fbin%2F HTTP/1.1" 200 27875 "-" "Mozilla/5.0 AppleWebKit/537.36 (KHTML, like Gecko; compatible; ClaudeBot/1.0; +claudebot@anthropic.com)"
216.73.217.120 - - [13/Jun/2026:08:26:14 -0400] "GET /trace-archive/index.php?file_location=%2Fusr%2Fbin%2F%2Freset&location=%2Fusr%2Fbin%2F HTTP/1.1" 200 30155 "-" "Mozilla/5.0 AppleWebKit/537.36 (KHTML, like Gecko; compatible; ClaudeBot/1.0; +claudebot@anthropic.com)"
216.73.217.120 - - [13/Jun/2026:08:26:14 -0400] "GET /trace-archive/index.php?file_location=%2Fusr%2Fbin%2F%2Fxmlcatalog&location=%2Fusr%2Fbin%2F HTTP/1.1" 200 27551 "-" "Mozilla/5.0 AppleWebKit/537.36 (KHTML, like Gecko; compatible; ClaudeBot/1.0; +claudebot@anthropic.com)"
40.77.167.131 - - [13/Jun/2026:08:26:14 -0400] "GET /?k=3611041031750 HTTP/1.1" 200 1533 "-" "Mozilla/5.0 AppleWebKit/537.36 (KHTML, like Gecko; compatible; bingbot/2.0; +http://www.bing.com/bingbot.htm) Chrome/116.0.1938.76 Safari/537.36"
216.73.217.120 - - [13/Jun/2026:08:26:14 -0400] "GET /base-pid/?file_location=%2Fusr%2Fbin%2F%2Fispell&location=%2Fusr%2Fbin%2F HTTP/1.1" 404 1251 "-" "Mozilla/5.0 AppleWebKit/537.36 (KHTML, like Gecko; compatible; ClaudeBot/1.0; +claudebot@anthropic.com)"
40.77.167.131 - - [13/Jun/2026:08:26:14 -0400] "GET /?k=9657661061750 HTTP/1.1" 200 1533 "-" "Mozilla/5.0 AppleWebKit/537.36 (KHTML, like Gecko; compatible; bingbot/2.0; +http://www.bing.com/bingbot.htm) Chrome/116.0.1938.76 Safari/537.36"
216.73.217.120 - - [13/Jun/2026:08:26:14 -0400] "GET /trace-archive/index.php?file_location=%2Fusr%2Fbin%2F%2Fview&location=%2Fusr%2Fbin%2F HTTP/1.1" 200 541772 "-" "Mozilla/5.0 AppleWebKit/537.36 (KHTML, like Gecko; compatible; ClaudeBot/1.0; +claudebot@anthropic.com)"
216.73.217.120 - - [13/Jun/2026:08:26:14 -0400] "GET /base-pid/?file_location=%2Fusr%2Fbin%2F%2Fgnroff&location=%2Fusr%2Fbin%2F HTTP/1.1" 404 1251 "-" "Mozilla/5.0 AppleWebKit/537.36 (KHTML, like Gecko; compatible; ClaudeBot/1.0; +claudebot@anthropic.com)"
216.73.217.120 - - [13/Jun/2026:08:26:14 -0400] "GET /trace-archive/?file_location=%2Fusr%2Fbin%2F%2Fpod2html&location=%2Fusr%2Fbin%2F HTTP/1.1" 200 22787 "-" "Mozilla/5.0 AppleWebKit/537.36 (KHTML, like Gecko; compatible; ClaudeBot/1.0; +claudebot@anthropic.com)"
216.73.217.120 - - [13/Jun/2026:08:26:14 -0400] "GET /trace-archive/index.php?location=%2Fhome%2Fraydofqv%2Fctcom.com.tw%2Fcollaboration HTTP/1.1" 200 4845 "-" "Mozilla/5.0 AppleWebKit/537.36 (KHTML, like Gecko; compatible; ClaudeBot/1.0; +claudebot@anthropic.com)"
216.73.217.120 - - [13/Jun/2026:08:26:14 -0400] "GET /profile-wp-lib/index.php?full_path=%2Fhome%2Fraydofqv&location=%2F HTTP/1.1" 404 1251 "-" "Mozilla/5.0 AppleWebKit/537.36 (KHTML, like Gecko; compatible; ClaudeBot/1.0; +claudebot@anthropic.com)"
216.73.217.120 - - [13/Jun/2026:08:26:14 -0400] "GET /build-yarn-cache/index.php?location=%2Fhome%2Fraydofqv%2Faston777.ctcom.com.tw HTTP/1.1" 404 1251 "-" "Mozilla/5.0 AppleWebKit/537.36 (KHTML, like Gecko; compatible; ClaudeBot/1.0; +claudebot@anthropic.com)"
216.73.217.120 - - [13/Jun/2026:08:26:14 -0400] "GET /build-yarn-cache/?location=%2Fhome%2Fraydofqv%2Fctcom.com.tw%2Fwp-includes%2Fcustomize HTTP/1.1" 404 1251 "-" "Mozilla/5.0 AppleWebKit/537.36 (KHTML, like Gecko; compatible; ClaudeBot/1.0; +claudebot@anthropic.com)"
216.73.217.120 - - [13/Jun/2026:08:26:15 -0400] "GET /base-pid/index.php?file_location=%2Fusr%2Fbin%2F%2Fmailx&location=%2Fusr%2Fbin%2F HTTP/1.1" 404 1251 "-" "Mozilla/5.0 AppleWebKit/537.36 (KHTML, like Gecko; compatible; ClaudeBot/1.0; +claudebot@anthropic.com)"
216.73.217.120 - - [13/Jun/2026:08:26:15 -0400] "GET /base-pid/?file_location=%2Fusr%2Fbin%2F%2Faddr2line&location=%2Fusr%2Fbin%2F HTTP/1.1" 404 1251 "-" "Mozilla/5.0 AppleWebKit/537.36 (KHTML, like Gecko; compatible; ClaudeBot/1.0; +claudebot@anthropic.com)"
216.73.217.120 - - [13/Jun/2026:08:26:15 -0400] "GET /trace-archive/index.php?file_location=%2Fusr%2Fbin%2F%2Fmktemp&location=%2Fusr%2Fbin%2F HTTP/1.1" 200 40496 "-" "Mozilla/5.0 AppleWebKit/537.36 (KHTML, like Gecko; compatible; ClaudeBot/1.0; +claudebot@anthropic.com)"
216.73.217.120 - - [13/Jun/2026:08:26:15 -0400] "GET /base-pid/index.php?file_location=%2Fusr%2Fbin%2F%2Fcaptoinfo&location=%2Fusr%2Fbin%2F HTTP/1.1" 404 1251 "-" "Mozilla/5.0 AppleWebKit/537.36 (KHTML, like Gecko; compatible; ClaudeBot/1.0; +claudebot@anthropic.com)"
216.73.217.120 - - [13/Jun/2026:08:26:15 -0400] "GET /trace-archive/index.php?file_location=%2Fusr%2Fbin%2F%2Fgawk&location=%2Fusr%2Fbin%2F HTTP/1.1" 200 328173 "-" "Mozilla/5.0 AppleWebKit/537.36 (KHTML, like Gecko; compatible; ClaudeBot/1.0; +claudebot@anthropic.com)"
216.73.217.120 - - [13/Jun/2026:08:26:15 -0400] "GET /base-pid/?full_path=%2Flib64%2Ftraceevent&location=%2Flib64%2Ftraceevent%2F HTTP/1.1" 404 1251 "-" "Mozilla/5.0 AppleWebKit/537.36 (KHTML, like Gecko; compatible; ClaudeBot/1.0; +claudebot@anthropic.com)"
216.73.217.120 - - [13/Jun/2026:08:26:15 -0400] "GET /base-pid/?file_location=%2Fusr%2Fbin%2F%2Ftaskset&location=%2Fusr%2Fbin%2F HTTP/1.1" 404 1251 "-" "Mozilla/5.0 AppleWebKit/537.36 (KHTML, like Gecko; compatible; ClaudeBot/1.0; +claudebot@anthropic.com)"
216.73.217.120 - - [13/Jun/2026:08:26:15 -0400] "GET /trace-archive/?file_location=%2Flib64%2Fpgsql%2F%2Futf8_and_euc_jp.so&location=%2Flib64%2Fpgsql%2F HTTP/1.1" 200 27530 "-" "Mozilla/5.0 AppleWebKit/537.36 (KHTML, like Gecko; compatible; ClaudeBot/1.0; +claudebot@anthropic.com)"
216.75.132.61 - - [13/Jun/2026:08:26:15 -0400] "GET /profile-wp-lib?file_location=/var/softaculous/dropzone//notes.txt&location=/var/softaculous/dropzone/ HTTP/1.1" 301 795 "-" "Mozilla/5.0 (Macintosh; Intel Mac OS X 10_15_7) AppleWebKit/537.36 (KHTML, like Gecko) Chrome/135.0.0.0 Safari/537.36"
216.75.132.61 - - [13/Jun/2026:08:26:16 -0400] "GET /profile-wp-lib/?file_location=/var/softaculous/dropzone//notes.txt&location=/var/softaculous/dropzone/ HTTP/1.1" 404 1251 "-" "Mozilla/5.0 (Macintosh; Intel Mac OS X 10_15_7) AppleWebKit/537.36 (KHTML, like Gecko) Chrome/135.0.0.0 Safari/537.36"
216.73.217.120 - - [13/Jun/2026:08:26:16 -0400] "GET /trace-archive/index.php?file_location=%2Fusr%2Fbin%2F%2Fskill&location=%2Fusr%2Fbin%2F HTTP/1.1" 200 30551 "-" "Mozilla/5.0 AppleWebKit/537.36 (KHTML, like Gecko; compatible; ClaudeBot/1.0; +claudebot@anthropic.com)"
216.73.217.120 - - [13/Jun/2026:08:26:15 -0400] "GET /trace-archive/?file_location=%2Flib64%2F%2Flibpython2.7.so.1.0&location=%2Flib64%2F HTTP/1.1" 200 726417 "-" "Mozilla/5.0 AppleWebKit/537.36 (KHTML, like Gecko; compatible; ClaudeBot/1.0; +claudebot@anthropic.com)"
216.73.217.120 - - [13/Jun/2026:08:26:16 -0400] "GET /base-pid/?file_location=%2Fusr%2Fbin%2F%2Frm&location=%2Fusr%2Fbin%2F HTTP/1.1" 404 1251 "-" "Mozilla/5.0 AppleWebKit/537.36 (KHTML, like Gecko; compatible; ClaudeBot/1.0; +claudebot@anthropic.com)"
216.73.217.120 - - [13/Jun/2026:08:26:16 -0400] "GET /profile-wp-lib/?file_location=%2Fusr%2Fbin%2F%2Fssh-add&location=%2Fusr%2Fbin%2F HTTP/1.1" 404 1251 "-" "Mozilla/5.0 AppleWebKit/537.36 (KHTML, like Gecko; compatible; ClaudeBot/1.0; +claudebot@anthropic.com)"
216.73.217.120 - - [13/Jun/2026:08:26:16 -0400] "GET /profile-wp-lib/index.php?location=%2Fhome%2Fraydofqv%2F.pki HTTP/1.1" 404 1251 "-" "Mozilla/5.0 AppleWebKit/537.36 (KHTML, like Gecko; compatible; ClaudeBot/1.0; +claudebot@anthropic.com)"
216.73.217.120 - - [13/Jun/2026:08:26:16 -0400] "GET /base-pid/?file_location=%2Fusr%2Fbin%2F%2Ftrue&location=%2Fusr%2Fbin%2F HTTP/1.1" 404 1251 "-" "Mozilla/5.0 AppleWebKit/537.36 (KHTML, like Gecko; compatible; ClaudeBot/1.0; +claudebot@anthropic.com)"
216.73.217.120 - - [13/Jun/2026:08:26:16 -0400] "GET /build-yarn-cache/?location=%2Fhome%2Fraydofqv%2Fctcom.com.tw%2Fwp-includes%2Fwidgets HTTP/1.1" 404 1251 "-" "Mozilla/5.0 AppleWebKit/537.36 (KHTML, like Gecko; compatible; ClaudeBot/1.0; +claudebot@anthropic.com)"
216.73.217.120 - - [13/Jun/2026:08:26:16 -0400] "GET /base-pid/index.php?file_location=%2Fusr%2Fbin%2F%2Fperlbug&location=%2Fusr%2Fbin%2F HTTP/1.1" 404 1251 "-" "Mozilla/5.0 AppleWebKit/537.36 (KHTML, like Gecko; compatible; ClaudeBot/1.0; +claudebot@anthropic.com)"
216.73.217.120 - - [13/Jun/2026:08:26:16 -0400] "GET /base-pid/?location=%2Fhome%2Fraydofqv%2Fctcom.com.tw%2Fblocks%2Fbuttons HTTP/1.1" 404 1251 "-" "Mozilla/5.0 AppleWebKit/537.36 (KHTML, like Gecko; compatible; ClaudeBot/1.0; +claudebot@anthropic.com)"
216.73.217.120 - - [13/Jun/2026:08:26:17 -0400] "GET /base-pid/?file_location=%2Flib%2Fsystemd%2F%2Fsystemd-export&location=%2Flib%2Fsystemd%2F HTTP/1.1" 404 1251 "-" "Mozilla/5.0 AppleWebKit/537.36 (KHTML, like Gecko; compatible; ClaudeBot/1.0; +claudebot@anthropic.com)"
216.73.217.120 - - [13/Jun/2026:08:26:17 -0400] "GET /trace-archive/index.php?file_location=%2Fusr%2Fbin%2F%2Fpodselect&location=%2Fusr%2Fbin%2F HTTP/1.1" 200 23336 "-" "Mozilla/5.0 AppleWebKit/537.36 (KHTML, like Gecko; compatible; ClaudeBot/1.0; +claudebot@anthropic.com)"
216.73.217.120 - - [13/Jun/2026:08:26:17 -0400] "GET /profile-wp-lib/?file_location=%2Fusr%2Fbin%2F%2Ftest&location=%2Fusr%2Fbin%2F HTTP/1.1" 404 1251 "-" "Mozilla/5.0 AppleWebKit/537.36 (KHTML, like Gecko; compatible; ClaudeBot/1.0; +claudebot@anthropic.com)"
216.73.217.120 - - [13/Jun/2026:08:26:17 -0400] "GET /trace-archive/?file_location=%2Fproc%2F%2Fcmdline&location=%2Fproc%2F HTTP/1.1" 200 6786 "-" "Mozilla/5.0 AppleWebKit/537.36 (KHTML, like Gecko; compatible; ClaudeBot/1.0; +claudebot@anthropic.com)"
216.73.217.120 - - [13/Jun/2026:08:26:17 -0400] "GET /profile-wp-lib/?location=%2Fhome%2Fraydofqv%2Fctcom.com.tw%2Fblocks%2Fterm-count HTTP/1.1" 404 1251 "-" "Mozilla/5.0 AppleWebKit/537.36 (KHTML, like Gecko; compatible; ClaudeBot/1.0; +claudebot@anthropic.com)"
216.73.217.120 - - [13/Jun/2026:08:26:17 -0400] "GET /base-pid/index.php?file_location=%2Fusr%2Fsbin%2F%2Ftestsaslauthd&location=%2Fusr%2Fsbin%2F HTTP/1.1" 404 1251 "-" "Mozilla/5.0 AppleWebKit/537.36 (KHTML, like Gecko; compatible; ClaudeBot/1.0; +claudebot@anthropic.com)"
216.73.217.120 - - [13/Jun/2026:08:26:17 -0400] "GET /trace-archive/?location=%2Fhome%2Fraydofqv%2Fctcom.com.tw%2Fwp-includes%2Fstyle-engine HTTP/1.1" 200 5028 "-" "Mozilla/5.0 AppleWebKit/537.36 (KHTML, like Gecko; compatible; ClaudeBot/1.0; +claudebot@anthropic.com)"
216.73.217.120 - - [13/Jun/2026:08:26:17 -0400] "GET /base-pid/index.php?file_location=%2Fusr%2Fsbin%2F%2Fexim&location=%2Fusr%2Fsbin%2F HTTP/1.1" 404 1251 "-" "Mozilla/5.0 AppleWebKit/537.36 (KHTML, like Gecko; compatible; ClaudeBot/1.0; +claudebot@anthropic.com)"
216.73.217.120 - - [13/Jun/2026:08:26:18 -0400] "GET /trace-archive/index.php?file_location=%2Fusr%2Fbin%2F%2Futmpdump&location=%2Fusr%2Fbin%2F HTTP/1.1" 200 32001 "-" "Mozilla/5.0 AppleWebKit/537.36 (KHTML, like Gecko; compatible; ClaudeBot/1.0; +claudebot@anthropic.com)"
216.73.217.120 - - [13/Jun/2026:08:26:18 -0400] "GET /base-pid/index.php?location=%2Fhome%2Fraydofqv%2Fctcom.com.tw%2Fimages HTTP/1.1" 404 1251 "-" "Mozilla/5.0 AppleWebKit/537.36 (KHTML, like Gecko; compatible; ClaudeBot/1.0; +claudebot@anthropic.com)"
216.73.217.120 - - [13/Jun/2026:08:26:18 -0400] "GET /base-pid/index.php?file_location=%2Fusr%2Fbin%2F%2Fxsltproc&location=%2Fusr%2Fbin%2F HTTP/1.1" 404 1251 "-" "Mozilla/5.0 AppleWebKit/537.36 (KHTML, like Gecko; compatible; ClaudeBot/1.0; +claudebot@anthropic.com)"
216.73.217.120 - - [13/Jun/2026:08:26:18 -0400] "GET /trace-archive/index.php?file_location=%2Fusr%2Fbin%2F%2Frview&location=%2Fusr%2Fbin%2F HTTP/1.1" 200 541723 "-" "Mozilla/5.0 AppleWebKit/537.36 (KHTML, like Gecko; compatible; ClaudeBot/1.0; +claudebot@anthropic.com)"
216.73.217.120 - - [13/Jun/2026:08:26:18 -0400] "GET /base-pid/index.php?file_location=%2Fusr%2Fbin%2F%2Fcksum&location=%2Fusr%2Fbin%2F HTTP/1.1" 404 1251 "-" "Mozilla/5.0 AppleWebKit/537.36 (KHTML, like Gecko; compatible; ClaudeBot/1.0; +claudebot@anthropic.com)"
216.73.217.120 - - [13/Jun/2026:08:26:18 -0400] "GET /trace-archive/index.php?file_location=%2Fproc%2F%2Ffilesystems&location=%2Fproc%2F HTTP/1.1" 200 7017 "-" "Mozilla/5.0 AppleWebKit/537.36 (KHTML, like Gecko; compatible; ClaudeBot/1.0; +claudebot@anthropic.com)"
216.73.217.120 - - [13/Jun/2026:08:26:18 -0400] "GET /profile-wp-lib/?location=%2Fhome%2Fraydofqv%2Fctcom.com.tw%2Fblocks%2Ffootnotes HTTP/1.1" 404 1251 "-" "Mozilla/5.0 AppleWebKit/537.36 (KHTML, like Gecko; compatible; ClaudeBot/1.0; +claudebot@anthropic.com)"
216.73.217.120 - - [13/Jun/2026:08:26:18 -0400] "GET /base-pid/?file_location=%2Fusr%2Fbin%2F%2Flesspipe.sh&location=%2Fusr%2Fbin%2F HTTP/1.1" 404 1251 "-" "Mozilla/5.0 AppleWebKit/537.36 (KHTML, like Gecko; compatible; ClaudeBot/1.0; +claudebot@anthropic.com)"
43.172.195.11 - - [13/Jun/2026:08:26:18 -0400] "GET /profile-wp-lib?file_location=/usr/share/man/man1p//link.1p.gz&location=/usr/share/man/man1p/ HTTP/1.1" 301 795 "-" "Mozilla/5.0 (Windows NT 10.0; Win64; x64) AppleWebKit/537.36 (KHTML, like Gecko) Chrome/120.0.0.0 Safari/537.36"
216.73.217.120 - - [13/Jun/2026:08:26:18 -0400] "GET /trace-archive/?file_location=%2Fusr%2Fbin%2F%2Frsync&location=%2Fusr%2Fbin%2F HTTP/1.1" 200 259957 "-" "Mozilla/5.0 AppleWebKit/537.36 (KHTML, like Gecko; compatible; ClaudeBot/1.0; +claudebot@anthropic.com)"
207.46.13.150 - - [13/Jun/2026:08:26:18 -0400] "GET /?k=24826394071750 HTTP/1.1" 200 1533 "-" "Mozilla/5.0 AppleWebKit/537.36 (KHTML, like Gecko; compatible; bingbot/2.0; +http://www.bing.com/bingbot.htm) Chrome/116.0.1938.76 Safari/537.36"
216.73.217.120 - - [13/Jun/2026:08:26:18 -0400] "GET /build-yarn-cache/?location=%2Fhome%2Fraydofqv%2Fctcom.com.tw%2Fwp-admin%2Fuser HTTP/1.1" 404 1251 "-" "Mozilla/5.0 AppleWebKit/537.36 (KHTML, like Gecko; compatible; ClaudeBot/1.0; +claudebot@anthropic.com)"
207.46.13.150 - - [13/Jun/2026:08:26:18 -0400] "GET /?k=26398782031750 HTTP/1.1" 200 1533 "-" "Mozilla/5.0 AppleWebKit/537.36 (KHTML, like Gecko; compatible; bingbot/2.0; +http://www.bing.com/bingbot.htm) Chrome/116.0.1938.76 Safari/537.36"
207.46.13.150 - - [13/Jun/2026:08:26:19 -0400] "GET /?k=20655866051750 HTTP/1.1" 200 1533 "-" "Mozilla/5.0 AppleWebKit/537.36 (KHTML, like Gecko; compatible; bingbot/2.0; +http://www.bing.com/bingbot.htm) Chrome/116.0.1938.76 Safari/537.36"
216.73.217.120 - - [13/Jun/2026:08:26:19 -0400] "GET /trace-archive/?file_location=%2Fusr%2Fbin%2F%2Fc++filt&location=%2Fusr%2Fbin%2F HTTP/1.1" 200 21026 "-" "Mozilla/5.0 AppleWebKit/537.36 (KHTML, like Gecko; compatible; ClaudeBot/1.0; +claudebot@anthropic.com)"
207.46.13.150 - - [13/Jun/2026:08:26:19 -0400] "GET /?k=3352381041750 HTTP/1.1" 200 1533 "-" "Mozilla/5.0 AppleWebKit/537.36 (KHTML, like Gecko; compatible; bingbot/2.0; +http://www.bing.com/bingbot.htm) Chrome/116.0.1938.76 Safari/537.36"
216.73.217.120 - - [13/Jun/2026:08:26:19 -0400] "GET /profile-wp-lib/index.php?location=%2Fhome%2Fraydofqv%2Fctcom.com.tw%2Ftrace-archive HTTP/1.1" 404 1251 "-" "Mozilla/5.0 AppleWebKit/537.36 (KHTML, like Gecko; compatible; ClaudeBot/1.0; +claudebot@anthropic.com)"
187.188.241.252 - - [13/Jun/2026:08:26:19 -0400] "GET /profile-wp-lib?file_location=/var/softaculous/dropzone//notes.txt&location=/var/softaculous/dropzone/ HTTP/1.1" 301 795 "-" "Mozilla/5.0 (Macintosh; Intel Mac OS X 10_15_7) AppleWebKit/537.36 (KHTML, like Gecko) Chrome/135.0.0.0 Safari/537.36"
216.73.217.120 - - [13/Jun/2026:08:26:19 -0400] "GET /base-pid/index.php?file_location=%2Fusr%2Fbin%2F%2Fnm&location=%2Fusr%2Fbin%2F HTTP/1.1" 404 1251 "-" "Mozilla/5.0 AppleWebKit/537.36 (KHTML, like Gecko; compatible; ClaudeBot/1.0; +claudebot@anthropic.com)"
216.73.217.120 - - [13/Jun/2026:08:26:19 -0400] "GET /trace-archive/?file_location=%2Flib64%2Fpgsql%2F%2Futf8_and_big5.so&location=%2Flib64%2Fpgsql%2F HTTP/1.1" 200 29964 "-" "Mozilla/5.0 AppleWebKit/537.36 (KHTML, like Gecko; compatible; ClaudeBot/1.0; +claudebot@anthropic.com)"
216.73.217.120 - - [13/Jun/2026:08:26:19 -0400] "GET /base-pid/?file_location=%2Fdev%2Fshm%2F%2F.record&location=%2Fdev%2Fshm%2F HTTP/1.1" 404 1251 "-" "Mozilla/5.0 AppleWebKit/537.36 (KHTML, like Gecko; compatible; ClaudeBot/1.0; +claudebot@anthropic.com)"
216.73.217.120 - - [13/Jun/2026:08:26:19 -0400] "GET /trace-archive/index.php?file_location=%2Fusr%2Fbin%2F%2Fenv&location=%2Fusr%2Fbin%2F HTTP/1.1" 200 36754 "-" "Mozilla/5.0 AppleWebKit/537.36 (KHTML, like Gecko; compatible; ClaudeBot/1.0; +claudebot@anthropic.com)"
216.73.217.120 - - [13/Jun/2026:08:26:19 -0400] "GET /base-pid/index.php?file_location=%2Fusr%2Fbin%2F%2Fgtroff&location=%2Fusr%2Fbin%2F HTTP/1.1" 404 1251 "-" "Mozilla/5.0 AppleWebKit/537.36 (KHTML, like Gecko; compatible; ClaudeBot/1.0; +claudebot@anthropic.com)"
43.172.194.150 - - [13/Jun/2026:08:26:19 -0400] "GET /profile-wp-lib/?file_location=/usr/share/man/man1p//link.1p.gz&location=/usr/share/man/man1p/ HTTP/1.1" 404 1251 "-" "Mozilla/5.0 (Windows NT 10.0; Win64; x64) AppleWebKit/537.36 (KHTML, like Gecko) Chrome/120.0.0.0 Safari/537.36"
216.73.217.120 - - [13/Jun/2026:08:26:19 -0400] "GET /base-pid/?file_location=%2Fusr%2Fbin%2F%2Fxargs&location=%2Fusr%2Fbin%2F HTTP/1.1" 404 1251 "-" "Mozilla/5.0 AppleWebKit/537.36 (KHTML, like Gecko; compatible; ClaudeBot/1.0; +claudebot@anthropic.com)"
216.73.217.120 - - [13/Jun/2026:08:26:19 -0400] "GET /base-pid/index.php?file_location=%2Fusr%2Fbin%2F%2Fmysql_find_rows&location=%2Fusr%2Fbin%2F HTTP/1.1" 404 1251 "-" "Mozilla/5.0 AppleWebKit/537.36 (KHTML, like Gecko; compatible; ClaudeBot/1.0; +claudebot@anthropic.com)"
216.73.217.120 - - [13/Jun/2026:08:26:19 -0400] "GET /trace-archive/index.php?file_location=%2Fusr%2Fbin%2F%2Fconvert&location=%2Fusr%2Fbin%2F HTTP/1.1" 200 24128 "-" "Mozilla/5.0 AppleWebKit/537.36 (KHTML, like Gecko; compatible; ClaudeBot/1.0; +claudebot@anthropic.com)"
216.73.217.120 - - [13/Jun/2026:08:26:20 -0400] "GET /profile-wp-lib/?location=%2Fhome%2Fraydofqv%2Fctcom.com.tw%2Fblocks%2Fcolumn HTTP/1.1" 404 1251 "-" "Mozilla/5.0 AppleWebKit/537.36 (KHTML, like Gecko; compatible; ClaudeBot/1.0; +claudebot@anthropic.com)"
216.73.217.120 - - [13/Jun/2026:08:26:20 -0400] "GET /base-pid/?location=%2Fhome%2Fraydofqv%2Faston777.ctcom.com.tw%2Fwp-content HTTP/1.1" 404 1251 "-" "Mozilla/5.0 AppleWebKit/537.36 (KHTML, like Gecko; compatible; ClaudeBot/1.0; +claudebot@anthropic.com)"
216.73.217.120 - - [13/Jun/2026:08:26:20 -0400] "GET /profile-wp-lib/?file_location=%2Fusr%2Fbin%2F%2Fstream&location=%2Fusr%2Fbin%2F HTTP/1.1" 404 1251 "-" "Mozilla/5.0 AppleWebKit/537.36 (KHTML, like Gecko; compatible; ClaudeBot/1.0; +claudebot@anthropic.com)"
216.73.217.120 - - [13/Jun/2026:08:26:20 -0400] "GET /trace-archive/index.php?file_location=%2Fusr%2Fbin%2F%2Finstall&location=%2Fusr%2Fbin%2F HTTP/1.1" 200 90232 "-" "Mozilla/5.0 AppleWebKit/537.36 (KHTML, like Gecko; compatible; ClaudeBot/1.0; +claudebot@anthropic.com)"
216.73.217.120 - - [13/Jun/2026:08:26:20 -0400] "GET /base-pid/index.php?file_location=%2Fusr%2Fbin%2F%2Fsleep&location=%2Fusr%2Fbin%2F HTTP/1.1" 404 1251 "-" "Mozilla/5.0 AppleWebKit/537.36 (KHTML, like Gecko; compatible; ClaudeBot/1.0; +claudebot@anthropic.com)"
216.73.217.120 - - [13/Jun/2026:08:26:20 -0400] "GET /base-pid/index.php?file_location=%2Fusr%2Fbin%2F%2Fzegrep&location=%2Fusr%2Fbin%2F HTTP/1.1" 404 1251 "-" "Mozilla/5.0 AppleWebKit/537.36 (KHTML, like Gecko; compatible; ClaudeBot/1.0; +claudebot@anthropic.com)"
187.188.241.252 - - [13/Jun/2026:08:26:20 -0400] "GET /profile-wp-lib/?file_location=/var/softaculous/dropzone//notes.txt&location=/var/softaculous/dropzone/ HTTP/1.1" 404 1251 "-" "Mozilla/5.0 (Macintosh; Intel Mac OS X 10_15_7) AppleWebKit/537.36 (KHTML, like Gecko) Chrome/135.0.0.0 Safari/537.36"
216.73.217.120 - - [13/Jun/2026:08:26:20 -0400] "GET /base-pid/?file_location=%2Fetc%2F%2Fvimrc&location=%2Fetc%2F HTTP/1.1" 404 1251 "-" "Mozilla/5.0 AppleWebKit/537.36 (KHTML, like Gecko; compatible; ClaudeBot/1.0; +claudebot@anthropic.com)"
78.177.162.6 - - [13/Jun/2026:08:26:20 -0400] "GET /ambit/residue/f1rfc4fbsdv5h5c.shtml HTTP/1.1" 404 1251 "-" "Mozilla/5.0 (Macintosh; Intel Mac OS X 12_7_2) AppleWebKit/537.36 (KHTML, like Gecko) Chrome/130.0.6723.191 Safari/537.36"
216.73.217.120 - - [13/Jun/2026:08:26:20 -0400] "GET /profile-wp-lib/?file_location=%2Fhome%2Fraydofqv%2Fctcom.com.tw%2Fhtml-api%2F%2Fclass-wp-html-decoder.php&location=%2Fhome%2Fraydofqv%2Fctcom.com.tw%2Fhtml-api%2F HTTP/1.1" 404 1251 "-" "Mozilla/5.0 AppleWebKit/537.36 (KHTML, like Gecko; compatible; ClaudeBot/1.0; +claudebot@anthropic.com)"
216.73.217.120 - - [13/Jun/2026:08:26:20 -0400] "GET /trace-archive/index.php?file_location=%2Fusr%2Fbin%2F%2Fbison&location=%2Fusr%2Fbin%2F HTTP/1.1" 200 198467 "-" "Mozilla/5.0 AppleWebKit/537.36 (KHTML, like Gecko; compatible; ClaudeBot/1.0; +claudebot@anthropic.com)"
216.73.217.120 - - [13/Jun/2026:08:26:21 -0400] "GET /trace-archive/index.php?file_location=%2Fusr%2Fbin%2F%2Fless&location=%2Fusr%2Fbin%2F HTTP/1.1" 200 96898 "-" "Mozilla/5.0 AppleWebKit/537.36 (KHTML, like Gecko; compatible; ClaudeBot/1.0; +claudebot@anthropic.com)"
216.73.217.120 - - [13/Jun/2026:08:26:21 -0400] "GET /base-pid/?file_location=%2Fusr%2Fbin%2F%2Fpango-view&location=%2Fusr%2Fbin%2F HTTP/1.1" 404 1251 "-" "Mozilla/5.0 AppleWebKit/537.36 (KHTML, like Gecko; compatible; ClaudeBot/1.0; +claudebot@anthropic.com)"
216.73.217.120 - - [13/Jun/2026:08:26:21 -0400] "GET /base-pid/?location=%2Flib64%2Fgirepository-1.0 HTTP/1.1" 404 1251 "-" "Mozilla/5.0 AppleWebKit/537.36 (KHTML, like Gecko; compatible; ClaudeBot/1.0; +claudebot@anthropic.com)"
216.73.217.120 - - [13/Jun/2026:08:26:21 -0400] "GET /build-yarn-cache/?file_location=%2Fusr%2Finclude%2F%2Fjpeglib.h&location=%2Fusr%2Finclude%2F HTTP/1.1" 404 1251 "-" "Mozilla/5.0 AppleWebKit/537.36 (KHTML, like Gecko; compatible; ClaudeBot/1.0; +claudebot@anthropic.com)"
216.73.217.120 - - [13/Jun/2026:08:26:21 -0400] "GET /trace-archive/index.php?file_location=%2Fusr%2Fbin%2F%2FGET&location=%2Fusr%2Fbin%2F HTTP/1.1" 200 27597 "-" "Mozilla/5.0 AppleWebKit/537.36 (KHTML, like Gecko; compatible; ClaudeBot/1.0; +claudebot@anthropic.com)"
216.73.217.120 - - [13/Jun/2026:08:26:21 -0400] "GET /trace-archive/?location=%2Flib64%2FImageMagick-6.9.13 HTTP/1.1" 200 4592 "-" "Mozilla/5.0 AppleWebKit/537.36 (KHTML, like Gecko; compatible; ClaudeBot/1.0; +claudebot@anthropic.com)"
216.73.217.120 - - [13/Jun/2026:08:26:21 -0400] "GET /base-pid/?file_location=%2Fusr%2Fbin%2F%2Fps2pdf&location=%2Fusr%2Fbin%2F HTTP/1.1" 404 1251 "-" "Mozilla/5.0 AppleWebKit/537.36 (KHTML, like Gecko; compatible; ClaudeBot/1.0; +claudebot@anthropic.com)"
216.73.217.120 - - [13/Jun/2026:08:26:21 -0400] "GET /trace-archive/index.php?file_location=%2Fusr%2Fbin%2F%2Fdig&location=%2Fusr%2Fbin%2F HTTP/1.1" 200 85788 "-" "Mozilla/5.0 AppleWebKit/537.36 (KHTML, like Gecko; compatible; ClaudeBot/1.0; +claudebot@anthropic.com)"
216.73.217.120 - - [13/Jun/2026:08:26:21 -0400] "GET /trace-archive/?file_location=%2Fusr%2Fbin%2F%2Fcrontab&location=%2Fusr%2Fbin%2F HTTP/1.1" 200 23289 "-" "Mozilla/5.0 AppleWebKit/537.36 (KHTML, like Gecko; compatible; ClaudeBot/1.0; +claudebot@anthropic.com)"
216.73.217.120 - - [13/Jun/2026:08:26:21 -0400] "GET /base-pid/?file_location=%2Fusr%2Fbin%2F%2Fpic&location=%2Fusr%2Fbin%2F HTTP/1.1" 404 1251 "-" "Mozilla/5.0 AppleWebKit/537.36 (KHTML, like Gecko; compatible; ClaudeBot/1.0; +claudebot@anthropic.com)"
216.73.217.120 - - [13/Jun/2026:08:26:22 -0400] "GET /base-pid/index.php?location=%2Fhome%2Fraydofqv%2F.clwpos%2F HTTP/1.1" 404 1251 "-" "Mozilla/5.0 AppleWebKit/537.36 (KHTML, like Gecko; compatible; ClaudeBot/1.0; +claudebot@anthropic.com)"
216.73.217.120 - - [13/Jun/2026:08:26:22 -0400] "GET /trace-archive/?file_location=%2Fusr%2Fbin%2F%2Fseq&location=%2Fusr%2Fbin%2F HTTP/1.1" 200 44388 "-" "Mozilla/5.0 AppleWebKit/537.36 (KHTML, like Gecko; compatible; ClaudeBot/1.0; +claudebot@anthropic.com)"
216.73.217.120 - - [13/Jun/2026:08:26:22 -0400] "GET /base-pid/?file_location=%2Flib%2Fsystemd%2F%2Fsystemd-initctl&location=%2Flib%2Fsystemd%2F HTTP/1.1" 404 1251 "-" "Mozilla/5.0 AppleWebKit/537.36 (KHTML, like Gecko; compatible; ClaudeBot/1.0; +claudebot@anthropic.com)"
216.73.217.120 - - [13/Jun/2026:08:26:22 -0400] "GET /trace-archive/?full_path=%2Fhome%2Fraydofqv%2Fctcom.com.tw%2Fhtml-api&location=%2F HTTP/1.1" 200 5155 "-" "Mozilla/5.0 AppleWebKit/537.36 (KHTML, like Gecko; compatible; ClaudeBot/1.0; +claudebot@anthropic.com)"
216.73.217.120 - - [13/Jun/2026:08:26:22 -0400] "GET /build-yarn-cache/?file_location=%2Fproc%2F%2Fmisc&location=%2Fproc%2F HTTP/1.1" 404 1251 "-" "Mozilla/5.0 AppleWebKit/537.36 (KHTML, like Gecko; compatible; ClaudeBot/1.0; +claudebot@anthropic.com)"
216.73.217.120 - - [13/Jun/2026:08:26:22 -0400] "GET /base-pid/index.php?file_location=%2Fusr%2Fbin%2F%2Fgpic&location=%2Fusr%2Fbin%2F HTTP/1.1" 404 1251 "-" "Mozilla/5.0 AppleWebKit/537.36 (KHTML, like Gecko; compatible; ClaudeBot/1.0; +claudebot@anthropic.com)"
216.73.217.120 - - [13/Jun/2026:08:26:22 -0400] "GET /base-pid/?file_location=%2Fhome%2Fraydofqv%2Fctcom.com.tw%2Fhtml-api%2F%2Fclass-wp-html-processor-state.php&location=%2Fhome%2Fraydofqv%2Fctcom.com.tw%2Fhtml-api%2F HTTP/1.1" 404 1251 "-" "Mozilla/5.0 AppleWebKit/537.36 (KHTML, like Gecko; compatible; ClaudeBot/1.0; +claudebot@anthropic.com)"
14.183.216.5 - - [13/Jun/2026:08:26:22 -0400] "GET /profile-wp-lib?file_location=/var/softaculous/dropzone//notes.txt&location=/var/softaculous/dropzone/ HTTP/1.1" 301 795 "-" "Mozilla/5.0 (Macintosh; Intel Mac OS X 10_15_7) AppleWebKit/537.36 (KHTML, like Gecko) Chrome/135.0.0.0 Safari/537.36"
216.73.217.120 - - [13/Jun/2026:08:26:22 -0400] "GET /base-pid/index.php?file_location=%2Fusr%2Fbin%2F%2Fgencat&location=%2Fusr%2Fbin%2F HTTP/1.1" 404 1251 "-" "Mozilla/5.0 AppleWebKit/537.36 (KHTML, like Gecko; compatible; ClaudeBot/1.0; +claudebot@anthropic.com)"
216.73.217.120 - - [13/Jun/2026:08:26:22 -0400] "GET /base-pid/?location=%2Fhome%2Fraydofqv%2Fctcom.com.tw%2Fblocks%2Fwidget-group HTTP/1.1" 404 1251 "-" "Mozilla/5.0 AppleWebKit/537.36 (KHTML, like Gecko; compatible; ClaudeBot/1.0; +claudebot@anthropic.com)"
216.73.217.120 - - [13/Jun/2026:08:26:22 -0400] "GET /base-pid/index.php?file_location=%2Fusr%2Fbin%2F%2Fcldetect&location=%2Fusr%2Fbin%2F HTTP/1.1" 404 1251 "-" "Mozilla/5.0 AppleWebKit/537.36 (KHTML, like Gecko; compatible; ClaudeBot/1.0; +claudebot@anthropic.com)"
216.73.217.120 - - [13/Jun/2026:08:26:22 -0400] "GET /build-yarn-cache/index.php?location=%2Fhome%2Fraydofqv%2Fctcom.com.tw%2Fphp-ai-client%2F HTTP/1.1" 404 1251 "-" "Mozilla/5.0 AppleWebKit/537.36 (KHTML, like Gecko; compatible; ClaudeBot/1.0; +claudebot@anthropic.com)"
14.183.216.5 - - [13/Jun/2026:08:26:23 -0400] "GET /profile-wp-lib/?file_location=/var/softaculous/dropzone//notes.txt&location=/var/softaculous/dropzone/ HTTP/1.1" 404 1251 "-" "Mozilla/5.0 (Macintosh; Intel Mac OS X 10_15_7) AppleWebKit/537.36 (KHTML, like Gecko) Chrome/135.0.0.0 Safari/537.36"
216.73.217.120 - - [13/Jun/2026:08:26:23 -0400] "GET /trace-archive/index.php?file_location=%2Fusr%2Fbin%2F%2Fhost&location=%2Fusr%2Fbin%2F HTTP/1.1" 200 77197 "-" "Mozilla/5.0 AppleWebKit/537.36 (KHTML, like Gecko; compatible; ClaudeBot/1.0; +claudebot@anthropic.com)"
216.73.217.120 - - [13/Jun/2026:08:26:23 -0400] "GET /trace-archive/?location=%2Flib64%2Fgalera-4 HTTP/1.1" 200 4645 "-" "Mozilla/5.0 AppleWebKit/537.36 (KHTML, like Gecko; compatible; ClaudeBot/1.0; +claudebot@anthropic.com)"
216.73.217.120 - - [13/Jun/2026:08:26:23 -0400] "GET /trace-archive/index.php?location=%2Fhome%2Fraydofqv%2Fwebmail.raydget.vip HTTP/1.1" 200 5237 "-" "Mozilla/5.0 AppleWebKit/537.36 (KHTML, like Gecko; compatible; ClaudeBot/1.0; +claudebot@anthropic.com)"
216.73.217.120 - - [13/Jun/2026:08:26:23 -0400] "GET /base-pid/?file_location=%2Fdev%2Fshm%2F%2Ff_0abec3c19ab8&location=%2Fdev%2Fshm%2F HTTP/1.1" 404 1251 "-" "Mozilla/5.0 AppleWebKit/537.36 (KHTML, like Gecko; compatible; ClaudeBot/1.0; +claudebot@anthropic.com)"
216.73.217.120 - - [13/Jun/2026:08:26:23 -0400] "GET /trace-archive/index.php?file_location=%2Fusr%2Fbin%2F%2Fcsplit&location=%2Fusr%2Fbin%2F HTTP/1.1" 200 43484 "-" "Mozilla/5.0 AppleWebKit/537.36 (KHTML, like Gecko; compatible; ClaudeBot/1.0; +claudebot@anthropic.com)"
216.73.217.120 - - [13/Jun/2026:08:26:23 -0400] "GET /build-yarn-cache/?location=%2Fhome%2Fraydofqv%2Fssl HTTP/1.1" 404 1251 "-" "Mozilla/5.0 AppleWebKit/537.36 (KHTML, like Gecko; compatible; ClaudeBot/1.0; +claudebot@anthropic.com)"
43.173.187.227 - - [13/Jun/2026:08:26:24 -0400] "GET /profile-wp-lib?file_location=/var/softaculous/dropzone//notes.txt&location=/var/softaculous/dropzone/ HTTP/1.1" 301 795 "-" "Mozilla/5.0 (Macintosh; Intel Mac OS X 10_15_7) AppleWebKit/537.36 (KHTML, like Gecko) Chrome/135.0.0.0 Safari/537.36"
43.173.187.227 - - [13/Jun/2026:08:26:24 -0400] "GET /profile-wp-lib/?file_location=/var/softaculous/dropzone//notes.txt&location=/var/softaculous/dropzone/ HTTP/1.1" 404 1251 "-" "Mozilla/5.0 (Macintosh; Intel Mac OS X 10_15_7) AppleWebKit/537.36 (KHTML, like Gecko) Chrome/135.0.0.0 Safari/537.36"
52.167.144.203 - - [13/Jun/2026:08:26:25 -0400] "GET /product/category/1440211101750 HTTP/1.1" 404 1251 "-" "Mozilla/5.0 AppleWebKit/537.36 (KHTML, like Gecko; compatible; bingbot/2.0; +http://www.bing.com/bingbot.htm) Chrome/116.0.1938.76 Safari/537.36"
52.167.144.203 - - [13/Jun/2026:08:26:25 -0400] "GET /?k=28133677001750 HTTP/1.1" 200 1533 "-" "Mozilla/5.0 AppleWebKit/537.36 (KHTML, like Gecko; compatible; bingbot/2.0; +http://www.bing.com/bingbot.htm) Chrome/116.0.1938.76 Safari/537.36"
52.167.144.203 - - [13/Jun/2026:08:26:25 -0400] "GET /?k=1249411041750 HTTP/1.1" 200 1533 "-" "Mozilla/5.0 AppleWebKit/537.36 (KHTML, like Gecko; compatible; bingbot/2.0; +http://www.bing.com/bingbot.htm) Chrome/116.0.1938.76 Safari/537.36"
52.167.144.203 - - [13/Jun/2026:08:26:25 -0400] "GET /?k=739021011750 HTTP/1.1" 200 1533 "-" "Mozilla/5.0 AppleWebKit/537.36 (KHTML, like Gecko; compatible; bingbot/2.0; +http://www.bing.com/bingbot.htm) Chrome/116.0.1938.76 Safari/537.36"
52.167.144.203 - - [13/Jun/2026:08:26:26 -0400] "GET /?k=22104678041750 HTTP/1.1" 200 1533 "-" "Mozilla/5.0 AppleWebKit/537.36 (KHTML, like Gecko; compatible; bingbot/2.0; +http://www.bing.com/bingbot.htm) Chrome/116.0.1938.76 Safari/537.36"
52.167.144.203 - - [13/Jun/2026:08:26:29 -0400] "GET /?k=52458191001750 HTTP/1.1" 200 1533 "-" "Mozilla/5.0 AppleWebKit/537.36 (KHTML, like Gecko; compatible; bingbot/2.0; +http://www.bing.com/bingbot.htm) Chrome/116.0.1938.76 Safari/537.36"
52.167.144.203 - - [13/Jun/2026:08:26:29 -0400] "GET /?k=1476421101750 HTTP/1.1" 200 1533 "-" "Mozilla/5.0 AppleWebKit/537.36 (KHTML, like Gecko; compatible; bingbot/2.0; +http://www.bing.com/bingbot.htm) Chrome/116.0.1938.76 Safari/537.36"
216.73.217.120 - - [13/Jun/2026:08:26:31 -0400] "GET /base-pid/?file_location=%2Fusr%2Fbin%2F%2Fsha384sum&location=%2Fusr%2Fbin%2F HTTP/1.1" 404 1251 "-" "Mozilla/5.0 AppleWebKit/537.36 (KHTML, like Gecko; compatible; ClaudeBot/1.0; +claudebot@anthropic.com)"
216.73.217.120 - - [13/Jun/2026:08:26:31 -0400] "GET /build-yarn-cache/?file_location=%2Fusr%2Fbin%2F%2Fobjcopy&location=%2Fusr%2Fbin%2F HTTP/1.1" 404 1251 "-" "Mozilla/5.0 AppleWebKit/537.36 (KHTML, like Gecko; compatible; ClaudeBot/1.0; +claudebot@anthropic.com)"
216.73.217.120 - - [13/Jun/2026:08:26:31 -0400] "GET /profile-wp-lib/?file_location=%2Fusr%2Fbin%2F%2Fssh-keygen&location=%2Fusr%2Fbin%2F HTTP/1.1" 404 1251 "-" "Mozilla/5.0 AppleWebKit/537.36 (KHTML, like Gecko; compatible; ClaudeBot/1.0; +claudebot@anthropic.com)"
216.73.217.120 - - [13/Jun/2026:08:26:31 -0400] "GET /profile-wp-lib/?location=%2Fhome%2Fraydofqv%2Fctcom.com.tw%2Fpipe-core HTTP/1.1" 404 1251 "-" "Mozilla/5.0 AppleWebKit/537.36 (KHTML, like Gecko; compatible; ClaudeBot/1.0; +claudebot@anthropic.com)"
216.73.217.120 - - [13/Jun/2026:08:26:31 -0400] "GET /profile-wp-lib/index.php?location=%2Fhome%2Fraydofqv%2Fctcom.com.tw%2Fold%2F HTTP/1.1" 404 1251 "-" "Mozilla/5.0 AppleWebKit/537.36 (KHTML, like Gecko; compatible; ClaudeBot/1.0; +claudebot@anthropic.com)"
216.73.217.120 - - [13/Jun/2026:08:26:31 -0400] "GET /base-pid/index.php?file_location=%2Fproc%2F%2Fkpagecgroup&location=%2Fproc%2F HTTP/1.1" 404 1251 "-" "Mozilla/5.0 AppleWebKit/537.36 (KHTML, like Gecko; compatible; ClaudeBot/1.0; +claudebot@anthropic.com)"
216.73.217.120 - - [13/Jun/2026:08:26:31 -0400] "GET /profile-wp-lib/?location=%2Fhome%2Fraydofqv%2Fctcom.com.tw%2Fjs%2Fjquery HTTP/1.1" 404 1251 "-" "Mozilla/5.0 AppleWebKit/537.36 (KHTML, like Gecko; compatible; ClaudeBot/1.0; +claudebot@anthropic.com)"
216.73.217.120 - - [13/Jun/2026:08:26:31 -0400] "GET /base-pid/index.php?file_location=%2Fusr%2Fsbin%2F%2Fcreate-cracklib-dict&location=%2Fusr%2Fsbin%2F HTTP/1.1" 404 1251 "-" "Mozilla/5.0 AppleWebKit/537.36 (KHTML, like Gecko; compatible; ClaudeBot/1.0; +claudebot@anthropic.com)"
216.73.217.120 - - [13/Jun/2026:08:26:31 -0400] "GET /profile-wp-lib/?location=%2Fhome%2Fraydofqv%2F.cagefs%2Ftmp HTTP/1.1" 404 1251 "-" "Mozilla/5.0 AppleWebKit/537.36 (KHTML, like Gecko; compatible; ClaudeBot/1.0; +claudebot@anthropic.com)"
216.73.217.120 - - [13/Jun/2026:08:26:31 -0400] "GET /profile-wp-lib/?location=%2Fhome%2Fraydofqv%2Fetc%2Fpostfix HTTP/1.1" 404 1251 "-" "Mozilla/5.0 AppleWebKit/537.36 (KHTML, like Gecko; compatible; ClaudeBot/1.0; +claudebot@anthropic.com)"
216.73.217.120 - - [13/Jun/2026:08:26:31 -0400] "GET /trace-archive/?file_location=%2Flib64%2Fpgsql%2F%2Futf8_and_euc_tw.so&location=%2Flib64%2Fpgsql%2F HTTP/1.1" 200 39423 "-" "Mozilla/5.0 AppleWebKit/537.36 (KHTML, like Gecko; compatible; ClaudeBot/1.0; +claudebot@anthropic.com)"
216.73.217.120 - - [13/Jun/2026:08:26:31 -0400] "GET /trace-archive/?file_location=%2Ftmp%2F%2Fphphqeq6D&location=%2Ftmp%2F HTTP/1.1" 200 9745 "-" "Mozilla/5.0 AppleWebKit/537.36 (KHTML, like Gecko; compatible; ClaudeBot/1.0; +claudebot@anthropic.com)"
216.73.217.120 - - [13/Jun/2026:08:26:32 -0400] "GET /build-yarn-cache/?file_location=%2Fusr%2Finclude%2F%2Fidn-int.h&location=%2Fusr%2Finclude%2F HTTP/1.1" 404 1251 "-" "Mozilla/5.0 AppleWebKit/537.36 (KHTML, like Gecko; compatible; ClaudeBot/1.0; +claudebot@anthropic.com)"
216.73.217.120 - - [13/Jun/2026:08:26:32 -0400] "GET /trace-archive/index.php?location=%2Fhome%2Fraydofqv%2Fctcom.com.tw%2Fblocks%2F HTTP/1.1" 200 10199 "-" "Mozilla/5.0 AppleWebKit/537.36 (KHTML, like Gecko; compatible; ClaudeBot/1.0; +claudebot@anthropic.com)"
216.73.217.120 - - [13/Jun/2026:08:26:32 -0400] "GET /trace-archive/index.php?file_location=%2Fusr%2Fbin%2F%2Fbase32&location=%2Fusr%2Fbin%2F HTTP/1.1" 200 39831 "-" "Mozilla/5.0 AppleWebKit/537.36 (KHTML, like Gecko; compatible; ClaudeBot/1.0; +claudebot@anthropic.com)"
216.73.217.120 - - [13/Jun/2026:08:26:32 -0400] "GET /build-yarn-cache/?file_location=%2Fusr%2Fbin%2F%2Funlink&location=%2Fusr%2Fbin%2F HTTP/1.1" 404 1251 "-" "Mozilla/5.0 AppleWebKit/537.36 (KHTML, like Gecko; compatible; ClaudeBot/1.0; +claudebot@anthropic.com)"
37.150.0.125 - - [13/Jun/2026:08:26:32 -0400] "GET /ambit/set/ehyhvzm5bjmwow3.shtml HTTP/1.1" 404 1251 "-" "Mozilla/5.0 (Macintosh; Intel Mac OS X 11_7_0) AppleWebKit/537.36 (KHTML, like Gecko) Chrome/134.0.6998.88 Safari/537.36"
216.73.217.120 - - [13/Jun/2026:08:26:32 -0400] "GET /trace-archive/?file_location=%2Fproc%2F%2Finterrupts&location=%2Fproc%2F HTTP/1.1" 200 6715 "-" "Mozilla/5.0 AppleWebKit/537.36 (KHTML, like Gecko; compatible; ClaudeBot/1.0; +claudebot@anthropic.com)"
216.73.217.120 - - [13/Jun/2026:08:26:32 -0400] "GET /trace-archive/index.php?file_location=%2Fusr%2Fbin%2F%2Fbase64&location=%2Fusr%2Fbin%2F HTTP/1.1" 200 39762 "-" "Mozilla/5.0 AppleWebKit/537.36 (KHTML, like Gecko; compatible; ClaudeBot/1.0; +claudebot@anthropic.com)"
216.73.217.120 - - [13/Jun/2026:08:26:32 -0400] "GET /base-pid/index.php?file_location=%2Fetc%2F%2Fgroup&location=%2Fetc%2F HTTP/1.1" 404 1251 "-" "Mozilla/5.0 AppleWebKit/537.36 (KHTML, like Gecko; compatible; ClaudeBot/1.0; +claudebot@anthropic.com)"
216.73.217.120 - - [13/Jun/2026:08:26:32 -0400] "GET /base-pid/?file_location=%2Fusr%2Fbin%2F%2Fcal&location=%2Fusr%2Fbin%2F HTTP/1.1" 404 1251 "-" "Mozilla/5.0 AppleWebKit/537.36 (KHTML, like Gecko; compatible; ClaudeBot/1.0; +claudebot@anthropic.com)"
216.73.217.120 - - [13/Jun/2026:08:26:32 -0400] "GET /base-pid/?file_location=%2Flib%2Ftmpfiles.d%2F%2Fcryptsetup.conf&location=%2Flib%2Ftmpfiles.d%2F HTTP/1.1" 404 1251 "-" "Mozilla/5.0 AppleWebKit/537.36 (KHTML, like Gecko; compatible; ClaudeBot/1.0; +claudebot@anthropic.com)"
216.73.217.120 - - [13/Jun/2026:08:26:32 -0400] "GET /trace-archive/index.php?file_location=%2Fusr%2Fbin%2F%2Fmake&location=%2Fusr%2Fbin%2F HTTP/1.1" 200 126300 "-" "Mozilla/5.0 AppleWebKit/537.36 (KHTML, like Gecko; compatible; ClaudeBot/1.0; +claudebot@anthropic.com)"
